000
CDUS46 KMTR 230840
CLISFO


CLIMATE REPORT
NATIONAL WEATHER SERVICE SAN FRANCISCO BAY AREA
140 AM PDT SUN APR 23 2017


...................................

...THE SAN FRANCISCO AIRPORT CLIMATE SUMMARY FOR APRIL 22 2017...

CLIMATE NORMAL PERIOD 1981 TO 2010
CLIMATE RECORD PERIOD 1927 TO 2017


WEATHER ITEM   OBSERVED TIME   RECORD YEAR NORMAL DEPARTURE LAST
                VALUE   (LST)  VALUE       VALUE  FROM      YEAR
                                                  NORMAL
..................................................................
TEMPERATURE (F)
 YESTERDAY
  MAXIMUM         65   1039 AM  83    2013  65      0       62
  MINIMUM         51    546 AM  42    1963  50      1       53
                                      1961
                                      1951
  AVERAGE         58                        58      0       58

PRECIPITATION (IN)
  YESTERDAY        0.00          0.60 1988   0.04  -0.04     0.15
  MONTH TO DATE    2.20                      1.05   1.15     0.78
  SINCE OCT 1     30.87                     19.62  11.25    17.14
  SINCE JAN 1     21.92                     12.26   9.66    12.35

SNOWFALL (IN)
  YESTERDAY        0.0           0.0
  MONTH TO DATE    0.0
  SINCE MAR 1      0.0
  SINCE JUL 1      0.0

DEGREE DAYS
 HEATING
  YESTERDAY        7                         8     -1        7
  MONTH TO DATE  150                       189    -39       82
  SINCE MAR 1    391                       503   -112      299
  SINCE JUL 1   1968                      2309   -341     1697

 COOLING
  YESTERDAY        0                         0      0        0
  MONTH TO DATE    1                         0      1       20
  SINCE MAR 1      1                         1      0       20
  SINCE JAN 1      1                         1      0       20
..................................................................


WIND (MPH)
  RESULTANT WIND SPEED  10   RESULTANT WIND DIRECTION   W (280)
  HIGHEST WIND SPEED    26   HIGHEST WIND DIRECTION     W (280)
  HIGHEST GUST SPEED    30   HIGHEST GUST DIRECTION     W (280)
  AVERAGE WIND SPEED    11.2


SKY COVER
  POSSIBLE SUNSHINE  MM
  AVERAGE SKY COVER 0.5


WEATHER CONDITIONS
 THE FOLLOWING WEATHER WAS RECORDED YESTERDAY.
  NO SIGNIFICANT WEATHER WAS OBSERVED.


RELATIVE HUMIDITY (PERCENT)
 HIGHEST    83           800 PM
 LOWEST     42           800 AM
 AVERAGE    63

..........................................................


THE SAN FRANCISCO AIRPORT CLIMATE NORMALS FOR TODAY
                         NORMAL    RECORD    YEAR
 MAXIMUM TEMPERATURE (F)   66        85      1959
 MINIMUM TEMPERATURE (F)   50        41      1960


SUNRISE AND SUNSET
APRIL 23 2017.........SUNRISE   623 AM PDT   SUNSET   753 PM PDT
APRIL 24 2017.........SUNRISE   622 AM PDT   SUNSET   754 PM PDT


-  INDICATES NEGATIVE NUMBERS.
R  INDICATES RECORD WAS SET OR TIED.
MM INDICATES DATA IS MISSING.
T  INDICATES TRACE AMOUNT.




$$
