000
CDUS43 KSGF 160628
CLISGF


CLIMATE REPORT
NATIONAL WEATHER SERVICE SPRINGFIELD MO
127 AM CDT WED APR 16 2014


...................................

...THE SPRINGFIELD MO CLIMATE SUMMARY FOR APRIL 15 2014...

CLIMATE NORMAL PERIOD 1981 TO 2010
CLIMATE RECORD PERIOD 1888 TO 2014


WEATHER ITEM   OBSERVED TIME   RECORD YEAR NORMAL DEPARTURE LAST
                VALUE   (LST)  VALUE       VALUE  FROM      YEAR
                                                  NORMAL
..................................................................
TEMPERATURE (F)
 YESTERDAY
  MAXIMUM         54    345 PM  87    1924  67    -13       78
  MINIMUM         25R   609 AM  25    1928  44    -19       49
  AVERAGE         40                        56    -16       64

PRECIPITATION (IN)
  YESTERDAY        0.00          3.02 1933   0.14  -0.14      T
  MONTH TO DATE    0.84                      1.94  -1.10     1.96
  SINCE MAR 1      3.17                      5.56  -2.39     6.73
  SINCE JAN 1      4.96                     10.55  -5.59    12.07

SNOWFALL (IN)
  YESTERDAY        0.0
  MONTH TO DATE    T
  SINCE MAR 1      4.8
  SINCE JUL 1     32.2
  SNOW DEPTH       0

DEGREE DAYS
 HEATING
  YESTERDAY       25                        10     15        1
  MONTH TO DATE  177                       182     -5      176
  SINCE MAR 1    858                       763     95      893
  SINCE JUL 1   4813                      4356    457     4191

 COOLING
  YESTERDAY        0                         1     -1        0
  MONTH TO DATE    7                         8     -1        7
  SINCE MAR 1      7                        11     -4        7
  SINCE JAN 1      7                        11     -4        7
..................................................................


WIND (MPH)
  HIGHEST WIND SPEED    14   HIGHEST WIND DIRECTION     N (360)
  HIGHEST GUST SPEED    20   HIGHEST GUST DIRECTION     N (360)
  AVERAGE WIND SPEED     4.3


SKY COVER
  AVERAGE SKY COVER 0.1


WEATHER CONDITIONS
 THE FOLLOWING WEATHER WAS RECORDED YESTERDAY.
  NO SIGNIFICANT WEATHER WAS OBSERVED.


RELATIVE HUMIDITY (PERCENT)
 HIGHEST    81           600 AM
 LOWEST     28           400 PM
 AVERAGE    55

..........................................................


THE SPRINGFIELD MO CLIMATE NORMALS FOR TODAY
                         NORMAL    RECORD    YEAR
 MAXIMUM TEMPERATURE (F)   68        86      2006
                                             1982
 MINIMUM TEMPERATURE (F)   44        27      1953
                                             1921


SUNRISE AND SUNSET
APRIL 16 2014.........SUNRISE   638 AM CDT   SUNSET   750 PM CDT
APRIL 17 2014.........SUNRISE   636 AM CDT   SUNSET   750 PM CDT


-  INDICATES NEGATIVE NUMBERS.
R  INDICATES RECORD WAS SET OR TIED.
MM INDICATES DATA IS MISSING.
T  INDICATES TRACE AMOUNT.




$$
