000
CDUS43 KSGF 010638
CLISGF


CLIMATE REPORT
NATIONAL WEATHER SERVICE SPRINGFIELD MO
135 AM CDT TUE SEP 1 2015


...................................

...THE SPRINGFIELD MO CLIMATE SUMMARY FOR AUGUST 31 2015...

CLIMATE NORMAL PERIOD 1981 TO 2010
CLIMATE RECORD PERIOD 1888 TO 2015


WEATHER ITEM   OBSERVED TIME   RECORD YEAR NORMAL DEPARTURE LAST
                VALUE   (LST)  VALUE       VALUE  FROM      YEAR
                                                  NORMAL
..................................................................
TEMPERATURE (F)
 YESTERDAY
  MAXIMUM         89    201 PM 102    2000  87      2       93
                                      1947
  MINIMUM         71    635 AM  48    2009  64      7       69
                                      1967
                                      1915
  AVERAGE         80                        75      5       81

PRECIPITATION (IN)
  YESTERDAY        0.00          1.71 1965   0.14  -0.14     0.00
  MONTH TO DATE    6.13                      3.55   2.58     1.96
  SINCE JUN 1     20.12                     12.08   8.04    10.49
  SINCE JAN 1     35.52                     30.11   5.41    21.97

SNOWFALL (IN)
  YESTERDAY        0.0
  MONTH TO DATE    0.0
  SINCE JUN 1      0.0
  SINCE JUL 1      0.0
  SNOW DEPTH       0

DEGREE DAYS
 HEATING
  YESTERDAY        0                         0      0        0
  MONTH TO DATE    3                         0      3        0
  SINCE JUN 1      4                        11     -7        0
  SINCE JUL 1      3                         2      1        0

 COOLING
  YESTERDAY       15                        10      5       16
  MONTH TO DATE  314                       398    -84      467
  SINCE JUN 1   1127                      1071     56     1053
  SINCE JAN 1   1269                      1186     83     1246
..................................................................


WIND (MPH)
  HIGHEST WIND SPEED    16   HIGHEST WIND DIRECTION     S (190)
  HIGHEST GUST SPEED    19   HIGHEST GUST DIRECTION     S (190)
  AVERAGE WIND SPEED    10.2


SKY COVER
  AVERAGE SKY COVER 0.0


WEATHER CONDITIONS
 THE FOLLOWING WEATHER WAS RECORDED YESTERDAY.
  NO SIGNIFICANT WEATHER WAS OBSERVED.


RELATIVE HUMIDITY (PERCENT)
 HIGHEST    99           100 AM
 LOWEST     50           200 AM
 AVERAGE    75

..........................................................


THE SPRINGFIELD MO CLIMATE NORMALS FOR TODAY
                         NORMAL    RECORD    YEAR
 MAXIMUM TEMPERATURE (F)   86       102      2000
 MINIMUM TEMPERATURE (F)   64        43      1967


SUNRISE AND SUNSET
SEPTEMBER  1 2015.....SUNRISE   644 AM CDT   SUNSET   743 PM CDT
SEPTEMBER  2 2015.....SUNRISE   645 AM CDT   SUNSET   741 PM CDT


-  INDICATES NEGATIVE NUMBERS.
R  INDICATES RECORD WAS SET OR TIED.
MM INDICATES DATA IS MISSING.
T  INDICATES TRACE AMOUNT.




$$
