000
CDUS43 KSGF 300637
CLISGF


CLIMATE REPORT
NATIONAL WEATHER SERVICE SPRINGFIELD MO
133 AM CDT SAT JUL 30 2016


...................................

...THE SPRINGFIELD MO CLIMATE SUMMARY FOR JULY 29 2016...

CLIMATE NORMAL PERIOD 1981 TO 2010
CLIMATE RECORD PERIOD 1888 TO 2016


WEATHER ITEM   OBSERVED TIME   RECORD YEAR NORMAL DEPARTURE LAST
                VALUE   (LST)  VALUE       VALUE  FROM      YEAR
                                                  NORMAL
..................................................................
TEMPERATURE (F)
 YESTERDAY
  MAXIMUM         88    338 PM 106    2012  90     -2       94
                                      1986
  MINIMUM         71    553 AM  52    1965  68      3       74
  AVERAGE         80                        79      1       84

PRECIPITATION (IN)
  YESTERDAY        T             1.78 1911   0.10  -0.10     0.00
  MONTH TO DATE    7.15                      3.48   3.67     9.21
  SINCE JUN 1     11.57                      8.33   3.24    13.99
  SINCE JAN 1     22.82                     26.36  -3.54    29.39

SNOWFALL (IN)
  YESTERDAY        0.0
  MONTH TO DATE    0.0
  SINCE JUN 1      0.0
  SINCE JUL 1      0.0
  SNOW DEPTH       0

DEGREE DAYS
 HEATING
  YESTERDAY        0                         0      0        0
  MONTH TO DATE    0                         0      0        0
  SINCE JUN 1      0                         9     -9        1
  SINCE JUL 1      0                         0      0        0

 COOLING
  YESTERDAY       15                        14      1       19
  MONTH TO DATE  451                       383     68      435
  SINCE JUN 1    847                       646    201      785
  SINCE JAN 1    967                       761    206      927
..................................................................


WIND (MPH)
  HIGHEST WIND SPEED    16   HIGHEST WIND DIRECTION     N (340)
  HIGHEST GUST SPEED    18   HIGHEST GUST DIRECTION     N (350)
  AVERAGE WIND SPEED     5.5


SKY COVER
  AVERAGE SKY COVER 0.1


WEATHER CONDITIONS
 THE FOLLOWING WEATHER WAS RECORDED YESTERDAY.
  NO SIGNIFICANT WEATHER WAS OBSERVED.


RELATIVE HUMIDITY (PERCENT)
 HIGHEST    93           100 AM
 LOWEST     46           300 PM
 AVERAGE    70

..........................................................


THE SPRINGFIELD MO CLIMATE NORMALS FOR TODAY
                         NORMAL    RECORD    YEAR
 MAXIMUM TEMPERATURE (F)   90       108      1986
 MINIMUM TEMPERATURE (F)   68        50      1971


SUNRISE AND SUNSET
JULY 30 2016..........SUNRISE   617 AM CDT   SUNSET   822 PM CDT
JULY 31 2016..........SUNRISE   618 AM CDT   SUNSET   821 PM CDT


-  INDICATES NEGATIVE NUMBERS.
R  INDICATES RECORD WAS SET OR TIED.
MM INDICATES DATA IS MISSING.
T  INDICATES TRACE AMOUNT.




$$
