000
CDUS43 KSGF 220626
CLISGF


CLIMATE REPORT
NATIONAL WEATHER SERVICE SPRINGFIELD MO
126 AM CDT TUE JUL 22 2014


...................................

...THE SPRINGFIELD MO CLIMATE SUMMARY FOR JULY 21 2014...

CLIMATE NORMAL PERIOD 1981 TO 2010
CLIMATE RECORD PERIOD 1888 TO 2014


WEATHER ITEM   OBSERVED TIME   RECORD YEAR NORMAL DEPARTURE LAST
                VALUE   (LST)  VALUE       VALUE  FROM      YEAR
                                                  NORMAL
..................................................................
TEMPERATURE (F)
 YESTERDAY
  MAXIMUM         88    453 PM 102    1974  89     -1       84
  MINIMUM         65    354 AM  44    1970  68     -3       70
  AVERAGE         77                        79     -2       77

PRECIPITATION (IN)
  YESTERDAY        0.00          2.95 1994   0.10  -0.10     0.27
  MONTH TO DATE    2.25                      2.65  -0.40     2.02
  SINCE JUN 1      8.48                      7.50   0.98     4.28
  SINCE JAN 1     19.96                     25.53  -5.57    28.00

SNOWFALL (IN)
  YESTERDAY        0.0
  MONTH TO DATE    0.0
  SINCE JUN 1      0.0
  SINCE JUL 1      0.0
  SNOW DEPTH       0

DEGREE DAYS
 HEATING
  YESTERDAY        0                         0      0        0
  MONTH TO DATE    0                         0      0        0
  SINCE JUN 1      0                         9     -9       14
  SINCE JUL 1      0                         0      0        0

 COOLING
  YESTERDAY       12                        14     -2       12
  MONTH TO DATE  170                       271   -101      275
  SINCE JUN 1    464                       534    -70      559
  SINCE JAN 1    657                       649      8      686
..................................................................


WIND (MPH)
  HIGHEST WIND SPEED    13   HIGHEST WIND DIRECTION     S (160)
  HIGHEST GUST SPEED    16   HIGHEST GUST DIRECTION    SE (150)
  AVERAGE WIND SPEED     8.0


SKY COVER
  AVERAGE SKY COVER 0.0


WEATHER CONDITIONS
 THE FOLLOWING WEATHER WAS RECORDED YESTERDAY.
  NO SIGNIFICANT WEATHER WAS OBSERVED.


RELATIVE HUMIDITY (PERCENT)
 HIGHEST    93           400 AM
 LOWEST     50           300 PM
 AVERAGE    72

..........................................................


THE SPRINGFIELD MO CLIMATE NORMALS FOR TODAY
                         NORMAL    RECORD    YEAR
 MAXIMUM TEMPERATURE (F)   89       104      1901
 MINIMUM TEMPERATURE (F)   68        47      1970


SUNRISE AND SUNSET
JULY 22 2014..........SUNRISE   610 AM CDT   SUNSET   829 PM CDT
JULY 23 2014..........SUNRISE   611 AM CDT   SUNSET   829 PM CDT


-  INDICATES NEGATIVE NUMBERS.
R  INDICATES RECORD WAS SET OR TIED.
MM INDICATES DATA IS MISSING.
T  INDICATES TRACE AMOUNT.




$$
