000
CDUS43 KSGF 270627
CLISGF


CLIMATE REPORT
NATIONAL WEATHER SERVICE SPRINGFIELD MO
1226 AM CST FRI FEB 27 2015


...................................

...THE SPRINGFIELD MO CLIMATE SUMMARY FOR FEBRUARY 26 2015...

CLIMATE NORMAL PERIOD 1981 TO 2010
CLIMATE RECORD PERIOD 1888 TO 2015


WEATHER ITEM   OBSERVED TIME   RECORD YEAR NORMAL DEPARTURE LAST
                VALUE   (LST)  VALUE       VALUE  FROM      YEAR
                                                  NORMAL
..................................................................
TEMPERATURE (F)
 YESTERDAY
  MAXIMUM         38   1202 AM  77    1996  52    -14       30
  MINIMUM         13   1159 PM   4    1934  30    -17       14
  AVERAGE         26                        41    -15       22

PRECIPITATION (IN)
  YESTERDAY        T             1.92 1984   0.10  -0.10      T
  MONTH TO DATE    1.44                      2.32  -0.88     0.50
  SINCE DEC 1      4.02                      7.83  -3.81     4.35
  SINCE JAN 1      2.25                      4.79  -2.54     1.79

SNOWFALL (IN)
  YESTERDAY        T
  MONTH TO DATE    7.9
  SINCE DEC 1      8.7
  SINCE JUL 1     10.4
  SNOW DEPTH       0

DEGREE DAYS
 HEATING
  YESTERDAY       39                        24     15       43
  MONTH TO DATE  907                       731    176      864
  SINCE DEC 1   2665                      2665      0     2956
  SINCE JUL 1   3615                      3544     71     3893

 COOLING
  YESTERDAY        0                         0      0        0
  MONTH TO DATE    0                         0      0        0
  SINCE DEC 1      0                         0      0        0
  SINCE JAN 1      0                         0      0        0
..................................................................


WIND (MPH)
  HIGHEST WIND SPEED    29   HIGHEST WIND DIRECTION     N (340)
  HIGHEST GUST SPEED    35   HIGHEST GUST DIRECTION     N (340)
  AVERAGE WIND SPEED    17.2


SKY COVER
  AVERAGE SKY COVER 0.5


WEATHER CONDITIONS
 THE FOLLOWING WEATHER WAS RECORDED YESTERDAY.
  LIGHT SNOW
  FOG
  HAZE


RELATIVE HUMIDITY (PERCENT)
 HIGHEST    85           100 AM
 LOWEST     41           600 PM
 AVERAGE    63

..........................................................


THE SPRINGFIELD MO CLIMATE NORMALS FOR TODAY
                         NORMAL    RECORD    YEAR
 MAXIMUM TEMPERATURE (F)   52        77      1976
 MINIMUM TEMPERATURE (F)   30         0      1934


SUNRISE AND SUNSET
FEBRUARY 27 2015......SUNRISE   648 AM CST   SUNSET   605 PM CST
FEBRUARY 28 2015......SUNRISE   646 AM CST   SUNSET   606 PM CST


-  INDICATES NEGATIVE NUMBERS.
R  INDICATES RECORD WAS SET OR TIED.
MM INDICATES DATA IS MISSING.
T  INDICATES TRACE AMOUNT.




$$
