000
CDUS45 KBYZ 200724
CLISHR


CLIMATE REPORT
NATIONAL WEATHER SERVICE BILLINGS MT
124 AM MDT SUN AUG 20 2017


...................................

...THE SHERIDAN WY CLIMATE SUMMARY FOR AUGUST 19 2017...

CLIMATE NORMAL PERIOD 1981 TO 2010
CLIMATE RECORD PERIOD 1907 TO 2017


WEATHER ITEM   OBSERVED TIME   RECORD YEAR NORMAL DEPARTURE LAST
                VALUE   (LST)  VALUE       VALUE  FROM      YEAR
                                                  NORMAL
..................................................................
TEMPERATURE (F)
 YESTERDAY
  MAXIMUM         87    156 PM  99    1999  86      1       65
  MINIMUM         51    546 AM  39    2015  51      0       44
                                      2002
  AVERAGE         69                        69      0       55

PRECIPITATION (IN)
  YESTERDAY        0.00          0.71 1939   0.02  -0.02     0.46
  MONTH TO DATE    0.42                      0.43  -0.01     1.44
  SINCE OCT 1     17.61                     12.44   5.17    11.66
  SINCE JAN 1     13.88                      9.76   4.12     9.51

DEGREE DAYS
 HEATING
  YESTERDAY        0                         1     -1       10
  MONTH TO DATE   24                        13     11       11
  SINCE JUN 1    102                       188    -86       33
  SINCE JUL 1     24                        39    -15       17

 COOLING
  YESTERDAY        4                         5     -1        0
  MONTH TO DATE   36                       116    -80      117
  SINCE JUN 1    361                       344     17      478
  SINCE JAN 1    361                       348     13      480
..................................................................


WIND (MPH)
  HIGHEST WIND SPEED    18   HIGHEST WIND DIRECTION     N (350)
  HIGHEST GUST SPEED    22   HIGHEST GUST DIRECTION    NW (330)
  AVERAGE WIND SPEED     4.1


SKY COVER
  POSSIBLE SUNSHINE  MM
  AVERAGE SKY COVER 0.3


WEATHER CONDITIONS
 THE FOLLOWING WEATHER WAS RECORDED YESTERDAY.
  HAZE


RELATIVE HUMIDITY (PERCENT)
 HIGHEST    66          1200 AM
 LOWEST     14          1100 AM
 AVERAGE    40

..........................................................


THE SHERIDAN WY CLIMATE NORMALS FOR TODAY
                         NORMAL    RECORD    YEAR
 MAXIMUM TEMPERATURE (F)   86       100      1988
 MINIMUM TEMPERATURE (F)   51        35      1939


SUNRISE AND SUNSET
AUGUST 20 2017........SUNRISE   616 AM MDT   SUNSET   805 PM MDT
AUGUST 21 2017........SUNRISE   618 AM MDT   SUNSET   803 PM MDT


-  INDICATES NEGATIVE NUMBERS.
R  INDICATES RECORD WAS SET OR TIED.
MM INDICATES DATA IS MISSING.
T  INDICATES TRACE AMOUNT.




$$
