000
CDUS45 KBYZ 072224
CLISHR


CLIMATE REPORT
NATIONAL WEATHER SERVICE BILLINGS MT
423 PM MDT TUE JUL 7 2015


...................................

...THE SHERIDAN WY CLIMATE SUMMARY FOR JULY 7 2015...
VALID TODAY AS OF 0400 PM LOCAL TIME.

CLIMATE NORMAL PERIOD 1981 TO 2010
CLIMATE RECORD PERIOD 1907 TO 2015


WEATHER ITEM   OBSERVED TIME   RECORD YEAR NORMAL DEPARTURE LAST
                VALUE   (LST)  VALUE       VALUE  FROM      YEAR
                                                  NORMAL
..................................................................
TEMPERATURE (F)
 TODAY
  MAXIMUM         77    154 PM 101    1983  85     -8       80
  MINIMUM         47    357 AM  40    1931  52     -5       54
  AVERAGE         62                        68     -6       67

PRECIPITATION (IN)
  TODAY            T             1.40 2007   0.04  -0.04     0.07
  MONTH TO DATE    0.37                      0.28   0.09     0.08
  SINCE OCT 1     14.79                     11.11   3.68    12.85
  SINCE JAN 1     12.40                      8.43   3.97     9.09

DEGREE DAYS
 HEATING
  TODAY            3                         1      2        0
  MONTH TO DATE   10                        11     -1        7
  SINCE JUN 1     54                       160   -106      189
  SINCE JUL 1     10                        11     -1        7

 COOLING
  TODAY            0                         5     -5        2
  MONTH TO DATE   30                        30      0       35
  SINCE JUN 1    109                        76     33       43
  SINCE JAN 1    109                        80     29       51
..................................................................


WIND (MPH)
  HIGHEST WIND SPEED    23   HIGHEST WIND DIRECTION     W (290)
  HIGHEST GUST SPEED    29   HIGHEST GUST DIRECTION     W (290)
  AVERAGE WIND SPEED     1.8


SKY COVER
  POSSIBLE SUNSHINE  MM
  AVERAGE SKY COVER 0.1


WEATHER CONDITIONS
 THE FOLLOWING WEATHER WAS RECORDED TODAY.
  THUNDERSTORM
  LIGHT RAIN
  FOG


RELATIVE HUMIDITY (PERCENT)
 HIGHEST    96          1200 AM
 LOWEST     36           200 PM
 AVERAGE    66

..........................................................


THE SHERIDAN WY CLIMATE NORMALS FOR TOMORROW
                         NORMAL    RECORD    YEAR
 MAXIMUM TEMPERATURE (F)   86       106      1989
 MINIMUM TEMPERATURE (F)   52        37      1920


SUNRISE AND SUNSET
JULY  7 2015..........SUNRISE   530 AM MDT   SUNSET   856 PM MDT
JULY  8 2015..........SUNRISE   530 AM MDT   SUNSET   855 PM MDT


-  INDICATES NEGATIVE NUMBERS.
R  INDICATES RECORD WAS SET OR TIED.
MM INDICATES DATA IS MISSING.
T  INDICATES TRACE AMOUNT.




$$
