000
CDUS45 KBYZ 280812
CLISHR


CLIMATE REPORT
NATIONAL WEATHER SERVICE BILLINGS MT
211 AM MDT WED JUN 28 2017


...................................

...THE SHERIDAN WY CLIMATE SUMMARY FOR JUNE 27 2017...

CLIMATE NORMAL PERIOD 1981 TO 2010
CLIMATE RECORD PERIOD 1907 TO 2017


WEATHER ITEM   OBSERVED TIME   RECORD YEAR NORMAL DEPARTURE LAST
                VALUE   (LST)  VALUE       VALUE  FROM      YEAR
                                                  NORMAL
..................................................................
TEMPERATURE (F)
 YESTERDAY
  MAXIMUM         81   1133 AM 106    1936  81      0       90
  MINIMUM         51   1159 PM  35    1976  49      2       47
  AVERAGE         66                        65      1       69

PRECIPITATION (IN)
  YESTERDAY        0.01          0.50 1944   0.06  -0.05     0.00
  MONTH TO DATE    1.03                      1.98  -0.95     0.37
  SINCE OCT 1     16.73                     10.69   6.04     9.98
  SINCE JAN 1     13.00                      8.01   4.99     7.83

DEGREE DAYS
 HEATING
  YESTERDAY        0                         3     -3        0
  MONTH TO DATE   65                       142    -77       16
  SINCE JUN 1     65                       142    -77       16
  SINCE JUL 1   7288                      7636   -348     6456

 COOLING
  YESTERDAY        1                         3     -2        4
  MONTH TO DATE   34                        38     -4      102
  SINCE JUN 1     34                        38     -4      102
  SINCE JAN 1     34                        42     -8      104
..................................................................


WIND (MPH)
  HIGHEST WIND SPEED    29   HIGHEST WIND DIRECTION    NW (320)
  HIGHEST GUST SPEED    35   HIGHEST GUST DIRECTION    NW (330)
  AVERAGE WIND SPEED     8.5


SKY COVER
  POSSIBLE SUNSHINE  MM
  AVERAGE SKY COVER 0.2


WEATHER CONDITIONS
 THE FOLLOWING WEATHER WAS RECORDED YESTERDAY.
  THUNDERSTORM
  RAIN
  LIGHT RAIN


RELATIVE HUMIDITY (PERCENT)
 HIGHEST    83           400 AM
 LOWEST     35           600 AM
 AVERAGE    59

..........................................................


THE SHERIDAN WY CLIMATE NORMALS FOR TODAY
                         NORMAL    RECORD    YEAR
 MAXIMUM TEMPERATURE (F)   82       103      1919
 MINIMUM TEMPERATURE (F)   50        36      2000


SUNRISE AND SUNSET
JUNE 28 2017..........SUNRISE   525 AM MDT   SUNSET   858 PM MDT
JUNE 29 2017..........SUNRISE   525 AM MDT   SUNSET   858 PM MDT


-  INDICATES NEGATIVE NUMBERS.
R  INDICATES RECORD WAS SET OR TIED.
MM INDICATES DATA IS MISSING.
T  INDICATES TRACE AMOUNT.




$$
