000
CDUS45 KBYZ 241001
CLISHR


CLIMATE REPORT
NATIONAL WEATHER SERVICE BILLINGS MT
357 AM MDT TUE MAY 24 2016


...................................

...THE SHERIDAN WY CLIMATE SUMMARY FOR MAY 23 2016...

CLIMATE NORMAL PERIOD 1981 TO 2010
CLIMATE RECORD PERIOD 1907 TO 2016


WEATHER ITEM   OBSERVED TIME   RECORD YEAR NORMAL DEPARTURE LAST
                VALUE   (LST)  VALUE       VALUE  FROM      YEAR
                                                  NORMAL
..................................................................
TEMPERATURE (F)
 YESTERDAY
  MAXIMUM         70    306 PM  88    1951  69      1       57
  MINIMUM         35    417 AM  27    1966  40     -5       44
  AVERAGE         53                        54     -1       51

PRECIPITATION (IN)
  YESTERDAY        0.00          1.35 1909   0.07  -0.07      T
  MONTH TO DATE    0.62                      1.74  -1.12     2.55
  SINCE OCT 1      9.17                      8.10   1.07     8.50
  SINCE JAN 1      7.02                      5.42   1.60     6.11

DEGREE DAYS
 HEATING
  YESTERDAY       12                        11      1       14
  MONTH TO DATE  291                       317    -26      371
  SINCE MAR 1   1608                      1883   -275     1690
  SINCE JUL 1   6354                      7418  -1064     6920

 COOLING
  YESTERDAY        0                         0      0        0
  MONTH TO DATE    2                         0      2        0
  SINCE MAR 1      2                         0      2        0
  SINCE JAN 1      2                         0      2        0
..................................................................


WIND (MPH)
  HIGHEST WIND SPEED    17   HIGHEST WIND DIRECTION     N (360)
  HIGHEST GUST SPEED    24   HIGHEST GUST DIRECTION    NW (300)
  AVERAGE WIND SPEED     6.0


SKY COVER
  POSSIBLE SUNSHINE  MM
  AVERAGE SKY COVER 0.3


WEATHER CONDITIONS
 THE FOLLOWING WEATHER WAS RECORDED YESTERDAY.
  NO SIGNIFICANT WEATHER WAS OBSERVED.


RELATIVE HUMIDITY (PERCENT)
 HIGHEST    76          1100 PM
 LOWEST     20           900 AM
 AVERAGE    48

..........................................................


THE SHERIDAN WY CLIMATE NORMALS FOR TODAY
                         NORMAL    RECORD    YEAR
 MAXIMUM TEMPERATURE (F)   69        90      1985
 MINIMUM TEMPERATURE (F)   41        21      2002


SUNRISE AND SUNSET
MAY 24 2016...........SUNRISE   530 AM MDT   SUNSET   840 PM MDT
MAY 25 2016...........SUNRISE   530 AM MDT   SUNSET   841 PM MDT


-  INDICATES NEGATIVE NUMBERS.
R  INDICATES RECORD WAS SET OR TIED.
MM INDICATES DATA IS MISSING.
T  INDICATES TRACE AMOUNT.




$$
