000
CDUS45 KBYZ 190723
CLISHR


CLIMATE REPORT
NATIONAL WEATHER SERVICE BILLINGS MT
123 AM MDT THU OCT 19 2017


...................................

...THE SHERIDAN WY CLIMATE SUMMARY FOR OCTOBER 18 2017...

CLIMATE NORMAL PERIOD 1981 TO 2010
CLIMATE RECORD PERIOD 1907 TO 2017


WEATHER ITEM   OBSERVED TIME   RECORD YEAR NORMAL DEPARTURE LAST
                VALUE   (LST)  VALUE       VALUE  FROM      YEAR
                                                  NORMAL
..................................................................
TEMPERATURE (F)
 YESTERDAY
  MAXIMUM         72    252 PM  85    2003  59     13       59
  MINIMUM         37    655 AM   8    1925  30      7       31
  AVERAGE         55                        45     10       45

PRECIPITATION (IN)
  YESTERDAY        0.00          0.96 1916   0.05  -0.05     0.00
  MONTH TO DATE    0.14                      0.95  -0.81     0.81
  SINCE OCT 1      0.14                      0.95  -0.81     0.81
  SINCE JAN 1     15.92                     12.43   3.49    14.03

DEGREE DAYS
 HEATING
  YESTERDAY       10                        20    -10       20
  MONTH TO DATE  347                       309     38      294
  SINCE SEP 1    623                       550     73      477
  SINCE JUL 1    647                       612     35      520

 COOLING
  YESTERDAY        0                         0      0        0
  MONTH TO DATE    0                         0      0        0
  SINCE SEP 1     52                        28     24       30
  SINCE JAN 1    481                       418     63      549
..................................................................


WIND (MPH)
  HIGHEST WIND SPEED    16   HIGHEST WIND DIRECTION    SE (120)
  HIGHEST GUST SPEED    20   HIGHEST GUST DIRECTION    SE (130)
  AVERAGE WIND SPEED     5.8


SKY COVER
  POSSIBLE SUNSHINE  MM
  AVERAGE SKY COVER 0.0


WEATHER CONDITIONS
 THE FOLLOWING WEATHER WAS RECORDED YESTERDAY.
  NO SIGNIFICANT WEATHER WAS OBSERVED.


RELATIVE HUMIDITY (PERCENT)
 HIGHEST    62           900 PM
 LOWEST     15          1200 AM
 AVERAGE    39

..........................................................


THE SHERIDAN WY CLIMATE NORMALS FOR TODAY
                         NORMAL    RECORD    YEAR
 MAXIMUM TEMPERATURE (F)   59        89      2003
 MINIMUM TEMPERATURE (F)   30         7      1925


SUNRISE AND SUNSET
OCTOBER 19 2017.......SUNRISE   729 AM MDT   SUNSET   616 PM MDT
OCTOBER 20 2017.......SUNRISE   730 AM MDT   SUNSET   614 PM MDT


-  INDICATES NEGATIVE NUMBERS.
R  INDICATES RECORD WAS SET OR TIED.
MM INDICATES DATA IS MISSING.
T  INDICATES TRACE AMOUNT.




$$
