000
CDUS45 KBYZ 250936
CLISHR


CLIMATE REPORT
NATIONAL WEATHER SERVICE BILLINGS MT
335 AM MDT MON JUL 25 2016


...................................

...THE SHERIDAN WY CLIMATE SUMMARY FOR JULY 24 2016...

CLIMATE NORMAL PERIOD 1981 TO 2010
CLIMATE RECORD PERIOD 1907 TO 2016


WEATHER ITEM   OBSERVED TIME   RECORD YEAR NORMAL DEPARTURE LAST
                VALUE   (LST)  VALUE       VALUE  FROM      YEAR
                                                  NORMAL
..................................................................
TEMPERATURE (F)
 YESTERDAY
  MAXIMUM         92    502 PM 104    2007  89      3       90
                                      1959
  MINIMUM         54    241 AM  36    1911  54      0       52
  AVERAGE         73                        72      1       71

PRECIPITATION (IN)
  YESTERDAY        0.00          0.70 1981   0.03  -0.03      T
  MONTH TO DATE    0.16                      0.94  -0.78     0.69
  SINCE OCT 1     10.16                     11.77  -1.61    15.11
  SINCE JAN 1      8.01                      9.09  -1.08    12.72

DEGREE DAYS
 HEATING
  YESTERDAY        0                         0      0        0
  MONTH TO DATE    6                        24    -18       15
  SINCE JUN 1     22                       173   -151       59
  SINCE JUL 1      6                        24    -18       15

 COOLING
  YESTERDAY        8                         7      1        6
  MONTH TO DATE  165                       135     30      114
  SINCE JUN 1    288                       181    107      193
  SINCE JAN 1    290                       185    105      193
..................................................................


WIND (MPH)
  HIGHEST WIND SPEED    20   HIGHEST WIND DIRECTION    SE (150)
  HIGHEST GUST SPEED    25   HIGHEST GUST DIRECTION    SE (140)
  AVERAGE WIND SPEED     6.1


SKY COVER
  POSSIBLE SUNSHINE  MM
  AVERAGE SKY COVER 0.1


WEATHER CONDITIONS
 THE FOLLOWING WEATHER WAS RECORDED YESTERDAY.
  NO SIGNIFICANT WEATHER WAS OBSERVED.


RELATIVE HUMIDITY (PERCENT)
 HIGHEST    62           500 AM
 LOWEST     15           500 PM
 AVERAGE    39

..........................................................


THE SHERIDAN WY CLIMATE NORMALS FOR TODAY
                         NORMAL    RECORD    YEAR
 MAXIMUM TEMPERATURE (F)   89       102      1933
 MINIMUM TEMPERATURE (F)   54        37      1911


SUNRISE AND SUNSET
JULY 25 2016..........SUNRISE   547 AM MDT   SUNSET   841 PM MDT
JULY 26 2016..........SUNRISE   548 AM MDT   SUNSET   840 PM MDT


-  INDICATES NEGATIVE NUMBERS.
R  INDICATES RECORD WAS SET OR TIED.
MM INDICATES DATA IS MISSING.
T  INDICATES TRACE AMOUNT.




$$
