000
CDUS45 KBYZ 260954
CLISHR


CLIMATE REPORT
NATIONAL WEATHER SERVICE BILLINGS MT
353 AM MDT WED APR 26 2017


...................................

...THE SHERIDAN WY CLIMATE SUMMARY FOR APRIL 25 2017...

CLIMATE NORMAL PERIOD 1981 TO 2010
CLIMATE RECORD PERIOD 1907 TO 2017


WEATHER ITEM   OBSERVED TIME   RECORD YEAR NORMAL DEPARTURE LAST
                VALUE   (LST)  VALUE       VALUE  FROM      YEAR
                                                  NORMAL
..................................................................
TEMPERATURE (F)
 YESTERDAY
  MAXIMUM         39   1201 AM  81    1952  60    -21       49
                                      1910
  MINIMUM         32   1159 PM  14    1988  32      0       35
                                      1958
                                      1950
  AVERAGE         36                        46    -10       42

PRECIPITATION (IN)
  YESTERDAY        1.71R         0.88 1964   0.07   1.64     0.00
  MONTH TO DATE    3.23                      1.24   1.99     2.97
  SINCE OCT 1     12.09                      6.00   6.09     8.16
  SINCE JAN 1      8.36                      3.32   5.04     6.01

DEGREE DAYS
 HEATING
  YESTERDAY       29                        19     10       23
  MONTH TO DATE  463                       552    -89      420
  SINCE MAR 1   1198                      1476   -278     1190
  SINCE JUL 1   6720                      7011   -291     5936

 COOLING
  YESTERDAY        0                         0      0        0
  MONTH TO DATE    0                         0      0        0
  SINCE MAR 1      0                         0      0        0
  SINCE JAN 1      0                         0      0        0
..................................................................


WIND (MPH)
  HIGHEST WIND SPEED    17   HIGHEST WIND DIRECTION     N (340)
  HIGHEST GUST SPEED    19   HIGHEST GUST DIRECTION     N (340)
  AVERAGE WIND SPEED     7.4


SKY COVER
  POSSIBLE SUNSHINE  MM
  AVERAGE SKY COVER 1.0


WEATHER CONDITIONS
 THE FOLLOWING WEATHER WAS RECORDED YESTERDAY.
  RAIN
  HEAVY SNOW
  SNOW
  LIGHT SNOW
  FOG
  FOG W/VISIBILITY <= 1/4 MILE
  HAZE


RELATIVE HUMIDITY (PERCENT)
 HIGHEST   100           600 AM
 LOWEST     82          1200 PM
 AVERAGE    91

..........................................................


THE SHERIDAN WY CLIMATE NORMALS FOR TODAY
                         NORMAL    RECORD    YEAR
 MAXIMUM TEMPERATURE (F)   61        87      1946
 MINIMUM TEMPERATURE (F)   32        11      1988


SUNRISE AND SUNSET
APRIL 26 2017.........SUNRISE   605 AM MDT   SUNSET   807 PM MDT
APRIL 27 2017.........SUNRISE   603 AM MDT   SUNSET   808 PM MDT


-  INDICATES NEGATIVE NUMBERS.
R  INDICATES RECORD WAS SET OR TIED.
MM INDICATES DATA IS MISSING.
T  INDICATES TRACE AMOUNT.




$$
