000
CDUS45 KBYZ 071041
CLISHR


CLIMATE REPORT
NATIONAL WEATHER SERVICE BILLINGS MT
339 AM MST WED DEC 7 2016


...................................

...THE SHERIDAN WY CLIMATE SUMMARY FOR DECEMBER 6 2016...

CLIMATE NORMAL PERIOD 1981 TO 2010
CLIMATE RECORD PERIOD 1907 TO 2016


WEATHER ITEM   OBSERVED TIME   RECORD YEAR NORMAL DEPARTURE LAST
                VALUE   (LST)  VALUE       VALUE  FROM      YEAR
                                                  NORMAL
..................................................................
TEMPERATURE (F)
 YESTERDAY
  MAXIMUM         12    326 AM  73    1939  36    -24       49
  MINIMUM          0    750 AM -28    1972  12    -12       18
  AVERAGE          6                        24    -18       34

PRECIPITATION (IN)
  YESTERDAY        0.03          0.37 1971   0.02   0.01     0.00
  MONTH TO DATE    0.12                      0.12   0.00     0.00
  SINCE OCT 1      2.85                      2.24   0.61     1.91
  SINCE JAN 1     16.07                     13.72   2.35    15.65

DEGREE DAYS
 HEATING
  YESTERDAY       59                        41     18       31
  MONTH TO DATE  246                       243      3      201
  SINCE DEC 1    246                       243      3      201
  SINCE JUL 1   1723                      2121   -398     1753

 COOLING
  YESTERDAY        0                         0      0        0
  MONTH TO DATE    0                         0      0        0
  SINCE DEC 1      0                         0      0        0
  SINCE JAN 1    549                       419    130      479
..................................................................


WIND (MPH)
  HIGHEST WIND SPEED    17   HIGHEST WIND DIRECTION     W (290)
  HIGHEST GUST SPEED    20   HIGHEST GUST DIRECTION    NW (300)
  AVERAGE WIND SPEED     7.6


SKY COVER
  POSSIBLE SUNSHINE  MM
  AVERAGE SKY COVER 1.0


WEATHER CONDITIONS
 THE FOLLOWING WEATHER WAS RECORDED YESTERDAY.
  LIGHT SNOW
  FOG
  HAZE


RELATIVE HUMIDITY (PERCENT)
 HIGHEST    84           300 AM
 LOWEST     66           100 PM
 AVERAGE    75

..........................................................


THE SHERIDAN WY CLIMATE NORMALS FOR TODAY
                         NORMAL    RECORD    YEAR
 MAXIMUM TEMPERATURE (F)   36        62      1970
 MINIMUM TEMPERATURE (F)   11       -28      2013


SUNRISE AND SUNSET
DECEMBER  7 2016......SUNRISE   732 AM MST   SUNSET   427 PM MST
DECEMBER  8 2016......SUNRISE   733 AM MST   SUNSET   427 PM MST


-  INDICATES NEGATIVE NUMBERS.
R  INDICATES RECORD WAS SET OR TIED.
MM INDICATES DATA IS MISSING.
T  INDICATES TRACE AMOUNT.




$$
