000
CDUS45 KBYZ 211039
CLISHR


CLIMATE REPORT
NATIONAL WEATHER SERVICE BILLINGS MT
338 AM MST TUE FEB 21 2017


...................................

...THE SHERIDAN WY CLIMATE SUMMARY FOR FEBRUARY 20 2017...

CLIMATE NORMAL PERIOD 1981 TO 2010
CLIMATE RECORD PERIOD 1907 TO 2017


WEATHER ITEM   OBSERVED TIME   RECORD YEAR NORMAL DEPARTURE LAST
                VALUE   (LST)  VALUE       VALUE  FROM      YEAR
                                                  NORMAL
..................................................................
TEMPERATURE (F)
 YESTERDAY
  MAXIMUM         61    420 PM  68    1982  40     21       49
  MINIMUM         29    659 AM -19    1918  15     14       24
  AVERAGE         45                        28     17       37

PRECIPITATION (IN)
  YESTERDAY        0.00          0.31 1968   0.02  -0.02     0.00
                                      1957
  MONTH TO DATE    0.50                      0.38   0.12     0.88
  SINCE OCT 1      5.27                      3.62   1.65     3.59
  SINCE JAN 1      1.54                      0.94   0.60     1.44

DEGREE DAYS
 HEATING
  YESTERDAY       20                        37    -17       28
  MONTH TO DATE  719                       784    -65      567
  SINCE DEC 1   3763                      3366    397     2950
  SINCE JUL 1   5240                      5244     -4     4502

 COOLING
  YESTERDAY        0                         0      0        0
  MONTH TO DATE    0                         0      0        0
  SINCE DEC 1      0                         0      0        0
  SINCE JAN 1      0                         0      0        0
..................................................................


WIND (MPH)
  HIGHEST WIND SPEED    52   HIGHEST WIND DIRECTION    SW (220)
  HIGHEST GUST SPEED    61   HIGHEST GUST DIRECTION    SW (220)
  AVERAGE WIND SPEED    14.1


SKY COVER
  POSSIBLE SUNSHINE  MM
  AVERAGE SKY COVER 0.0


WEATHER CONDITIONS
 THE FOLLOWING WEATHER WAS RECORDED YESTERDAY.
  NO SIGNIFICANT WEATHER WAS OBSERVED.


RELATIVE HUMIDITY (PERCENT)
 HIGHEST    85          1200 AM
 LOWEST     25           500 PM
 AVERAGE    55

..........................................................


THE SHERIDAN WY CLIMATE NORMALS FOR TODAY
                         NORMAL    RECORD    YEAR
 MAXIMUM TEMPERATURE (F)   40        76      1982
 MINIMUM TEMPERATURE (F)   15       -19      1957


SUNRISE AND SUNSET
FEBRUARY 21 2017......SUNRISE   658 AM MST   SUNSET   545 PM MST
FEBRUARY 22 2017......SUNRISE   657 AM MST   SUNSET   546 PM MST


-  INDICATES NEGATIVE NUMBERS.
R  INDICATES RECORD WAS SET OR TIED.
MM INDICATES DATA IS MISSING.
T  INDICATES TRACE AMOUNT.




$$
