000
CDUS45 KBYZ 040940
CLISHR


CLIMATE REPORT
NATIONAL WEATHER SERVICE BILLINGS MT
339 AM MDT FRI SEP 4 2015


...................................

...THE SHERIDAN WY CLIMATE SUMMARY FOR SEPTEMBER 3 2015...

CLIMATE NORMAL PERIOD 1981 TO 2010
CLIMATE RECORD PERIOD 1907 TO 2015


WEATHER ITEM   OBSERVED TIME   RECORD YEAR NORMAL DEPARTURE LAST
                VALUE   (LST)  VALUE       VALUE  FROM      YEAR
                                                  NORMAL
..................................................................
TEMPERATURE (F)
 YESTERDAY
  MAXIMUM         87    151 PM  99    1950  81      6       92
  MINIMUM         57   1159 PM  33    1974  46     11       44
                                      1961
  AVERAGE         72                        64      8       68

PRECIPITATION (IN)
  YESTERDAY        0.00          1.07 1926   0.04  -0.04     0.00
  MONTH TO DATE    0.00                      0.11  -0.11     0.16
  SINCE OCT 1     15.86                     12.84   3.02    14.99
  SINCE JAN 1     13.47                     10.16   3.31    11.23

DEGREE DAYS
 HEATING
  YESTERDAY        0                         4     -4        0
  MONTH TO DATE    0                        10    -10       11
  SINCE SEP 1      0                        10    -10       11
  SINCE JUL 1     64                        72     -8       61

 COOLING
  YESTERDAY        7                         2      5        3
  MONTH TO DATE   24                         7     17        3
  SINCE SEP 1     24                         7     17        3
  SINCE JAN 1    433                       397     36      321
..................................................................


WIND (MPH)
  HIGHEST WIND SPEED    23   HIGHEST WIND DIRECTION    NW (300)
  HIGHEST GUST SPEED    27   HIGHEST GUST DIRECTION    NW (300)
  AVERAGE WIND SPEED     9.8


SKY COVER
  POSSIBLE SUNSHINE  MM
  AVERAGE SKY COVER 0.0


WEATHER CONDITIONS
 THE FOLLOWING WEATHER WAS RECORDED YESTERDAY.
  NO SIGNIFICANT WEATHER WAS OBSERVED.


RELATIVE HUMIDITY (PERCENT)
 HIGHEST    43          1000 PM
 LOWEST     19           200 PM
 AVERAGE    31

..........................................................


THE SHERIDAN WY CLIMATE NORMALS FOR TODAY
                         NORMAL    RECORD    YEAR
 MAXIMUM TEMPERATURE (F)   80       101      1998
 MINIMUM TEMPERATURE (F)   46        31      1962


SUNRISE AND SUNSET
SEPTEMBER  4 2015.....SUNRISE   633 AM MDT   SUNSET   739 PM MDT
SEPTEMBER  5 2015.....SUNRISE   635 AM MDT   SUNSET   738 PM MDT


-  INDICATES NEGATIVE NUMBERS.
R  INDICATES RECORD WAS SET OR TIED.
MM INDICATES DATA IS MISSING.
T  INDICATES TRACE AMOUNT.




$$
