659
CDUS45 KBYZ 130754
CLISHR


CLIMATE REPORT
NATIONAL WEATHER SERVICE BILLINGS MT
1253 AM MST WED DEC 13 2017


...................................

...THE SHERIDAN WY CLIMATE SUMMARY FOR DECEMBER 12 2017...

CLIMATE NORMAL PERIOD 1981 TO 2010
CLIMATE RECORD PERIOD 1907 TO 2017


WEATHER ITEM   OBSERVED TIME   RECORD YEAR NORMAL DEPARTURE LAST
                VALUE   (LST)  VALUE       VALUE  FROM      YEAR
                                                  NORMAL
..................................................................
TEMPERATURE (F)
 YESTERDAY
  MAXIMUM         70R   158 PM  66    1924  35     35       37
                                      1921
  MINIMUM         21    139 AM -24    1922  10     11       -4
  AVERAGE         46                        23     23       17

PRECIPITATION (IN)
  YESTERDAY        0.00          0.42 1955   0.01  -0.01     0.05
  MONTH TO DATE    0.02                      0.23  -0.21     0.26
  SINCE OCT 1      1.90                      2.35  -0.45     2.99
  SINCE JAN 1     17.68                     13.83   3.85    16.21

DEGREE DAYS
 HEATING
  YESTERDAY       19                        42    -23       48
  MONTH TO DATE  339                       494   -155      575
  SINCE DEC 1    339                       494   -155      575
  SINCE JUL 1   2129                      2372   -243     2052

 COOLING
  YESTERDAY        0                         0      0        0
  MONTH TO DATE    0                         0      0        0
  SINCE DEC 1      0                         0      0        0
  SINCE JAN 1    481                       419     62      549
..................................................................


WIND (MPH)
  HIGHEST WIND SPEED    23   HIGHEST WIND DIRECTION    NW (320)
  HIGHEST GUST SPEED    28   HIGHEST GUST DIRECTION    NW (320)
  AVERAGE WIND SPEED     5.9


SKY COVER
  POSSIBLE SUNSHINE  MM
  AVERAGE SKY COVER 0.1


WEATHER CONDITIONS
 THE FOLLOWING WEATHER WAS RECORDED YESTERDAY.
  NO SIGNIFICANT WEATHER WAS OBSERVED.


RELATIVE HUMIDITY (PERCENT)
 HIGHEST    77           200 AM
 LOWEST     14           300 PM
 AVERAGE    46

..........................................................


THE SHERIDAN WY CLIMATE NORMALS FOR TODAY
                         NORMAL    RECORD    YEAR
 MAXIMUM TEMPERATURE (F)   35        62      1921
 MINIMUM TEMPERATURE (F)   10       -26      1919


SUNRISE AND SUNSET
DECEMBER 13 2017......SUNRISE   737 AM MST   SUNSET   427 PM MST
DECEMBER 14 2017......SUNRISE   738 AM MST   SUNSET   428 PM MST


-  INDICATES NEGATIVE NUMBERS.
R  INDICATES RECORD WAS SET OR TIED.
MM INDICATES DATA IS MISSING.
T  INDICATES TRACE AMOUNT.




$$
