000
CDUS45 KBYZ 210933
CLISHR


CLIMATE REPORT
NATIONAL WEATHER SERVICE BILLINGS MT
332 AM MDT TUE OCT 21 2014


...................................

...THE SHERIDAN WY CLIMATE SUMMARY FOR OCTOBER 20 2014...

CLIMATE NORMAL PERIOD 1981 TO 2010
CLIMATE RECORD PERIOD 1907 TO 2014


WEATHER ITEM   OBSERVED TIME   RECORD YEAR NORMAL DEPARTURE LAST
                VALUE   (LST)  VALUE       VALUE  FROM      YEAR
                                                  NORMAL
..................................................................
TEMPERATURE (F)
 YESTERDAY
  MAXIMUM         79    304 PM  85    1947  59     20       46
  MINIMUM         30    608 AM   7    1932  30      0       35
  AVERAGE         55                        44     11       41

PRECIPITATION (IN)
  YESTERDAY        0.00          0.54 1928   0.04  -0.04     0.17
  MONTH TO DATE    0.16                      1.03  -0.87     2.36
  SINCE OCT 1      0.16                      1.03  -0.87     2.36
  SINCE JAN 1     12.86                     12.51   0.35    16.61

SNOWFALL (IN)
  YESTERDAY       MM             5.3  1981   0.2   MM       MM
  MONTH TO DATE   MM                         3.3   MM       MM
  SINCE SEP 1     MM                         6.1   MM       MM
  SINCE JUL 1     MM                         6.1   MM       MM
  SNOW DEPTH      MM

DEGREE DAYS
 HEATING
  YESTERDAY       10                        21    -11       24
  MONTH TO DATE  263                       351    -88      467
  SINCE SEP 1    493                       592    -99      621
  SINCE JUL 1    543                       654   -111      622

 COOLING
  YESTERDAY        0                         0      0        0
  MONTH TO DATE    0                         0      0        0
  SINCE SEP 1     28                        28      0       82
  SINCE JAN 1    346                       418    -72      592
..................................................................


WIND (MPH)
  HIGHEST WIND SPEED     9   HIGHEST WIND DIRECTION     W (260)
  HIGHEST GUST SPEED    10   HIGHEST GUST DIRECTION    NW (330)
  AVERAGE WIND SPEED     2.7


SKY COVER
  POSSIBLE SUNSHINE  MM
  AVERAGE SKY COVER 0.0


WEATHER CONDITIONS
 THE FOLLOWING WEATHER WAS RECORDED YESTERDAY.
  NO SIGNIFICANT WEATHER WAS OBSERVED.


RELATIVE HUMIDITY (PERCENT)
 HIGHEST    78           600 AM
 LOWEST     17           200 PM
 AVERAGE    48

..........................................................


THE SHERIDAN WY CLIMATE NORMALS FOR TODAY
                         NORMAL    RECORD    YEAR
 MAXIMUM TEMPERATURE (F)   58        84      2003
 MINIMUM TEMPERATURE (F)   29        17      1984
                                             1932


SUNRISE AND SUNSET
OCTOBER 21 2014.......SUNRISE   731 AM MDT   SUNSET   613 PM MDT
OCTOBER 22 2014.......SUNRISE   733 AM MDT   SUNSET   611 PM MDT


-  INDICATES NEGATIVE NUMBERS.
R  INDICATES RECORD WAS SET OR TIED.
MM INDICATES DATA IS MISSING.
T  INDICATES TRACE AMOUNT.




$$
