000
CDUS44 KSHV 040838
CLISHV


CLIMATE REPORT
NATIONAL WEATHER SERVICE SHREVEPORT, LA
238 AM CST WED MAR 4 2015


...................................

...THE SHREVEPORT CLIMATE SUMMARY FOR MARCH 3 2015...

CLIMATE NORMAL PERIOD 1981 TO 2010
CLIMATE RECORD PERIOD 1874 TO 2015


WEATHER ITEM   OBSERVED TIME   RECORD YEAR NORMAL DEPARTURE LAST
                VALUE   (LST)  VALUE       VALUE  FROM      YEAR
                                                  NORMAL
..................................................................
TEMPERATURE (F)
 YESTERDAY
  MAXIMUM         68   1131 PM  82    1976  66      2       35
                                      1974
                                      1899
  MINIMUM         42    354 AM  15    1943  44     -2       25
  AVERAGE         55                        55      0       30

PRECIPITATION (IN)
  YESTERDAY        T             4.35 1945   0.14  -0.14      T
  MONTH TO DATE    0.58                      0.43   0.15     0.41
  SINCE DEC 1     16.06                     14.15   1.91     8.83
  SINCE JAN 1     12.31                      9.38   2.93     3.85

SNOWFALL (IN)
  YESTERDAY        0.0
  MONTH TO DATE    0.0
  SINCE MAR 1      0.0
  SINCE JUL 1      4.1
  SNOW DEPTH       0

DEGREE DAYS
 HEATING
  YESTERDAY       10                        11     -1       35
  MONTH TO DATE   54                        33     21       47
  SINCE MAR 1     54                        33     21       47
  SINCE JUL 1   2054                      1915    139     2158

 COOLING
  YESTERDAY        0                         1     -1        0
  MONTH TO DATE    0                         1     -1        1
  SINCE MAR 1      0                         1     -1        1
  SINCE JAN 1      0                        11    -11        7
..................................................................


WIND (MPH)
  HIGHEST WIND SPEED    14   HIGHEST WIND DIRECTION     S (190)
  HIGHEST GUST SPEED    20   HIGHEST GUST DIRECTION     S (180)
  AVERAGE WIND SPEED     6.5


SKY COVER
  POSSIBLE SUNSHINE  MM
  AVERAGE SKY COVER 0.9


WEATHER CONDITIONS
 THE FOLLOWING WEATHER WAS RECORDED YESTERDAY.
  LIGHT RAIN
  FOG
  FOG W/VISIBILITY <= 1/4 MILE


RELATIVE HUMIDITY (PERCENT)
 HIGHEST   100           400 AM
 LOWEST     81           500 PM
 AVERAGE    91

..........................................................


THE SHREVEPORT CLIMATE NORMALS FOR TODAY
                         NORMAL    RECORD    YEAR
 MAXIMUM TEMPERATURE (F)   66        86      1938
 MINIMUM TEMPERATURE (F)   44        17      2002


SUNRISE AND SUNSET
MARCH  4 2015.........SUNRISE   640 AM CST   SUNSET   615 PM CST
MARCH  5 2015.........SUNRISE   638 AM CST   SUNSET   616 PM CST


-  INDICATES NEGATIVE NUMBERS.
R  INDICATES RECORD WAS SET OR TIED.
MM INDICATES DATA IS MISSING.
T  INDICATES TRACE AMOUNT.




$$
