000
CDUS46 KMFR 310836
CLISIY


CLIMATE REPORT
NATIONAL WEATHER SERVICE MEDFORD, OR
136 AM PDT WED AUG 31 2016


...................................

...THE MONTAGUE CA CLIMATE SUMMARY FOR AUGUST 30 2016...

CLIMATE NORMAL PERIOD 1981 TO 2010
CLIMATE RECORD PERIOD 1948 TO 2016


WEATHER ITEM   OBSERVED TIME   RECORD YEAR NORMAL DEPARTURE LAST
                VALUE   (LST)  VALUE       VALUE  FROM      YEAR
                                                  NORMAL
..................................................................
TEMPERATURE (F)
 YESTERDAY
  MAXIMUM         85    258 PM 100    1950  86     -1       77
  MINIMUM         58   1159 PM  39    1990  48     10       51
  AVERAGE         72                        67      5       64

PRECIPITATION (IN)
  YESTERDAY        0.00          0.72 1979   0.01  -0.01     0.00
  MONTH TO DATE    0.02                      0.34  -0.32     0.01
  SINCE OCT 1     15.14                     17.83  -2.69    13.13
  SINCE JAN 1     10.05                     11.00  -0.95     7.22

SNOWFALL (IN)
  YESTERDAY       MM                        MM     MM       MM
  MONTH TO DATE   MM                        MM     MM       MM
  SINCE JUL 1     MM                        MM     MM       MM
  SNOW DEPTH      MM

DEGREE DAYS
 HEATING
  YESTERDAY        0                         1     -1        1
  MONTH TO DATE    0                         8     -8        1
  SINCE JUN 1     85                       105    -20       18
  SINCE JUL 1     12                        12      0        1

 COOLING
  YESTERDAY        7                         3      4        0
  MONTH TO DATE  272                       185     87      262
  SINCE JUN 1    650                       485    165      820
  SINCE JAN 1    654                       498    156      835
..................................................................


WIND (MPH)
  HIGHEST WIND SPEED    18   HIGHEST WIND DIRECTION     N (360)
  HIGHEST GUST SPEED    21   HIGHEST GUST DIRECTION     N (360)
  AVERAGE WIND SPEED     8.7


SKY COVER
  POSSIBLE SUNSHINE  MM
  AVERAGE SKY COVER 0.9


WEATHER CONDITIONS
 THE FOLLOWING WEATHER WAS RECORDED YESTERDAY.
  HAZE


RELATIVE HUMIDITY (PERCENT)
 HIGHEST    51          1100 PM
 LOWEST     15           200 PM

..........................................................


THE MONTAGUE CA CLIMATE NORMALS FOR TODAY
                         NORMAL    RECORD    YEAR
 MAXIMUM TEMPERATURE (F)   86       102      1950
 MINIMUM TEMPERATURE (F)   48        37      2008


SUNRISE AND SUNSET
AUGUST 31 2016........SUNRISE   635 AM PDT   SUNSET   744 PM PDT
SEPTEMBER  1 2016.....SUNRISE   636 AM PDT   SUNSET   742 PM PDT


-  INDICATES NEGATIVE NUMBERS.
R  INDICATES RECORD WAS SET OR TIED.
MM INDICATES DATA IS MISSING.
T  INDICATES TRACE AMOUNT.




$$
