000
CDUS46 KMFR 180855
CLISIY


CLIMATE REPORT
NATIONAL WEATHER SERVICE MEDFORD, OR
1254 AM PST THU DEC 18 2014


...................................

...THE MONTAGUE CA CLIMATE SUMMARY FOR DECEMBER 17 2014...

CLIMATE NORMAL PERIOD 1981 TO 2010
CLIMATE RECORD PERIOD 1948 TO 2014


WEATHER ITEM   OBSERVED TIME   RECORD YEAR NORMAL DEPARTURE LAST
                VALUE   (LST)  VALUE       VALUE  FROM      YEAR
                                                  NORMAL
..................................................................
TEMPERATURE (F)
 YESTERDAY
  MAXIMUM         48    135 PM  60    1994  44      4       49
  MINIMUM         32    428 AM   0    2008  26      6       16
  AVERAGE         40                        35      5       33

PRECIPITATION (IN)
  YESTERDAY        0.01          2.07 1982   0.09  -0.08     0.00
  MONTH TO DATE    1.89                      1.43   0.46     0.09
  SINCE SEP 1      6.46                      6.24   0.22     1.38
  SINCE JAN 1     12.63                     17.24  -4.61     5.71

SNOWFALL (IN)
  YESTERDAY       MM                        MM     MM       MM
  MONTH TO DATE   MM                        MM     MM       MM
  SINCE JUL 1     MM                        MM     MM        0.0
  SNOW DEPTH      MM

DEGREE DAYS
 HEATING
  YESTERDAY       25                        30     -5       32
  MONTH TO DATE  369                       508   -139      704
  SINCE DEC 1    369                       508   -139      704
  SINCE JUL 1   1374                      1814   -440     2024

 COOLING
  YESTERDAY        0                         0      0        0
  MONTH TO DATE    0                         0      0        0
  SINCE DEC 1      0                         0      0        0
  SINCE JAN 1    913                       544    369      776
..................................................................


WIND (MPH)
  HIGHEST WIND SPEED    13   HIGHEST WIND DIRECTION     W (250)
  HIGHEST GUST SPEED    15   HIGHEST GUST DIRECTION     W (250)
  AVERAGE WIND SPEED     3.8


SKY COVER
  POSSIBLE SUNSHINE  MM
  AVERAGE SKY COVER 0.8


WEATHER CONDITIONS
 THE FOLLOWING WEATHER WAS RECORDED YESTERDAY.
  LIGHT RAIN


RELATIVE HUMIDITY (PERCENT)
 HIGHEST    89           300 AM
 LOWEST     70          1200 PM

..........................................................


THE MONTAGUE CA CLIMATE NORMALS FOR TODAY
                         NORMAL    RECORD    YEAR
 MAXIMUM TEMPERATURE (F)   44        53      1976
 MINIMUM TEMPERATURE (F)   26        13      2008
                                             1965


SUNRISE AND SUNSET
DECEMBER 18 2014......SUNRISE   732 AM PST   SUNSET   441 PM PST
DECEMBER 19 2014......SUNRISE   733 AM PST   SUNSET   441 PM PST


-  INDICATES NEGATIVE NUMBERS.
R  INDICATES RECORD WAS SET OR TIED.
MM INDICATES DATA IS MISSING.
T  INDICATES TRACE AMOUNT.




$$
