000
CDUS46 KMFR 310835
CLISIY


CLIMATE REPORT
NATIONAL WEATHER SERVICE MEDFORD, OR
135 AM PDT TUE MAY 31 2016


...................................

...THE MONTAGUE CA CLIMATE SUMMARY FOR MAY 30 2016...

CLIMATE NORMAL PERIOD 1981 TO 2010
CLIMATE RECORD PERIOD 1948 TO 2016


WEATHER ITEM   OBSERVED TIME   RECORD YEAR NORMAL DEPARTURE LAST
                VALUE   (LST)  VALUE       VALUE  FROM      YEAR
                                                  NORMAL
..................................................................
TEMPERATURE (F)
 YESTERDAY
  MAXIMUM         88    418 PM 101    1986  75     13       86
  MINIMUM         40    444 AM  24    1988  43     -3       56
  AVERAGE         64                        59      5       71

PRECIPITATION (IN)
  YESTERDAY        0.00          0.48 1949   0.02  -0.02     0.00
  MONTH TO DATE    0.78                      1.40  -0.62     0.92
  SINCE OCT 1     13.89                     16.31  -2.42    11.96
  SINCE JAN 1      8.80                      9.48  -0.68     6.05

SNOWFALL (IN)
  YESTERDAY       MM                        MM     MM       MM
  MONTH TO DATE   MM                        MM     MM       MM
  SINCE JUL 1     MM                        MM     MM       MM
  SNOW DEPTH      MM

DEGREE DAYS
 HEATING
  YESTERDAY        1                         7     -6        0
  MONTH TO DATE  212                       284    -72      217
  SINCE MAR 1   1156                      1505   -349     1197
  SINCE JUL 1   4573                      5382   -809     4339

 COOLING
  YESTERDAY        0                         1     -1        6
  MONTH TO DATE    1                        15    -14       12
  SINCE MAR 1      1                        15    -14       12
  SINCE JAN 1      1                        15    -14       12
..................................................................


WIND (MPH)
  HIGHEST WIND SPEED    15   HIGHEST WIND DIRECTION    NW (330)
  HIGHEST GUST SPEED    18   HIGHEST GUST DIRECTION    NW (330)
  AVERAGE WIND SPEED     5.2


SKY COVER
  POSSIBLE SUNSHINE  MM
  AVERAGE SKY COVER 0.0


WEATHER CONDITIONS
 THE FOLLOWING WEATHER WAS RECORDED YESTERDAY.
  LIGHT RAIN


RELATIVE HUMIDITY (PERCENT)
 HIGHEST    73           500 AM
 LOWEST     13           500 PM

..........................................................


THE MONTAGUE CA CLIMATE NORMALS FOR TODAY
                         NORMAL    RECORD    YEAR
 MAXIMUM TEMPERATURE (F)   76       100      1986
 MINIMUM TEMPERATURE (F)   43        32      1991


SUNRISE AND SUNSET
MAY 31 2016...........SUNRISE   538 AM PDT   SUNSET   838 PM PDT
JUNE  1 2016..........SUNRISE   537 AM PDT   SUNSET   839 PM PDT


-  INDICATES NEGATIVE NUMBERS.
R  INDICATES RECORD WAS SET OR TIED.
MM INDICATES DATA IS MISSING.
T  INDICATES TRACE AMOUNT.




$$
