000
CDUS46 KMFR 260852
CLISIY


CLIMATE REPORT
NATIONAL WEATHER SERVICE MEDFORD, OR
1252 AM PST WED NOV 26 2014


...................................

...THE MONTAGUE CA CLIMATE SUMMARY FOR NOVEMBER 25 2014...

CLIMATE NORMAL PERIOD 1981 TO 2010
CLIMATE RECORD PERIOD 1948 TO 2014


WEATHER ITEM   OBSERVED TIME   RECORD YEAR NORMAL DEPARTURE LAST
                VALUE   (LST)  VALUE       VALUE  FROM      YEAR
                                                  NORMAL
..................................................................
TEMPERATURE (F)
 YESTERDAY
  MAXIMUM         52    348 PM  63    1995  46      6       51
  MINIMUM         30   1123 PM  10    1993  27      3       16
  AVERAGE         41                        37      4       34

PRECIPITATION (IN)
  YESTERDAY        0.00          1.77 1961   0.09  -0.09     0.00
  MONTH TO DATE    0.74                      2.38  -1.64     0.47
  SINCE SEP 1      4.15                      4.22  -0.07     1.29
  SINCE JAN 1     10.32                     15.22  -4.90     5.62

SNOWFALL (IN)
  YESTERDAY       MM                        MM     MM       MM
  MONTH TO DATE   MM                        MM     MM       MM
  SINCE JUL 1     MM                        MM     MM        0.0
  SNOW DEPTH      MM

DEGREE DAYS
 HEATING
  YESTERDAY       24                        28     -4       31
  MONTH TO DATE  557                       609    -52      549
  SINCE SEP 1    892                      1145   -253     1189
  SINCE JUL 1    892                      1162   -270     1189

 COOLING
  YESTERDAY        0                         0      0        0
  MONTH TO DATE    0                         0      0        0
  SINCE SEP 1    112                        43     69       87
  SINCE JAN 1    913                       544    369      776
..................................................................


WIND (MPH)
  HIGHEST WIND SPEED     9   HIGHEST WIND DIRECTION    SW (210)
  HIGHEST GUST SPEED    10   HIGHEST GUST DIRECTION     S (180)
  AVERAGE WIND SPEED     2.5


SKY COVER
  POSSIBLE SUNSHINE  MM
  AVERAGE SKY COVER 0.4


WEATHER CONDITIONS
 THE FOLLOWING WEATHER WAS RECORDED YESTERDAY.
  FOG
  FOG W/VISIBILITY <= 1/4 MILE


RELATIVE HUMIDITY (PERCENT)
 HIGHEST   100           600 AM
 LOWEST     59           300 PM

..........................................................


THE MONTAGUE CA CLIMATE NORMALS FOR TODAY
                         NORMAL    RECORD    YEAR
 MAXIMUM TEMPERATURE (F)   46        67      1950
 MINIMUM TEMPERATURE (F)   27        13      1993


SUNRISE AND SUNSET
NOVEMBER 26 2014......SUNRISE   712 AM PST   SUNSET   442 PM PST
NOVEMBER 27 2014......SUNRISE   713 AM PST   SUNSET   441 PM PST


-  INDICATES NEGATIVE NUMBERS.
R  INDICATES RECORD WAS SET OR TIED.
MM INDICATES DATA IS MISSING.
T  INDICATES TRACE AMOUNT.




$$
