000
CDUS46 KMFR 270837
CLISIY


CLIMATE REPORT
NATIONAL WEATHER SERVICE MEDFORD, OR
137 AM PDT WED JUL 27 2016


...................................

...THE MONTAGUE CA CLIMATE SUMMARY FOR JULY 26 2016...

CLIMATE NORMAL PERIOD 1981 TO 2010
CLIMATE RECORD PERIOD 1948 TO 2016


WEATHER ITEM   OBSERVED TIME   RECORD YEAR NORMAL DEPARTURE LAST
                VALUE   (LST)  VALUE       VALUE  FROM      YEAR
                                                  NORMAL
..................................................................
TEMPERATURE (F)
 YESTERDAY
  MAXIMUM        101    313 PM 104    2006  93      8       83
  MINIMUM         59    442 AM  40    1993  55      4       57
  AVERAGE         80                        74      6       70

PRECIPITATION (IN)
  YESTERDAY        0.00          0.04 1995   0.03  -0.03     0.00
  MONTH TO DATE    0.05                      0.35  -0.30     0.80
  SINCE OCT 1     15.12                     17.39  -2.27    13.12
  SINCE JAN 1     10.03                     10.56  -0.53     7.21

SNOWFALL (IN)
  YESTERDAY       MM                        MM     MM       MM
  MONTH TO DATE   MM                        MM     MM       MM
  SINCE JUL 1     MM                        MM     MM       MM
  SNOW DEPTH      MM

DEGREE DAYS
 HEATING
  YESTERDAY        0                         0      0        0
  MONTH TO DATE   12                         1     11        0
  SINCE JUN 1     85                        94     -9       17
  SINCE JUL 1     12                         1     11        0

 COOLING
  YESTERDAY       15                         9      6        5
  MONTH TO DATE  160                       197    -37      268
  SINCE JUN 1    292                       255     37      502
  SINCE JAN 1    296                       268     28      517
..................................................................


WIND (MPH)
  HIGHEST WIND SPEED    18   HIGHEST WIND DIRECTION     N (10)
  HIGHEST GUST SPEED    21   HIGHEST GUST DIRECTION     N (350)
  AVERAGE WIND SPEED     7.7


SKY COVER
  POSSIBLE SUNSHINE  MM
  AVERAGE SKY COVER 0.0


WEATHER CONDITIONS
 THE FOLLOWING WEATHER WAS RECORDED YESTERDAY.
  NO SIGNIFICANT WEATHER WAS OBSERVED.


RELATIVE HUMIDITY (PERCENT)
 HIGHEST    60           500 AM
 LOWEST     11           300 PM

..........................................................


THE MONTAGUE CA CLIMATE NORMALS FOR TODAY
                         NORMAL    RECORD    YEAR
 MAXIMUM TEMPERATURE (F)   93       106      1973
 MINIMUM TEMPERATURE (F)   55        42      1955


SUNRISE AND SUNSET
JULY 27 2016..........SUNRISE   600 AM PDT   SUNSET   833 PM PDT
JULY 28 2016..........SUNRISE   601 AM PDT   SUNSET   832 PM PDT


-  INDICATES NEGATIVE NUMBERS.
R  INDICATES RECORD WAS SET OR TIED.
MM INDICATES DATA IS MISSING.
T  INDICATES TRACE AMOUNT.




$$
