000
CDUS46 KMFR 150836
CLISIY


CLIMATE REPORT
NATIONAL WEATHER SERVICE MEDFORD, OR
1236 AM PST FRI DEC 15 2017


...................................

...THE MONTAGUE CA CLIMATE SUMMARY FOR DECEMBER 14 2017...

CLIMATE NORMAL PERIOD 1981 TO 2010
CLIMATE RECORD PERIOD 1948 TO 2017


WEATHER ITEM   OBSERVED TIME   RECORD YEAR NORMAL DEPARTURE LAST
                VALUE   (LST)  VALUE       VALUE  FROM      YEAR
                                                  NORMAL
..................................................................
TEMPERATURE (F)
 YESTERDAY
  MAXIMUM         47    337 PM  64    1962  44      3       52
  MINIMUM         17    715 AM   8    2011  26     -9       32
                                      1967
  AVERAGE         32                        35     -3       42

PRECIPITATION (IN)
  YESTERDAY        0.00          1.79 1977   0.10  -0.10     0.70
  MONTH TO DATE    0.17                      1.13  -0.96     1.21
  SINCE OCT 1      2.18                      5.30  -3.12     7.19
  SINCE JAN 1      9.95                     16.94  -6.99    17.42

SNOWFALL (IN)
  YESTERDAY       MM                        MM     MM       MM
  MONTH TO DATE   MM                        MM     MM       MM
  SINCE JUL 1     MM                        MM     MM       MM
  SNOW DEPTH      MM

DEGREE DAYS
 HEATING
  YESTERDAY       33                        30      3       23
  MONTH TO DATE  472                       418     54      416
  SINCE DEC 1    472                       418     54      416
  SINCE JUL 1   1702                      1724    -22     1546

 COOLING
  YESTERDAY        0                         0      0        0
  MONTH TO DATE    0                         0      0        0
  SINCE DEC 1      0                         0      0        0
  SINCE JAN 1    902                       544    358      689
..................................................................


WIND (MPH)
  HIGHEST WIND SPEED     7   HIGHEST WIND DIRECTION     N (350)
  HIGHEST GUST SPEED     8   HIGHEST GUST DIRECTION    SW (210)
  AVERAGE WIND SPEED     2.0


SKY COVER
  POSSIBLE SUNSHINE  MM
  AVERAGE SKY COVER 0.0


WEATHER CONDITIONS
 THE FOLLOWING WEATHER WAS RECORDED YESTERDAY.
  NO SIGNIFICANT WEATHER WAS OBSERVED.


RELATIVE HUMIDITY (PERCENT)
 HIGHEST    96           900 AM
 LOWEST     49           200 PM

..........................................................


THE MONTAGUE CA CLIMATE NORMALS FOR TODAY
                         NORMAL    RECORD    YEAR
 MAXIMUM TEMPERATURE (F)   44        56      1958
 MINIMUM TEMPERATURE (F)   26         8      1967


SUNRISE AND SUNSET
DECEMBER 15 2017......SUNRISE   730 AM PST   SUNSET   440 PM PST
DECEMBER 16 2017......SUNRISE   731 AM PST   SUNSET   440 PM PST


-  INDICATES NEGATIVE NUMBERS.
R  INDICATES RECORD WAS SET OR TIED.
MM INDICATES DATA IS MISSING.
T  INDICATES TRACE AMOUNT.




$$
