000
CDUS46 KMFR 290854
CLISIY


CLIMATE REPORT
NATIONAL WEATHER SERVICE MEDFORD, OR
154 AM PDT SAT APR 29 2017


...................................

...THE MONTAGUE CA CLIMATE SUMMARY FOR APRIL 28 2017...

CLIMATE NORMAL PERIOD 1981 TO 2010
CLIMATE RECORD PERIOD 1948 TO 2017


WEATHER ITEM   OBSERVED TIME   RECORD YEAR NORMAL DEPARTURE LAST
                VALUE   (LST)  VALUE       VALUE  FROM      YEAR
                                                  NORMAL
..................................................................
TEMPERATURE (F)
 YESTERDAY
  MAXIMUM         61    449 PM  84    2006  65     -4       65
  MINIMUM         29    455 AM  21    1955  36     -7       38
  AVERAGE         45                        51     -6       52

PRECIPITATION (IN)
  YESTERDAY        0.00          0.91 1951   0.07  -0.07     0.00
  MONTH TO DATE    1.03                      1.43  -0.40     0.78
  SINCE OCT 1     14.90                     14.78   0.12    13.11
  SINCE JAN 1      6.69                      7.95  -1.26     8.02

SNOWFALL (IN)
  YESTERDAY       MM                        MM     MM       MM
  MONTH TO DATE   MM                        MM     MM       MM
  SINCE JUL 1     MM                        MM     MM       MM
  SNOW DEPTH      MM

DEGREE DAYS
 HEATING
  YESTERDAY       20                        14      6       13
  MONTH TO DATE  539                       512     27      332
  SINCE MAR 1   1148                      1194    -46      915
  SINCE JUL 1   5045                      5071    -26     4332

 COOLING
  YESTERDAY        0                         0      0        0
  MONTH TO DATE    0                         0      0        0
  SINCE MAR 1      0                         0      0        0
  SINCE JAN 1      0                         0      0        0
..................................................................


WIND (MPH)
  HIGHEST WIND SPEED    15   HIGHEST WIND DIRECTION    NW (300)
  HIGHEST GUST SPEED    20   HIGHEST GUST DIRECTION    NW (300)
  AVERAGE WIND SPEED     8.1


SKY COVER
  POSSIBLE SUNSHINE  MM
  AVERAGE SKY COVER 0.0


WEATHER CONDITIONS
 THE FOLLOWING WEATHER WAS RECORDED YESTERDAY.
  NO SIGNIFICANT WEATHER WAS OBSERVED.


RELATIVE HUMIDITY (PERCENT)
 HIGHEST   100           500 AM
 LOWEST     25           300 PM

..........................................................


THE MONTAGUE CA CLIMATE NORMALS FOR TODAY
                         NORMAL    RECORD    YEAR
 MAXIMUM TEMPERATURE (F)   66        85      1957
 MINIMUM TEMPERATURE (F)   37        24      2011


SUNRISE AND SUNSET
APRIL 29 2017.........SUNRISE   608 AM PDT   SUNSET   806 PM PDT
APRIL 30 2017.........SUNRISE   607 AM PDT   SUNSET   808 PM PDT


-  INDICATES NEGATIVE NUMBERS.
R  INDICATES RECORD WAS SET OR TIED.
MM INDICATES DATA IS MISSING.
T  INDICATES TRACE AMOUNT.




$$
