000
CDUS46 KMFR 300836
CLISIY


CLIMATE REPORT
NATIONAL WEATHER SERVICE MEDFORD, OR
136 AM PDT MON MAR 30 2015


...................................

...THE MONTAGUE CA CLIMATE SUMMARY FOR MARCH 29 2015...

CLIMATE NORMAL PERIOD 1981 TO 2010
CLIMATE RECORD PERIOD 1948 TO 2015


WEATHER ITEM   OBSERVED TIME   RECORD YEAR NORMAL DEPARTURE LAST
                VALUE   (LST)  VALUE       VALUE  FROM      YEAR
                                                  NORMAL
..................................................................
TEMPERATURE (F)
 YESTERDAY
  MAXIMUM         73    413 PM  79    1986  57     16       54
  MINIMUM         32    612 AM  16    2008  30      2       40
  AVERAGE         53                        44      9       47

PRECIPITATION (IN)
  YESTERDAY        0.00          0.84 1974   0.08  -0.08     0.05
  MONTH TO DATE    0.80                      2.16  -1.36     2.31
  SINCE OCT 1     10.60                     13.20  -2.60     5.39
  SINCE JAN 1      4.69                      6.37  -1.68     4.75

SNOWFALL (IN)
  YESTERDAY       MM                        MM     MM       MM
  MONTH TO DATE   MM                        MM     MM       MM
  SINCE JUL 1     MM                        MM     MM        0.0
  SNOW DEPTH      MM

DEGREE DAYS
 HEATING
  YESTERDAY       12                        21     -9       18
  MONTH TO DATE  478                       642   -164      513
  SINCE MAR 1    478                       642   -164      513
  SINCE JUL 1   3620                      4519   -899     4561

 COOLING
  YESTERDAY        0                         0      0        0
  MONTH TO DATE    0                         0      0        0
  SINCE MAR 1      0                         0      0        0
  SINCE JAN 1      0                         0      0        0
..................................................................


WIND (MPH)
  HIGHEST WIND SPEED    13   HIGHEST WIND DIRECTION     N (340)
  HIGHEST GUST SPEED    19   HIGHEST GUST DIRECTION     N (340)
  AVERAGE WIND SPEED     3.8


SKY COVER
  POSSIBLE SUNSHINE  MM
  AVERAGE SKY COVER 0.0


WEATHER CONDITIONS
 THE FOLLOWING WEATHER WAS RECORDED YESTERDAY.
  NO SIGNIFICANT WEATHER WAS OBSERVED.


RELATIVE HUMIDITY (PERCENT)
 HIGHEST    92           700 AM
 LOWEST     25           400 PM

..........................................................


THE MONTAGUE CA CLIMATE NORMALS FOR TODAY
                         NORMAL    RECORD    YEAR
 MAXIMUM TEMPERATURE (F)   57        79      1966
 MINIMUM TEMPERATURE (F)   30        18      2009
                                             2008


SUNRISE AND SUNSET
MARCH 30 2015.........SUNRISE   656 AM PDT   SUNSET   733 PM PDT
MARCH 31 2015.........SUNRISE   655 AM PDT   SUNSET   734 PM PDT


-  INDICATES NEGATIVE NUMBERS.
R  INDICATES RECORD WAS SET OR TIED.
MM INDICATES DATA IS MISSING.
T  INDICATES TRACE AMOUNT.




$$
