385
CDUS46 KMFR 140838
CLISIY


CLIMATE REPORT
NATIONAL WEATHER SERVICE MEDFORD, OR
1237 AM PST SUN FEB 14 2016


...................................

...THE MONTAGUE CA CLIMATE SUMMARY FOR FEBRUARY 13 2016...

CLIMATE NORMAL PERIOD 1981 TO 2010
CLIMATE RECORD PERIOD 1948 TO 2016


WEATHER ITEM   OBSERVED TIME   RECORD YEAR NORMAL DEPARTURE LAST
                VALUE   (LST)  VALUE       VALUE  FROM      YEAR
                                                  NORMAL
..................................................................
TEMPERATURE (F)
 YESTERDAY
  MAXIMUM         53    449 PM  67    1996  50      3       52
  MINIMUM         27    652 AM  10    1949  28     -1       30
  AVERAGE         40                        39      1       41

PRECIPITATION (IN)
  YESTERDAY        0.00          1.16 1961   0.06  -0.06     0.00
  MONTH TO DATE    0.01                      0.84  -0.83     3.04
  SINCE OCT 1      8.67                      9.87  -1.20     9.66
  SINCE JAN 1      3.58                      3.04   0.54     3.75

SNOWFALL (IN)
  YESTERDAY       MM                        MM     MM       MM
  MONTH TO DATE   MM                        MM     MM       MM
  SINCE JUL 1     MM                        MM     MM       MM
  SNOW DEPTH      MM

DEGREE DAYS
 HEATING
  YESTERDAY       25                        26     -1       24
  MONTH TO DATE  298                       357    -59      260
  SINCE DEC 1   1991                      2203   -212     1803
  SINCE JUL 1   3074                      3509   -435     2808

 COOLING
  YESTERDAY        0                         0      0        0
  MONTH TO DATE    0                         0      0        0
  SINCE DEC 1      0                         0      0        0
  SINCE JAN 1      0                         0      0        0
..................................................................


WIND (MPH)
  HIGHEST WIND SPEED    12   HIGHEST WIND DIRECTION     N (10)
  HIGHEST GUST SPEED    14   HIGHEST GUST DIRECTION     N (10)
  AVERAGE WIND SPEED     3.8


SKY COVER
  POSSIBLE SUNSHINE  MM
  AVERAGE SKY COVER 0.3


WEATHER CONDITIONS
 THE FOLLOWING WEATHER WAS RECORDED YESTERDAY.
  NO SIGNIFICANT WEATHER WAS OBSERVED.


RELATIVE HUMIDITY (PERCENT)
 HIGHEST    96           500 AM
 LOWEST     46           300 PM

..........................................................


THE MONTAGUE CA CLIMATE NORMALS FOR TODAY
                         NORMAL    RECORD    YEAR
 MAXIMUM TEMPERATURE (F)   50        67      1991
 MINIMUM TEMPERATURE (F)   28         8      1990


SUNRISE AND SUNSET
FEBRUARY 14 2016......SUNRISE   707 AM PST   SUNSET   541 PM PST
FEBRUARY 15 2016......SUNRISE   706 AM PST   SUNSET   543 PM PST


-  INDICATES NEGATIVE NUMBERS.
R  INDICATES RECORD WAS SET OR TIED.
MM INDICATES DATA IS MISSING.
T  INDICATES TRACE AMOUNT.




$$
