338
CDUS46 KMFR 190840
CLISIY


CLIMATE REPORT
NATIONAL WEATHER SERVICE MEDFORD, OR
140 AM PDT SAT AUG 19 2017


...................................

...THE MONTAGUE CA CLIMATE SUMMARY FOR AUGUST 18 2017...

CLIMATE NORMAL PERIOD 1981 TO 2010
CLIMATE RECORD PERIOD 1948 TO 2017


WEATHER ITEM   OBSERVED TIME   RECORD YEAR NORMAL DEPARTURE LAST
                VALUE   (LST)  VALUE       VALUE  FROM      YEAR
                                                  NORMAL
..................................................................
TEMPERATURE (F)
 YESTERDAY
  MAXIMUM         95    333 PM 104    2016  89      6      104
                                      1992
  MINIMUM         52    600 AM  39    1995  51      1       57
  AVERAGE         74                        70      4       81

PRECIPITATION (IN)
  YESTERDAY        0.00          0.64 1965   0.00   0.00     0.00
  MONTH TO DATE    0.02                      0.29  -0.27     0.02
  SINCE OCT 1     15.91                     17.78  -1.87    15.14
  SINCE JAN 1      7.70                     10.95  -3.25    10.05

SNOWFALL (IN)
  YESTERDAY       MM                        MM     MM       MM
  MONTH TO DATE   MM                        MM     MM       MM
  SINCE JUL 1     MM                        MM     MM       MM
  SNOW DEPTH      MM

DEGREE DAYS
 HEATING
  YESTERDAY        0                         0      0        0
  MONTH TO DATE    0                         0      0        0
  SINCE JUN 1     88                        97     -9       85
  SINCE JUL 1      0                         4     -4       12

 COOLING
  YESTERDAY        9                         6      3       16
  MONTH TO DATE  213                       134     79      165
  SINCE JUN 1    686                       434    252      543
  SINCE JAN 1    701                       447    254      547
..................................................................


WIND (MPH)
  HIGHEST WIND SPEED    22   HIGHEST WIND DIRECTION     N (350)
  HIGHEST GUST SPEED    26   HIGHEST GUST DIRECTION     N (360)
  AVERAGE WIND SPEED     6.1


SKY COVER
  POSSIBLE SUNSHINE  MM
  AVERAGE SKY COVER 0.0


WEATHER CONDITIONS
 THE FOLLOWING WEATHER WAS RECORDED YESTERDAY.
  HAZE


RELATIVE HUMIDITY (PERCENT)
 HIGHEST    55           700 AM
 LOWEST      9           300 PM

..........................................................


THE MONTAGUE CA CLIMATE NORMALS FOR TODAY
                         NORMAL    RECORD    YEAR
 MAXIMUM TEMPERATURE (F)   89       106      2016
 MINIMUM TEMPERATURE (F)   51        43      1990


SUNRISE AND SUNSET
AUGUST 19 2017........SUNRISE   623 AM PDT   SUNSET   803 PM PDT
AUGUST 20 2017........SUNRISE   624 AM PDT   SUNSET   802 PM PDT


-  INDICATES NEGATIVE NUMBERS.
R  INDICATES RECORD WAS SET OR TIED.
MM INDICATES DATA IS MISSING.
T  INDICATES TRACE AMOUNT.




$$
