000
CDUS46 KMFR 030036
CLISIY


CLIMATE REPORT
NATIONAL WEATHER SERVICE MEDFORD, OR
436 PM PST FRI DEC 2 2016


...................................

...THE MONTAGUE CA CLIMATE SUMMARY FOR DECEMBER 2 2016...
VALID TODAY AS OF 0400 PM LOCAL TIME.

CLIMATE NORMAL PERIOD 1981 TO 2010
CLIMATE RECORD PERIOD 1948 TO 2016


WEATHER ITEM   OBSERVED TIME   RECORD YEAR NORMAL DEPARTURE LAST
                VALUE   (LST)  VALUE       VALUE  FROM      YEAR
                                                  NORMAL
..................................................................
TEMPERATURE (F)
 TODAY
  MAXIMUM         44    353 PM  59    1958  45     -1       53
  MINIMUM         20    511 AM  15    2011  26     -6       36
  AVERAGE         32                        36     -4       45

PRECIPITATION (IN)
  TODAY            0.00          1.68 1987   0.08  -0.08     0.13
  MONTH TO DATE    0.00                      0.15  -0.15     0.14
  SINCE OCT 1      5.98                      4.32   1.66     1.15
  SINCE JAN 1     16.21                     15.96   0.25     8.37

SNOWFALL (IN)
  TODAY           MM                        MM     MM       MM
  MONTH TO DATE   MM                        MM     MM       MM
  SINCE JUL 1     MM                        MM     MM       MM
  SNOW DEPTH      MM

DEGREE DAYS
 HEATING
  TODAY           33                        29      4       20
  MONTH TO DATE   64                        58      6       56
  SINCE DEC 1     64                        58      6       56
  SINCE JUL 1   1194                      1364   -170     1139

 COOLING
  TODAY            0                         0      0        0
  MONTH TO DATE    0                         0      0        0
  SINCE DEC 1      0                         0      0        0
  SINCE JAN 1    689                       544    145      922
..................................................................


WIND (MPH)
  HIGHEST WIND SPEED     7   HIGHEST WIND DIRECTION    SW (230)
  HIGHEST GUST SPEED    11   HIGHEST GUST DIRECTION     W (260)
  AVERAGE WIND SPEED     1.5


SKY COVER
  POSSIBLE SUNSHINE  MM
  AVERAGE SKY COVER 0.6


WEATHER CONDITIONS
 THE FOLLOWING WEATHER WAS RECORDED TODAY.
  NO SIGNIFICANT WEATHER WAS OBSERVED.


RELATIVE HUMIDITY (PERCENT)
 HIGHEST   100           700 AM
 LOWEST     53           200 PM

..........................................................


THE MONTAGUE CA CLIMATE NORMALS FOR TOMORROW
                         NORMAL    RECORD    YEAR
 MAXIMUM TEMPERATURE (F)   45        61      1987
 MINIMUM TEMPERATURE (F)   26        13      2011


SUNRISE AND SUNSET
DECEMBER  2 2016......SUNRISE   719 AM PST   SUNSET   440 PM PST
DECEMBER  3 2016......SUNRISE   720 AM PST   SUNSET   439 PM PST


-  INDICATES NEGATIVE NUMBERS.
R  INDICATES RECORD WAS SET OR TIED.
MM INDICATES DATA IS MISSING.
T  INDICATES TRACE AMOUNT.




$$
