000
CDUS46 KMTR 220826
CLISJC


CLIMATE REPORT
NATIONAL WEATHER SERVICE SAN FRANCISCO BAY AREA
125 AM PDT TUE JUL 22 2014


...................................

...THE SAN JOSE AIRPORT CLIMATE SUMMARY FOR JULY 21 2014...

CLIMATE NORMAL PERIOD 1981 TO 2010
CLIMATE RECORD PERIOD 1893 TO 2014


WEATHER ITEM   OBSERVED TIME   RECORD YEAR NORMAL DEPARTURE LAST
                VALUE   (LST)  VALUE       VALUE  FROM      YEAR
                                                  NORMAL
..................................................................
TEMPERATURE (F)
 YESTERDAY
  MAXIMUM         79   1230 PM  97    1996  83     -4       80
  MINIMUM         62   1158 PM  45    1894  59      3       54
  AVERAGE         71                        71      0       67

PRECIPITATION (IN)
  YESTERDAY        0.00          0.07 1979   0.00   0.00     0.00
  MONTH TO DATE    T                         0.00   0.00     0.00
  SINCE JUL 1      T                         0.00   0.00     0.00
  SINCE JAN 1      4.79                      9.89  -5.10     2.24

SNOWFALL (IN)
  YESTERDAY        0.0                      MM     MM        0.0
  MONTH TO DATE    0.0                      MM     MM        0.0
  SINCE JUN 1      0.0                      MM     MM        0.0
  SINCE JUL 1      0.0                      MM     MM        0.0

DEGREE DAYS
 HEATING
  YESTERDAY        0                         0      0        0
  MONTH TO DATE    0                         0      0        0
  SINCE JUN 1      9                        15     -6       12
  SINCE JUL 1      0                         0      0        0

 COOLING
  YESTERDAY        6                         6      0        2
  MONTH TO DATE  100                       126    -26       89
  SINCE JUN 1    186                       241    -55      194
  SINCE JAN 1    277                       311    -34      261
..................................................................


WIND (MPH)
  RESULTANT WIND SPEED   4   RESULTANT WIND DIRECTION  NW (310)
  HIGHEST WIND SPEED    18   HIGHEST WIND DIRECTION     W (280)
  HIGHEST GUST SPEED    23   HIGHEST GUST DIRECTION     N (350)
  AVERAGE WIND SPEED     8.0


SKY COVER
  POSSIBLE SUNSHINE  MM
  AVERAGE SKY COVER 0.3


WEATHER CONDITIONS
 THE FOLLOWING WEATHER WAS RECORDED YESTERDAY.
  NO SIGNIFICANT WEATHER WAS OBSERVED.


RELATIVE HUMIDITY (PERCENT)
 HIGHEST    78          1200 AM
 LOWEST     48          1200 PM
 AVERAGE    63

..........................................................


THE SAN JOSE AIRPORT CLIMATE NORMALS FOR TODAY
                         NORMAL    RECORD    YEAR
 MAXIMUM TEMPERATURE (F)   83       103      2006
 MINIMUM TEMPERATURE (F)   59        43      1894


SUNRISE AND SUNSET
JULY 22 2014..........SUNRISE   604 AM PDT   SUNSET   824 PM PDT
JULY 23 2014..........SUNRISE   605 AM PDT   SUNSET   823 PM PDT


-  INDICATES NEGATIVE NUMBERS.
R  INDICATES RECORD WAS SET OR TIED.
MM INDICATES DATA IS MISSING.
T  INDICATES TRACE AMOUNT.




$$
