000
CDUS46 KMTR 060845
CLISJC


CLIMATE REPORT
NATIONAL WEATHER SERVICE SAN FRANCISCO BAY AREA
1245 AM PST TUE DEC 6 2016


...................................

...THE SAN JOSE AIRPORT CLIMATE SUMMARY FOR DECEMBER 5 2016...

CLIMATE NORMAL PERIOD 1981 TO 2010
CLIMATE RECORD PERIOD 1893 TO 2016


WEATHER ITEM   OBSERVED TIME   RECORD YEAR NORMAL DEPARTURE LAST
                VALUE   (LST)  VALUE       VALUE  FROM      YEAR
                                                  NORMAL
..................................................................
TEMPERATURE (F)
 YESTERDAY
  MAXIMUM         57   1235 PM  72    1959  59     -2       59
  MINIMUM         49   1050 PM  29    2013  43      6       40
                                      1972
  AVERAGE         53                        51      2       50

PRECIPITATION (IN)
  YESTERDAY        T             1.20 1909   0.07  -0.07     0.00
  MONTH TO DATE    T                         0.35  -0.35     0.11
  SINCE OCT 1      2.87                      2.83   0.04     2.58
  SINCE JAN 1     13.08                     13.56  -0.48     6.02

SNOWFALL (IN)
  YESTERDAY       MM                         0.0   MM        0.0
  MONTH TO DATE    0.0                       0.0    0.0      0.0
  SINCE DEC 1      0.0                       0.0    0.0      0.0
  SINCE JUL 1      0.0                       0.0    0.0      0.0

DEGREE DAYS
 HEATING
  YESTERDAY       12                        14     -2       15
  MONTH TO DATE   62                        70     -8       72
  SINCE DEC 1     62                        70     -8       72
  SINCE JUL 1    285                       477   -192      437

 COOLING
  YESTERDAY        0                         0      0        0
  MONTH TO DATE    0                         0      0        0
  SINCE DEC 1      0                         0      0        0
  SINCE JAN 1    706                       637     69      765
..................................................................


WIND (MPH)
  RESULTANT WIND SPEED   4   RESULTANT WIND DIRECTION   W (290)
  HIGHEST WIND SPEED    10   HIGHEST WIND DIRECTION    NW (310)
  HIGHEST GUST SPEED    12   HIGHEST GUST DIRECTION    NW (310)
  AVERAGE WIND SPEED     4.9


SKY COVER
  POSSIBLE SUNSHINE  MM
  AVERAGE SKY COVER 1.0


WEATHER CONDITIONS
 THE FOLLOWING WEATHER WAS RECORDED YESTERDAY.
  FOG
  HAZE


RELATIVE HUMIDITY (PERCENT)
 HIGHEST    93          1200 AM
 LOWEST     66           400 PM
 AVERAGE    80

..........................................................


THE SAN JOSE AIRPORT CLIMATE NORMALS FOR TODAY
                         NORMAL    RECORD    YEAR
 MAXIMUM TEMPERATURE (F)   59        70      2015
                                             1979
 MINIMUM TEMPERATURE (F)   43        30      2013


SUNRISE AND SUNSET
DECEMBER  6 2016......SUNRISE   708 AM PST   SUNSET   450 PM PST
DECEMBER  7 2016......SUNRISE   709 AM PST   SUNSET   450 PM PST


-  INDICATES NEGATIVE NUMBERS.
R  INDICATES RECORD WAS SET OR TIED.
MM INDICATES DATA IS MISSING.
T  INDICATES TRACE AMOUNT.




$$
