000
CDUS46 KMTR 290927
CLISJC


CLIMATE REPORT
NATIONAL WEATHER SERVICE SAN FRANCISCO BAY AREA
227 AM PDT THU SEP 29 2016


...................................

...THE SAN JOSE AIRPORT CLIMATE SUMMARY FOR SEPTEMBER 28 2016...

CLIMATE NORMAL PERIOD 1981 TO 2010
CLIMATE RECORD PERIOD 1893 TO 2016


WEATHER ITEM   OBSERVED TIME   RECORD YEAR NORMAL DEPARTURE LAST
                VALUE   (LST)  VALUE       VALUE  FROM      YEAR
                                                  NORMAL
..................................................................
TEMPERATURE (F)
 YESTERDAY
  MAXIMUM         80    146 PM  99    2010  78      2       74
  MINIMUM         58   1150 PM  38    1894  56      2       58
  AVERAGE         69                        67      2       66

PRECIPITATION (IN)
  YESTERDAY        0.00          0.41 1976   0.01  -0.01     0.00
  MONTH TO DATE    T                         0.15  -0.15      T
  SINCE OCT 1     14.91                     15.79  -0.88    13.38
  SINCE JAN 1     10.21                     10.70  -0.49     3.43

SNOWFALL (IN)
  YESTERDAY        0.0                       0.0    0.0      0.0
  MONTH TO DATE    0.0                       0.0    0.0      0.0
  SINCE SEP 1      0.0                       0.0    0.0      0.0
  SINCE JUL 1      0.0                       0.0    0.0      0.0

DEGREE DAYS
 HEATING
  YESTERDAY        0                         1     -1        0
  MONTH TO DATE    0                         8     -8        1
  SINCE SEP 1      0                         8     -8        1
  SINCE JUL 1      0                        14    -14        1

 COOLING
  YESTERDAY        4                         3      1        1
  MONTH TO DATE  145                       111     34      170
  SINCE SEP 1    145                       111     34      170
  SINCE JAN 1    666                       594     72      669
..................................................................


WIND (MPH)
  RESULTANT WIND SPEED   5   RESULTANT WIND DIRECTION  NW (300)
  HIGHEST WIND SPEED    16   HIGHEST WIND DIRECTION     W (280)
  HIGHEST GUST SPEED    19   HIGHEST GUST DIRECTION     W (290)
  AVERAGE WIND SPEED     5.5


SKY COVER
  POSSIBLE SUNSHINE  MM
  AVERAGE SKY COVER 0.3


WEATHER CONDITIONS
 THE FOLLOWING WEATHER WAS RECORDED YESTERDAY.
  NO SIGNIFICANT WEATHER WAS OBSERVED.


RELATIVE HUMIDITY (PERCENT)
 HIGHEST    84           200 AM
 LOWEST     42           100 PM
 AVERAGE    63

..........................................................


THE SAN JOSE AIRPORT CLIMATE NORMALS FOR TODAY
                         NORMAL    RECORD    YEAR
 MAXIMUM TEMPERATURE (F)   78        96      1997
 MINIMUM TEMPERATURE (F)   55        42      1905


SUNRISE AND SUNSET
SEPTEMBER 29 2016.....SUNRISE   702 AM PDT   SUNSET   653 PM PDT
SEPTEMBER 30 2016.....SUNRISE   703 AM PDT   SUNSET   651 PM PDT


-  INDICATES NEGATIVE NUMBERS.
R  INDICATES RECORD WAS SET OR TIED.
MM INDICATES DATA IS MISSING.
T  INDICATES TRACE AMOUNT.




$$
