000
CDUS46 KMTR 240832
CLISJC


CLIMATE REPORT
NATIONAL WEATHER SERVICE SAN FRANCISCO BAY AREA
132 AM PDT SUN MAY 24 2015


...................................

...THE SAN JOSE AIRPORT CLIMATE SUMMARY FOR MAY 23 2015...

CLIMATE NORMAL PERIOD 1981 TO 2010
CLIMATE RECORD PERIOD 1893 TO 2015


WEATHER ITEM   OBSERVED TIME   RECORD YEAR NORMAL DEPARTURE LAST
                VALUE   (LST)  VALUE       VALUE  FROM      YEAR
                                                  NORMAL
..................................................................
TEMPERATURE (F)
 YESTERDAY
  MAXIMUM         68    259 PM  99    1943  76     -8       76
  MINIMUM         55   1159 PM  35    1895  54      1       56
  AVERAGE         62                        65     -3       66

PRECIPITATION (IN)
  YESTERDAY        0.00          0.55 1997   0.01  -0.01     0.00
  MONTH TO DATE    0.50                      0.35   0.15      T
  SINCE OCT 1     13.26                     14.54  -1.28     5.68
  SINCE JAN 1      3.31                      9.76  -6.45     4.78

SNOWFALL (IN)
  YESTERDAY        0.0                      MM     MM        0.0
  MONTH TO DATE    0.0                      MM     MM        0.0
  SINCE MAR 1      0.0                      MM     MM        0.0
  SINCE JUL 1      0.0                      MM     MM        0.0

DEGREE DAYS
 HEATING
  YESTERDAY        3                         2      1        0
  MONTH TO DATE  113                        68     45       45
  SINCE MAR 1    414                       509    -95      351
  SINCE JUL 1   1634                      1972   -338     1892

 COOLING
  YESTERDAY        0                         2     -2        1
  MONTH TO DATE    6                        35    -29       52
  SINCE MAR 1     27                        54    -27       80
  SINCE JAN 1     27                        54    -27       80
..................................................................


WIND (MPH)
  RESULTANT WIND SPEED   6   RESULTANT WIND DIRECTION   W (290)
  HIGHEST WIND SPEED    17   HIGHEST WIND DIRECTION    NW (300)
  HIGHEST GUST SPEED    25   HIGHEST GUST DIRECTION     W (270)
  AVERAGE WIND SPEED     8.3


SKY COVER
  POSSIBLE SUNSHINE  MM
  AVERAGE SKY COVER 0.7


WEATHER CONDITIONS
 THE FOLLOWING WEATHER WAS RECORDED YESTERDAY.
  NO SIGNIFICANT WEATHER WAS OBSERVED.


RELATIVE HUMIDITY (PERCENT)
 HIGHEST    77           300 AM
 LOWEST     52           100 PM
 AVERAGE    65

..........................................................


THE SAN JOSE AIRPORT CLIMATE NORMALS FOR TODAY
                         NORMAL    RECORD    YEAR
 MAXIMUM TEMPERATURE (F)   76        96      1982
 MINIMUM TEMPERATURE (F)   54        37      1896


SUNRISE AND SUNSET
MAY 24 2015...........SUNRISE   553 AM PDT   SUNSET   817 PM PDT
MAY 25 2015...........SUNRISE   552 AM PDT   SUNSET   818 PM PDT


-  INDICATES NEGATIVE NUMBERS.
R  INDICATES RECORD WAS SET OR TIED.
MM INDICATES DATA IS MISSING.
T  INDICATES TRACE AMOUNT.




$$
