000
CDUS46 KMTR 210037
CLISJC


CLIMATE REPORT
NATIONAL WEATHER SERVICE SAN FRANCISCO BAY AREA
537 PM PDT SUN APR 20 2014


...................................

...THE SAN JOSE CA CLIMATE SUMMARY FOR APRIL 20 2014...
VALID TODAY AS OF 0500 PM LOCAL TIME.

CLIMATE NORMAL PERIOD 1981 TO 2010
CLIMATE RECORD PERIOD 1893 TO 2014


WEATHER ITEM   OBSERVED TIME   RECORD YEAR NORMAL DEPARTURE LAST
                VALUE   (LST)  VALUE       VALUE  FROM      YEAR
                                                  NORMAL
..................................................................
TEMPERATURE (F)
 TODAY
  MAXIMUM         80    319 PM  95    2009  71      9       79
  MINIMUM         50    606 AM  28    1896  49      1       51
  AVERAGE         65                        60      5       65

PRECIPITATION (IN)
  TODAY            0.00          0.57 1963   0.04  -0.04     0.00
  MONTH TO DATE    0.39                      0.78  -0.39     0.26
  SINCE JUL 1      6.07                     14.14  -8.07     9.38
  SINCE JAN 1      4.51                      9.13  -4.62     2.19

SNOWFALL (IN)
  TODAY            0.0           0.0  1947
  MONTH TO DATE    0.0
  SINCE MAR 1      0.0
  SINCE JUL 1      0.0

DEGREE DAYS
 HEATING
  TODAY            0                         6     -6        0
  MONTH TO DATE   83                       136    -53      102
  SINCE MAR 1    253                       391   -138      354
  SINCE JUL 1   1794                      1854    -60     1960

 COOLING
  TODAY            0                         1     -1        0
  MONTH TO DATE   11                         5      6        3
  SINCE MAR 1     15                         9      6        4
  SINCE JAN 1     15                         9      6        4
..................................................................


WIND (MPH)
  RESULTANT WIND SPEED   3   RESULTANT WIND DIRECTION  NW (300)
  HIGHEST WIND SPEED    15   HIGHEST WIND DIRECTION     W (270)
  HIGHEST GUST SPEED    17   HIGHEST GUST DIRECTION     W (280)
  AVERAGE WIND SPEED     3.9


SKY COVER
  POSSIBLE SUNSHINE  MM
  AVERAGE SKY COVER 0.2


WEATHER CONDITIONS
 THE FOLLOWING WEATHER WAS RECORDED TODAY.
  NO SIGNIFICANT WEATHER WAS OBSERVED.


RELATIVE HUMIDITY (PERCENT)
 HIGHEST    89           100 AM
 LOWEST     21           300 PM
 AVERAGE    55

..........................................................


THE SAN JOSE CA CLIMATE NORMALS FOR TOMORROW
                         NORMAL    RECORD    YEAR
 MAXIMUM TEMPERATURE (F)   71        92      2009
 MINIMUM TEMPERATURE (F)   49        34      1897


SUNRISE AND SUNSET
APRIL 20 2014.........SUNRISE   626 AM PDT   SUNSET   748 PM PDT
APRIL 21 2014.........SUNRISE   625 AM PDT   SUNSET   748 PM PDT


-  INDICATES NEGATIVE NUMBERS.
R  INDICATES RECORD WAS SET OR TIED.
MM INDICATES DATA IS MISSING.
T  INDICATES TRACE AMOUNT.




$$
