000
CDUS44 KSJT 192236
CLISJT


CLIMATE REPORT
NATIONAL WEATHER SERVICE SAN ANGELO TX
535 PM CDT TUE SEP 19 2017


...................................

...THE SAN ANGELO CLIMATE SUMMARY FOR SEPTEMBER 19 2017...
VALID TODAY AS OF 0500 PM LOCAL TIME.

CLIMATE NORMAL PERIOD 1981 TO 2010
CLIMATE RECORD PERIOD 1907 TO 2017


WEATHER ITEM   OBSERVED TIME   RECORD YEAR NORMAL DEPARTURE LAST
                VALUE   (LST)  VALUE       VALUE  FROM      YEAR
                                                  NORMAL
..................................................................
TEMPERATURE (F)
 TODAY
  MAXIMUM         98    430 PM 100    1945  87     11       99
                                      1907
  MINIMUM         75    644 AM  39    1913  62     13       69
  AVERAGE         87                        74     13       84

PRECIPITATION (IN)
  TODAY            T             2.43 2013   0.07  -0.07     0.00
  MONTH TO DATE    0.81                      1.63  -0.82     2.49
  SINCE SEP 1      0.81                      1.63  -0.82     2.49
  SINCE JAN 1     12.91                     15.70  -2.79    28.01

DEGREE DAYS
 HEATING
  TODAY            0                         0      0        0
  MONTH TO DATE    0                         0      0        0
  SINCE SEP 1      0                         0      0        0
  SINCE JUL 1      0                         0      0        0

 COOLING
  TODAY           22                        10     12       19
  MONTH TO DATE  250                       238     12      294
  SINCE SEP 1    250                       238     12      294
  SINCE JAN 1   2524                      2274    250     2454
..................................................................


WIND (MPH)
  HIGHEST WIND SPEED    23   HIGHEST WIND DIRECTION    SW (210)
  HIGHEST GUST SPEED    29   HIGHEST GUST DIRECTION     S (200)
  AVERAGE WIND SPEED    11.5


SKY COVER
  POSSIBLE SUNSHINE  MM
  AVERAGE SKY COVER 0.1


WEATHER CONDITIONS
 THE FOLLOWING WEATHER WAS RECORDED TODAY.
  NO SIGNIFICANT WEATHER WAS OBSERVED.


RELATIVE HUMIDITY (PERCENT)
 HIGHEST    79           500 AM
 LOWEST     30           400 PM
 AVERAGE    55

..........................................................


THE SAN ANGELO CLIMATE NORMALS FOR TOMORROW
                         NORMAL    RECORD    YEAR
 MAXIMUM TEMPERATURE (F)   86       102      1953
 MINIMUM TEMPERATURE (F)   62        37      1913


SUNRISE AND SUNSET
SEPTEMBER 19 2017.....SUNRISE   729 AM CDT   SUNSET   742 PM CDT
SEPTEMBER 20 2017.....SUNRISE   729 AM CDT   SUNSET   741 PM CDT


-  INDICATES NEGATIVE NUMBERS.
R  INDICATES RECORD WAS SET OR TIED.
MM INDICATES DATA IS MISSING.
T  INDICATES TRACE AMOUNT.




$$
