000
CDUS44 KSJT 130806
CLISJT


CLIMATE REPORT
NATIONAL WEATHER SERVICE SAN ANGELO TX
205 AM CST SAT FEB 13 2016


...................................

...THE SAN ANGELO CLIMATE SUMMARY FOR FEBRUARY 12 2016...

CLIMATE NORMAL PERIOD 1981 TO 2010
CLIMATE RECORD PERIOD 1907 TO 2016


WEATHER ITEM   OBSERVED TIME   RECORD YEAR NORMAL DEPARTURE LAST
                VALUE   (LST)  VALUE       VALUE  FROM      YEAR
                                                  NORMAL
..................................................................
TEMPERATURE (F)
 YESTERDAY
  MAXIMUM         75    441 PM  90    1922  63     12       55
  MINIMUM         31    741 AM  15    1948  36     -5       44
  AVERAGE         53                        50      3       50

PRECIPITATION (IN)
  YESTERDAY        0.00          1.46 1912   0.05  -0.05     0.00
  MONTH TO DATE    0.00                      0.52  -0.52      T
  SINCE DEC 1      2.29                      2.30  -0.01     2.39
  SINCE JAN 1      0.03                      1.45  -1.42     2.03

SNOWFALL (IN)
  YESTERDAY        0.0           1.0  1963   0.0    0.0      0.0
  MONTH TO DATE    0.0                       0.1   -0.1      0.0
  SINCE NOV 1      3.1                       1.9    1.2       T
  SINCE JUL 1      3.1                       1.9    1.2       T
  SNOW DEPTH       0

DEGREE DAYS
 HEATING
  YESTERDAY       12                        16     -4       15
  MONTH TO DATE  185                       198    -13      149
  SINCE DEC 1   1160                      1342   -182     1170
  SINCE JUL 1   1446                      1742   -296     1540

 COOLING
  YESTERDAY        0                         0      0        0
  MONTH TO DATE    0                         0      0        0
  SINCE DEC 1      0                         2     -2        1
  SINCE JAN 1      0                         1     -1        0
..................................................................


WIND (MPH)
  HIGHEST WIND SPEED    14   HIGHEST WIND DIRECTION    NE (60)
  HIGHEST GUST SPEED    19   HIGHEST GUST DIRECTION    NE (50)
  AVERAGE WIND SPEED     6.6


SKY COVER
  POSSIBLE SUNSHINE  MM
  AVERAGE SKY COVER 0.0


WEATHER CONDITIONS
 THE FOLLOWING WEATHER WAS RECORDED YESTERDAY.
  NO SIGNIFICANT WEATHER WAS OBSERVED.


RELATIVE HUMIDITY (PERCENT)
 HIGHEST    72           800 AM
 LOWEST     23           200 PM
 AVERAGE    48

..........................................................


THE SAN ANGELO CLIMATE NORMALS FOR TODAY
                         NORMAL    RECORD    YEAR
 MAXIMUM TEMPERATURE (F)   63        86      1922
 MINIMUM TEMPERATURE (F)   37        18      1963


SUNRISE AND SUNSET
FEBRUARY 13 2016......SUNRISE   726 AM CST   SUNSET   627 PM CST
FEBRUARY 14 2016......SUNRISE   725 AM CST   SUNSET   628 PM CST


-  INDICATES NEGATIVE NUMBERS.
R  INDICATES RECORD WAS SET OR TIED.
MM INDICATES DATA IS MISSING.
T  INDICATES TRACE AMOUNT.




$$
