000
CDUS44 KSJT 170856
CLISJT


CLIMATE REPORT
NATIONAL WEATHER SERVICE SAN ANGELO TX
256 AM CST WED JAN 17 2018


...................................

...THE SAN ANGELO CLIMATE SUMMARY FOR JANUARY 16 2018...

CLIMATE NORMAL PERIOD 1981 TO 2010
CLIMATE RECORD PERIOD 1907 TO 2018


WEATHER ITEM   OBSERVED TIME   RECORD YEAR NORMAL DEPARTURE LAST
                VALUE   (LST)  VALUE       VALUE  FROM      YEAR
                                                  NORMAL
..................................................................
TEMPERATURE (F)
 YESTERDAY
  MAXIMUM         30   1216 AM  81    1914  59    -29       71
  MINIMUM         19   1159 PM  15    1982  33    -14       34
  AVERAGE         25                        46    -21       53

PRECIPITATION (IN)
  YESTERDAY        T             1.20 1919   0.03  -0.03     0.00
  MONTH TO DATE    T                         0.44  -0.44     0.96
  SINCE DEC 1      1.13                      1.29  -0.16     1.70
  SINCE JAN 1      T                         0.44  -0.44     0.96

SNOWFALL (IN)
  YESTERDAY        T            10.0  1919   0.1   -0.1      0.0
  MONTH TO DATE    T                         0.7   -0.7       T
  SINCE NOV 1      T                         1.3   -1.3       T
  SINCE JUL 1      T                         1.3   -1.3       T
  SNOW DEPTH       0

DEGREE DAYS
 HEATING
  YESTERDAY       40                        19     21       12
  MONTH TO DATE  367                       304     63      268
  SINCE DEC 1    921                       871     50      742
  SINCE JUL 1   1221                      1271    -50      910

 COOLING
  YESTERDAY        0                         0      0        0
  MONTH TO DATE    0                         0      0        0
  SINCE DEC 1      3                         1      2        1
  SINCE JAN 1      0                         0      0        0
..................................................................


WIND (MPH)
  HIGHEST WIND SPEED    26   HIGHEST WIND DIRECTION     N (20)
  HIGHEST GUST SPEED    31   HIGHEST GUST DIRECTION    NE (40)
  AVERAGE WIND SPEED    11.7


SKY COVER
  POSSIBLE SUNSHINE  MM
  AVERAGE SKY COVER 0.9


WEATHER CONDITIONS
 THE FOLLOWING WEATHER WAS RECORDED YESTERDAY.
  NO SIGNIFICANT WEATHER WAS OBSERVED.


RELATIVE HUMIDITY (PERCENT)
 HIGHEST    45          1100 PM
 LOWEST     25           100 PM
 AVERAGE    35

..........................................................


THE SAN ANGELO CLIMATE NORMALS FOR TODAY
                         NORMAL    RECORD    YEAR
 MAXIMUM TEMPERATURE (F)   59        86      1943
                                             1914
 MINIMUM TEMPERATURE (F)   33        13      1982


SUNRISE AND SUNSET
JANUARY 17 2018.......SUNRISE   741 AM CST   SUNSET   604 PM CST
JANUARY 18 2018.......SUNRISE   741 AM CST   SUNSET   604 PM CST


-  INDICATES NEGATIVE NUMBERS.
R  INDICATES RECORD WAS SET OR TIED.
MM INDICATES DATA IS MISSING.
T  INDICATES TRACE AMOUNT.




$$
