000
CDUS44 KSJT 270757
CLISJT


CLIMATE REPORT
NATIONAL WEATHER SERVICE SAN ANGELO TX
156 AM CST TUE JAN 27 2015


...................................

...THE SAN ANGELO CLIMATE SUMMARY FOR JANUARY 26 2015...

CLIMATE NORMAL PERIOD 1981 TO 2010
CLIMATE RECORD PERIOD 1907 TO 2015


WEATHER ITEM   OBSERVED TIME   RECORD YEAR NORMAL DEPARTURE LAST
                VALUE   (LST)  VALUE       VALUE  FROM      YEAR
                                                  NORMAL
..................................................................
TEMPERATURE (F)
 YESTERDAY
  MAXIMUM         69    353 PM  88    1912  60      9       78
  MINIMUM         35    744 AM   6    1926  34      1       37
  AVERAGE         52                        47      5       58

PRECIPITATION (IN)
  YESTERDAY        0.00          1.12 1992   0.03  -0.03     0.00
  MONTH TO DATE    1.50                      0.76   0.74      T
  SINCE DEC 1      1.86                      1.61   0.25     1.15
  SINCE JAN 1      1.50                      0.76   0.74      T

SNOWFALL (IN)
  YESTERDAY        0.0           T    1976   0.1   -0.1      0.0
  MONTH TO DATE    T                         1.1   -1.1       T
  SINCE NOV 1      T                         1.7   -1.7      1.5
  SINCE JUL 1      T                         1.7   -1.7      1.5
  SNOW DEPTH       0

DEGREE DAYS
 HEATING
  YESTERDAY       13                        18     -5        7
  MONTH TO DATE  585                       487     98      474
  SINCE DEC 1    976                      1054    -78     1097
  SINCE JUL 1   1346                      1454   -108     1573

 COOLING
  YESTERDAY        0                         0      0        0
  MONTH TO DATE    0                         0      0        0
  SINCE DEC 1      1                         1      0        3
  SINCE JAN 1      0                         0      0        0
..................................................................


WIND (MPH)
  HIGHEST WIND SPEED    15   HIGHEST WIND DIRECTION     W (250)
  HIGHEST GUST SPEED    19   HIGHEST GUST DIRECTION     W (250)
  AVERAGE WIND SPEED     5.9


SKY COVER
  POSSIBLE SUNSHINE  MM
  AVERAGE SKY COVER 0.0


WEATHER CONDITIONS
 THE FOLLOWING WEATHER WAS RECORDED YESTERDAY.
  NO SIGNIFICANT WEATHER WAS OBSERVED.


RELATIVE HUMIDITY (PERCENT)
 HIGHEST    85           200 AM
 LOWEST     28           400 PM
 AVERAGE    57

..........................................................


THE SAN ANGELO CLIMATE NORMALS FOR TODAY
                         NORMAL    RECORD    YEAR
 MAXIMUM TEMPERATURE (F)   60        86      1975
 MINIMUM TEMPERATURE (F)   34        11      1926


SUNRISE AND SUNSET
JANUARY 27 2015.......SUNRISE   737 AM CST   SUNSET   612 PM CST
JANUARY 28 2015.......SUNRISE   737 AM CST   SUNSET   613 PM CST


-  INDICATES NEGATIVE NUMBERS.
R  INDICATES RECORD WAS SET OR TIED.
MM INDICATES DATA IS MISSING.
T  INDICATES TRACE AMOUNT.




$$
