000
CDUS44 KSJT 222331
CLISJT


CLIMATE REPORT
NATIONAL WEATHER SERVICE SAN ANGELO TX
530 PM CST MON DEC 22 2014


...................................

...THE SAN ANGELO CLIMATE SUMMARY FOR DECEMBER 22 2014...
VALID TODAY AS OF 0500 PM LOCAL TIME.

CLIMATE NORMAL PERIOD 1981 TO 2010
CLIMATE RECORD PERIOD 1907 TO 2014


WEATHER ITEM   OBSERVED TIME   RECORD YEAR NORMAL DEPARTURE LAST
                VALUE   (LST)  VALUE       VALUE  FROM      YEAR
                                                  NORMAL
..................................................................
TEMPERATURE (F)
 TODAY
  MAXIMUM         74    230 PM  81    1971  59     15       49
                                      1970
  MINIMUM         49    817 AM   2    1989  33     16       30
  AVERAGE         62                        46     16       40

PRECIPITATION (IN)
  TODAY            0.00          1.09 1986   0.03  -0.03     0.00
  MONTH TO DATE    0.04                      0.58  -0.54     1.15
  SINCE DEC 1      0.04                      0.58  -0.54     1.15
  SINCE JAN 1     16.39                     20.98  -4.59    19.80

SNOWFALL (IN)
  TODAY            0.0           1.1  1990   0.0    0.0      0.0
  MONTH TO DATE    0.0                       0.2   -0.2      1.5
  SINCE NOV 1      T                         0.5   -0.5      1.5
  SINCE JUL 1      T                         0.5   -0.5      1.5

DEGREE DAYS
 HEATING
  TODAY            3                        19    -16       25
  MONTH TO DATE  202                       392   -190      419
  SINCE DEC 1    202                       392   -190      419
  SINCE JUL 1    572                       792   -220      895

 COOLING
  TODAY            0                         0      0        0
  MONTH TO DATE    1                         0      1        3
  SINCE DEC 1      1                         0      1        3
  SINCE JAN 1   2877                      2502    375     2863
..................................................................


WIND (MPH)
  HIGHEST WIND SPEED    21   HIGHEST WIND DIRECTION    NW (300)
  HIGHEST GUST SPEED    26   HIGHEST GUST DIRECTION     W (290)
  AVERAGE WIND SPEED    13.4


SKY COVER
  POSSIBLE SUNSHINE  MM
  AVERAGE SKY COVER 0.0


WEATHER CONDITIONS
 THE FOLLOWING WEATHER WAS RECORDED TODAY.
  NO SIGNIFICANT WEATHER WAS OBSERVED.


RELATIVE HUMIDITY (PERCENT)
 HIGHEST    86           100 AM
 LOWEST     23           100 PM
 AVERAGE    55

..........................................................


THE SAN ANGELO CLIMATE NORMALS FOR TOMORROW
                         NORMAL    RECORD    YEAR
 MAXIMUM TEMPERATURE (F)   59        83      1955
 MINIMUM TEMPERATURE (F)   33        -4      1989


SUNRISE AND SUNSET
DECEMBER 22 2014......SUNRISE   737 AM CST   SUNSET   544 PM CST
DECEMBER 23 2014......SUNRISE   738 AM CST   SUNSET   544 PM CST


-  INDICATES NEGATIVE NUMBERS.
R  INDICATES RECORD WAS SET OR TIED.
MM INDICATES DATA IS MISSING.
T  INDICATES TRACE AMOUNT.




$$
