000
CDUS44 KSJT 200658
CLISJT


CLIMATE REPORT
NATIONAL WEATHER SERVICE SAN ANGELO TX
156 AM CDT SUN APR 20 2014


...................................

...THE SAN ANGELO CLIMATE SUMMARY FOR APRIL 19 2014...

CLIMATE NORMAL PERIOD 1981 TO 2010
CLIMATE RECORD PERIOD 1907 TO 2014


WEATHER ITEM   OBSERVED TIME   RECORD YEAR NORMAL DEPARTURE LAST
                VALUE   (LST)  VALUE       VALUE  FROM      YEAR
                                                  NORMAL
..................................................................
TEMPERATURE (F)
 YESTERDAY
  MAXIMUM         79    153 PM 107    1925  81     -2       68
  MINIMUM         57    603 AM  34    2013  53      4       34
  AVERAGE         68                        67      1       51

PRECIPITATION (IN)
  YESTERDAY        0.02          0.85 1949   0.05  -0.03     0.00
  MONTH TO DATE    0.28                      0.83  -0.55     0.98
  SINCE MAR 1      0.33                      2.33  -2.00     0.99
  SINCE JAN 1      0.39                      4.61  -4.22     2.81

SNOWFALL (IN)
  YESTERDAY        0.0           0.0  2002   0.0    0.0      0.0
  MONTH TO DATE    0.0                       0.0    0.0       T
  SINCE NOV 1      1.6                       2.2   -0.6      2.8
  SINCE JUL 1      1.6                       2.2   -0.6      2.8
  SNOW DEPTH       0

DEGREE DAYS
 HEATING
  YESTERDAY        0                         2     -2       14
  MONTH TO DATE   65                        71     -6       77
  SINCE MAR 1    347                       328     19      264
  SINCE JUL 1   2467                      2289    178     1866

 COOLING
  YESTERDAY        3                         4     -1        0
  MONTH TO DATE  100                        59     41      117
  SINCE MAR 1    155                        92     63      180
  SINCE JAN 1    158                        97     61      192
..................................................................


WIND (MPH)
  HIGHEST WIND SPEED    24   HIGHEST WIND DIRECTION     S (170)
  HIGHEST GUST SPEED    30   HIGHEST GUST DIRECTION     S (170)
  AVERAGE WIND SPEED     9.9


SKY COVER
  POSSIBLE SUNSHINE  MM
  AVERAGE SKY COVER 0.3


WEATHER CONDITIONS
 THE FOLLOWING WEATHER WAS RECORDED YESTERDAY.
  THUNDERSTORM
  RAIN
  LIGHT RAIN
  FOG


RELATIVE HUMIDITY (PERCENT)
 HIGHEST    80           500 AM
 LOWEST     39           200 PM
 AVERAGE    60

..........................................................


THE SAN ANGELO CLIMATE NORMALS FOR TODAY
                         NORMAL    RECORD    YEAR
 MAXIMUM TEMPERATURE (F)   81        99      1925
 MINIMUM TEMPERATURE (F)   53        38      1940
                                             1922


SUNRISE AND SUNSET
APRIL 20 2014.........SUNRISE   708 AM CDT   SUNSET   814 PM CDT
APRIL 21 2014.........SUNRISE   707 AM CDT   SUNSET   815 PM CDT


-  INDICATES NEGATIVE NUMBERS.
R  INDICATES RECORD WAS SET OR TIED.
MM INDICATES DATA IS MISSING.
T  INDICATES TRACE AMOUNT.




$$
