000
CDUS44 KSJT 230658
CLISJT


CLIMATE REPORT
NATIONAL WEATHER SERVICE SAN ANGELO TX
157 AM CDT SAT JUL 23 2016


...................................

...THE SAN ANGELO CLIMATE SUMMARY FOR JULY 22 2016...

CLIMATE NORMAL PERIOD 1981 TO 2010
CLIMATE RECORD PERIOD 1907 TO 2016


WEATHER ITEM   OBSERVED TIME   RECORD YEAR NORMAL DEPARTURE LAST
                VALUE   (LST)  VALUE       VALUE  FROM      YEAR
                                                  NORMAL
..................................................................
TEMPERATURE (F)
 YESTERDAY
  MAXIMUM        101    502 PM 105    2012  96      5      101
  MINIMUM         75    624 AM  59    1988  72      3       76
  AVERAGE         88                        84      4       89

PRECIPITATION (IN)
  YESTERDAY        0.00          1.20 2009   0.03  -0.03     0.00
  MONTH TO DATE    0.00                      0.87  -0.87     0.55
  SINCE JUN 1      7.02                      3.46   3.56     4.10
  SINCE JAN 1     22.65                     11.48  11.17    18.96

DEGREE DAYS
 HEATING
  YESTERDAY        0                         0      0        0
  MONTH TO DATE    0                         0      0        0
  SINCE JUN 1      0                         0      0        0
  SINCE JUL 1      0                         0      0        0

 COOLING
  YESTERDAY       23                        19      4       24
  MONTH TO DATE  506                       393    113      418
  SINCE JUN 1    952                       857     95      862
  SINCE JAN 1   1363                      1317     46     1329
..................................................................


WIND (MPH)
  HIGHEST WIND SPEED    16   HIGHEST WIND DIRECTION    SW (210)
  HIGHEST GUST SPEED    21   HIGHEST GUST DIRECTION    SE (120)
  AVERAGE WIND SPEED     8.2


SKY COVER
  POSSIBLE SUNSHINE  MM
  AVERAGE SKY COVER 0.1


WEATHER CONDITIONS
 THE FOLLOWING WEATHER WAS RECORDED YESTERDAY.
  NO SIGNIFICANT WEATHER WAS OBSERVED.


RELATIVE HUMIDITY (PERCENT)
 HIGHEST    69           600 AM
 LOWEST     23           600 PM
 AVERAGE    46

..........................................................


THE SAN ANGELO CLIMATE NORMALS FOR TODAY
                         NORMAL    RECORD    YEAR
 MAXIMUM TEMPERATURE (F)   96       108      1911
 MINIMUM TEMPERATURE (F)   72        56      1915


SUNRISE AND SUNSET
JULY 23 2016..........SUNRISE   653 AM CDT   SUNSET   843 PM CDT
JULY 24 2016..........SUNRISE   654 AM CDT   SUNSET   843 PM CDT


-  INDICATES NEGATIVE NUMBERS.
R  INDICATES RECORD WAS SET OR TIED.
MM INDICATES DATA IS MISSING.
T  INDICATES TRACE AMOUNT.




$$
