000
CDCA42 TJSJ 292136
CLISJU


CLIMATE REPORT
NATIONAL WEATHER SERVICE SAN JUAN, PR
535 PM AST SUN MAR 29 2015


...................................

...THE SAN JUAN AREA/PR CLIMATE SUMMARY FOR MARCH 29 2015...
VALID TODAY AS OF 0500 PM LOCAL TIME.

CLIMATE NORMAL PERIOD 1981 TO 2010
CLIMATE RECORD PERIOD 1898 TO 2015


WEATHER ITEM   OBSERVED TIME   RECORD YEAR NORMAL DEPARTURE LAST
                VALUE   (LST)  VALUE       VALUE  FROM      YEAR
                                                  NORMAL
..................................................................
TEMPERATURE (F)
 TODAY
  MAXIMUM         88    308 PM  93    1984  86      2       86
  MINIMUM         74    637 AM  64    1961  73      1       73
  AVERAGE         81                        80      1       80

PRECIPITATION (IN)
  TODAY            T             2.78 1958   0.07  -0.07      T
  MONTH TO DATE    1.50                      1.80  -0.30     0.45
  SINCE MAR 1      1.50                      1.80  -0.30     0.45
  SINCE JAN 1      9.73                      7.95   1.78     6.49

SNOWFALL (IN)
  TODAY            0.0                       0.0    0.0      0.0
  MONTH TO DATE    0.0                       0.0    0.0      0.0
  SINCE MAR 1      0.0                       0.0    0.0      0.0
  SINCE JUL 1      0.0                       0.0    0.0      0.0

DEGREE DAYS
 HEATING
  TODAY            0                         0      0        0
  MONTH TO DATE    0                         0      0        0
  SINCE MAR 1      0                         0      0        0
  SINCE JUL 1      0                         0      0        0

 COOLING
  TODAY           16                        14      2       15
  MONTH TO DATE  404                       400      4      444
  SINCE MAR 1    404                       400      4      444
  SINCE JAN 1   1244                      1151     93     1332
..................................................................


WIND (MPH)
  HIGHEST WIND SPEED    20   HIGHEST WIND DIRECTION     E (70)
  HIGHEST GUST SPEED    25   HIGHEST GUST DIRECTION     E (80)
  AVERAGE WIND SPEED     8.1


SKY COVER
  AVERAGE SKY COVER 0.3


WEATHER CONDITIONS
 THE FOLLOWING WEATHER WAS RECORDED TODAY.
  NO SIGNIFICANT WEATHER WAS OBSERVED.


RELATIVE HUMIDITY (PERCENT)
 HIGHEST    82
 LOWEST     51
 AVERAGE    67

..........................................................


THE SAN JUAN AREA/PR CLIMATE NORMALS FOR TOMORROW
                         NORMAL    RECORD    YEAR
 MAXIMUM TEMPERATURE (F)   86        95      1984
 MINIMUM TEMPERATURE (F)   73        65      1961


SUNRISE AND SUNSET
MARCH 29 2015.........SUNRISE   621 AM AST   SUNSET   637 PM AST
MARCH 30 2015.........SUNRISE   620 AM AST   SUNSET   637 PM AST


-  INDICATES NEGATIVE NUMBERS.
R  INDICATES RECORD WAS SET OR TIED.
MM INDICATES DATA IS MISSING.
T  INDICATES TRACE AMOUNT.




$$
