000
CDUS45 KSLC 240026
CLISLC


CLIMATE REPORT
NATIONAL WEATHER SERVICE SALT LAKE CITY UT
626 PM MDT TUE SEP 23 2014


...................................

...THE SALT LAKE CITY UT CLIMATE SUMMARY FOR SEPTEMBER 23 2014...
VALID TODAY AS OF 0500 PM LOCAL TIME.

CLIMATE NORMAL PERIOD 1981 TO 2010
CLIMATE RECORD PERIOD 1874 TO 2014


WEATHER ITEM   OBSERVED TIME   RECORD YEAR NORMAL DEPARTURE LAST
                VALUE   (LST)  VALUE       VALUE  FROM      YEAR
                                                  NORMAL
..................................................................
TEMPERATURE (F)
 TODAY
  MAXIMUM         85    304 PM  92    1992  76      9       72
  MINIMUM         58    547 AM  31    1968  50      8       53
  AVERAGE         72                        63      9       63

PRECIPITATION (IN)
  TODAY            0.00          1.09 1973   0.05  -0.05     0.00
  MONTH TO DATE    0.88                      0.88   0.00     1.01
  SINCE OCT 1     13.83                     15.77  -1.94    13.02
  SINCE JAN 1     10.82                     11.39  -0.57     8.45

SNOWFALL (IN)
  TODAY            0.0          MM      MM   0.0    0.0      0.0
  MONTH TO DATE    0.0                       0.0    0.0      0.0
  SINCE OCT 1     35.5                      56.2  -20.7     69.9
  SINCE JUL 1      0.0                       0.0    0.0      0.0
  SNOW DEPTH       0

DEGREE DAYS
 HEATING
  TODAY            0                         4     -4        2
  MONTH TO DATE    9                        46    -37        7
  SINCE SEP 1      9                        46    -37        7
  SINCE JUL 1     10                        51    -41        7

 COOLING
  TODAY            7                         2      5        0
  MONTH TO DATE  156                       107     49      209
  SINCE SEP 1    156                       107     49      209
  SINCE JAN 1   1209                      1143     66     1755
..................................................................


WIND (MPH)
  RESULTANT WIND SPEED   5   RESULTANT WIND DIRECTION  SE (130)
  HIGHEST WIND SPEED    10   HIGHEST WIND DIRECTION    SE (140)
  HIGHEST GUST SPEED    13   HIGHEST GUST DIRECTION    SE (150)
  AVERAGE WIND SPEED     6.1


SKY COVER
  POSSIBLE SUNSHINE  MM
  AVERAGE SKY COVER 0.2


WEATHER CONDITIONS
 THE FOLLOWING WEATHER WAS RECORDED TODAY.
  NO SIGNIFICANT WEATHER WAS OBSERVED.


RELATIVE HUMIDITY (PERCENT)
 HIGHEST    80           600 AM
 LOWEST     28           200 PM
 AVERAGE    54

..........................................................


THE SALT LAKE CITY UT CLIMATE NORMALS FOR TOMORROW
                         NORMAL    RECORD    YEAR
 MAXIMUM TEMPERATURE (F)   75        92      2001
 MINIMUM TEMPERATURE (F)   49        32      1961
                                             1900


SUNRISE AND SUNSET
SEPTEMBER 23 2014.....SUNRISE   716 AM MDT   SUNSET   723 PM MDT
SEPTEMBER 24 2014.....SUNRISE   717 AM MDT   SUNSET   722 PM MDT


-  INDICATES NEGATIVE NUMBERS.
R  INDICATES RECORD WAS SET OR TIED.
MM INDICATES DATA IS MISSING.
T  INDICATES TRACE AMOUNT.




$$
