000
CDUS45 KSLC 191243
CLISLC


CLIMATE REPORT
NATIONAL WEATHER SERVICE SALT LAKE CITY UT
642 AM MDT SAT AUG 19 2017


...................................

...THE SALT LAKE CITY UT CLIMATE SUMMARY FOR AUGUST 18 2017...

CLIMATE NORMAL PERIOD 1981 TO 2010
CLIMATE RECORD PERIOD 1874 TO 2017


WEATHER ITEM   OBSERVED TIME   RECORD YEAR NORMAL DEPARTURE LAST
                VALUE   (LST)  VALUE       VALUE  FROM      YEAR
                                                  NORMAL
..................................................................
TEMPERATURE (F)
 YESTERDAY
  MAXIMUM         93    321 PM  99    1932  90      3       93
  MINIMUM         65    607 AM  45    1968  63      2       70
                                      1954
  AVERAGE         79                        77      2       82

PRECIPITATION (IN)
  YESTERDAY        0.00          0.90 1983   0.02  -0.02     0.00
  MONTH TO DATE    0.07                      0.36  -0.29     0.15
  SINCE OCT 1     16.47                     14.56   1.91    11.57
  SINCE JAN 1     11.83                     10.18   1.65     8.32

SNOWFALL (IN)
  YESTERDAY        0.0          MM      MM   0.0    0.0      0.0
  MONTH TO DATE    0.0                       0.0    0.0      0.0
  SINCE OCT 1     51.4                      56.2   -4.8     34.3
  SINCE JUL 1      0.0                       0.0    0.0      0.0
  SNOW DEPTH       0

DEGREE DAYS
 HEATING
  YESTERDAY        0                         0      0        0
  MONTH TO DATE    0                         0      0        0
  SINCE JUN 1      4                        48    -44        1
  SINCE JUL 1      0                         2     -2        1

 COOLING
  YESTERDAY       14                        12      2       17
  MONTH TO DATE  290                       244     46      307
  SINCE JUN 1   1267                       856    411     1258
  SINCE JAN 1   1342                       906    436     1305
..................................................................


WIND (MPH)
  RESULTANT WIND SPEED   1   RESULTANT WIND DIRECTION  NE (60)
  HIGHEST WIND SPEED    15   HIGHEST WIND DIRECTION     N (350)
  HIGHEST GUST SPEED    20   HIGHEST GUST DIRECTION     N (340)
  AVERAGE WIND SPEED     7.8


SKY COVER
  POSSIBLE SUNSHINE  MM
  AVERAGE SKY COVER 0.0


WEATHER CONDITIONS
 THE FOLLOWING WEATHER WAS RECORDED YESTERDAY.
  NO SIGNIFICANT WEATHER WAS OBSERVED.


RELATIVE HUMIDITY (PERCENT)
 HIGHEST    48           200 AM
 LOWEST     14           400 PM
 AVERAGE    31

..........................................................


THE SALT LAKE CITY UT CLIMATE NORMALS FOR TODAY
                         NORMAL    RECORD    YEAR
 MAXIMUM TEMPERATURE (F)   90        99      1961
 MINIMUM TEMPERATURE (F)   63        47      1978


SUNRISE AND SUNSET
AUGUST 19 2017........SUNRISE   642 AM MDT   SUNSET   820 PM MDT
AUGUST 20 2017........SUNRISE   643 AM MDT   SUNSET   818 PM MDT


-  INDICATES NEGATIVE NUMBERS.
R  INDICATES RECORD WAS SET OR TIED.
MM INDICATES DATA IS MISSING.
T  INDICATES TRACE AMOUNT.




$$
