000
CDUS45 KSLC 291242
CLISLC


CLIMATE REPORT
NATIONAL WEATHER SERVICE SALT LAKE CITY UT
641 AM MDT SUN MAR 29 2015


...................................

...THE SALT LAKE CITY UT CLIMATE SUMMARY FOR MARCH 28 2015...

CLIMATE NORMAL PERIOD 1981 TO 2010
CLIMATE RECORD PERIOD 1874 TO 2015


WEATHER ITEM   OBSERVED TIME   RECORD YEAR NORMAL DEPARTURE LAST
                VALUE   (LST)  VALUE       VALUE  FROM      YEAR
                                                  NORMAL
..................................................................
TEMPERATURE (F)
 YESTERDAY
  MAXIMUM         74    130 PM  77    1943  57     17       59
  MINIMUM         47   1159 PM  18    1956  36     11       39
                                      1944
                                      1886
  AVERAGE         61                        46     15       49

PRECIPITATION (IN)
  YESTERDAY        0.00          0.95 1878   0.07  -0.07     0.00
  MONTH TO DATE    0.71                      1.60  -0.89     0.60
  SINCE OCT 1      3.89                      8.48  -4.59     6.38
  SINCE JAN 1      1.88                      4.10  -2.22     3.37

SNOWFALL (IN)
  YESTERDAY        0.0           3.0  1987   0.2   -0.2      0.0
  MONTH TO DATE    2.8                       5.9   -3.1       T
  SINCE OCT 1      9.6                      51.3  -41.7     35.0
  SINCE JUL 1      9.6                      51.3  -41.7     35.0
  SNOW DEPTH       0

DEGREE DAYS
 HEATING
  YESTERDAY        4                        19    -15       16
  MONTH TO DATE  444                       608   -164      445
  SINCE MAR 1    444                       608   -164      445
  SINCE JUL 1   3791                      4864  -1073     4432

 COOLING
  YESTERDAY        0                         0      0        0
  MONTH TO DATE    0                         0      0        0
  SINCE MAR 1      0                         0      0        0
  SINCE JAN 1      0                         0      0        0
..................................................................


WIND (MPH)
  RESULTANT WIND SPEED   1   RESULTANT WIND DIRECTION   N (20)
  HIGHEST WIND SPEED    25   HIGHEST WIND DIRECTION     N (340)
  HIGHEST GUST SPEED    30   HIGHEST GUST DIRECTION     N (340)
  AVERAGE WIND SPEED    10.1


SKY COVER
  POSSIBLE SUNSHINE  MM
  AVERAGE SKY COVER 0.0


WEATHER CONDITIONS
 THE FOLLOWING WEATHER WAS RECORDED YESTERDAY.
  HAZE


RELATIVE HUMIDITY (PERCENT)
 HIGHEST    50           200 AM
 LOWEST     17           200 PM
 AVERAGE    34

..........................................................


THE SALT LAKE CITY UT CLIMATE NORMALS FOR TODAY
                         NORMAL    RECORD    YEAR
 MAXIMUM TEMPERATURE (F)   57        75      1968
 MINIMUM TEMPERATURE (F)   36        17      1975


SUNRISE AND SUNSET
MARCH 29 2015.........SUNRISE   717 AM MDT   SUNSET   749 PM MDT
MARCH 30 2015.........SUNRISE   715 AM MDT   SUNSET   750 PM MDT


-  INDICATES NEGATIVE NUMBERS.
R  INDICATES RECORD WAS SET OR TIED.
MM INDICATES DATA IS MISSING.
T  INDICATES TRACE AMOUNT.




$$
