000
CDUS45 KSLC 221230
CLISLC


CLIMATE REPORT
NATIONAL WEATHER SERVICE SALT LAKE CITY UT
629 AM MDT TUE JUL 22 2014


...................................

...THE SALT LAKE CITY UT CLIMATE SUMMARY FOR JULY 21 2014...

CLIMATE NORMAL PERIOD 1981 TO 2010
CLIMATE RECORD PERIOD 1874 TO 2014


WEATHER ITEM   OBSERVED TIME   RECORD YEAR NORMAL DEPARTURE LAST
                VALUE   (LST)  VALUE       VALUE  FROM      YEAR
                                                  NORMAL
..................................................................
TEMPERATURE (F)
 YESTERDAY
  MAXIMUM         96    435 PM 106    1931  94      2      101
  MINIMUM         68    409 AM  50    1949  66      2       71
                                      1939
                                      1932
  AVERAGE         82                        80      2       86

PRECIPITATION (IN)
  YESTERDAY        0.00          0.59 1987   0.03  -0.03     0.00
                                      1951
  MONTH TO DATE    0.22                      0.40  -0.18     1.15
  SINCE OCT 1     10.90                     13.99  -3.09    11.84
  SINCE JAN 1      7.89                      9.61  -1.72     7.27

SNOWFALL (IN)
  YESTERDAY        0.0          MM      MM   0.0    0.0      0.0
  MONTH TO DATE    0.0                       0.0    0.0      0.0
  SINCE OCT 1     35.5                      56.2  -20.7     69.9
  SINCE JUL 1      0.0                       0.0    0.0      0.0
  SNOW DEPTH       0

DEGREE DAYS
 HEATING
  YESTERDAY        0                         0      0        0
  MONTH TO DATE    0                         0      0        0
  SINCE JUN 1     39                        46     -7        4
  SINCE JUL 1      0                         0      0        0

 COOLING
  YESTERDAY       17                        15      2       21
  MONTH TO DATE  375                       276     99      408
  SINCE JUN 1    555                       463     92      731
  SINCE JAN 1    617                       513    104      801
..................................................................


WIND (MPH)
  RESULTANT WIND SPEED  14   RESULTANT WIND DIRECTION   S (170)
  HIGHEST WIND SPEED    26   HIGHEST WIND DIRECTION    SE (150)
  HIGHEST GUST SPEED    35   HIGHEST GUST DIRECTION     S (160)
  AVERAGE WIND SPEED    13.8


SKY COVER
  POSSIBLE SUNSHINE  MM
  AVERAGE SKY COVER 0.1


WEATHER CONDITIONS
 THE FOLLOWING WEATHER WAS RECORDED YESTERDAY.
  NO SIGNIFICANT WEATHER WAS OBSERVED.


RELATIVE HUMIDITY (PERCENT)
 HIGHEST    57           200 AM
 LOWEST      7           400 PM
 AVERAGE    32

..........................................................


THE SALT LAKE CITY UT CLIMATE NORMALS FOR TODAY
                         NORMAL    RECORD    YEAR
 MAXIMUM TEMPERATURE (F)   94       104      2006
                                             2003
 MINIMUM TEMPERATURE (F)   66        47      1954


SUNRISE AND SUNSET
JULY 22 2014..........SUNRISE   615 AM MDT   SUNSET   853 PM MDT
JULY 23 2014..........SUNRISE   616 AM MDT   SUNSET   852 PM MDT


-  INDICATES NEGATIVE NUMBERS.
R  INDICATES RECORD WAS SET OR TIED.
MM INDICATES DATA IS MISSING.
T  INDICATES TRACE AMOUNT.




$$
