000
CDUS45 KSLC 231239
CLISLC


CLIMATE REPORT
NATIONAL WEATHER SERVICE SALT LAKE CITY UT
639 AM MDT TUE MAY 23 2017


...................................

...THE SALT LAKE CITY UT CLIMATE SUMMARY FOR MAY 22 2017...

CLIMATE NORMAL PERIOD 1981 TO 2010
CLIMATE RECORD PERIOD 1874 TO 2017


WEATHER ITEM   OBSERVED TIME   RECORD YEAR NORMAL DEPARTURE LAST
                VALUE   (LST)  VALUE       VALUE  FROM      YEAR
                                                  NORMAL
..................................................................
TEMPERATURE (F)
 YESTERDAY
  MAXIMUM         76    324 PM  89    1989  74      2       61
                                      1967
                                      1934
  MINIMUM         49    528 AM  33    1960  50     -1       46
  AVERAGE         63                        62      1       54

PRECIPITATION (IN)
  YESTERDAY        0.00          0.90 1894   0.06  -0.06     0.02
  MONTH TO DATE    0.61                      1.45  -0.84     1.55
  SINCE OCT 1     15.64                     12.11   3.53    10.87
  SINCE JAN 1     11.00                      7.73   3.27     7.62

SNOWFALL (IN)
  YESTERDAY        0.0           T    2010   0.0    0.0      0.0
                                      1975
                                      1932
  MONTH TO DATE    0.1                       0.3   -0.2      0.0
  SINCE OCT 1     51.4                      56.2   -4.8     34.3
  SINCE JUL 1     51.4                      56.2   -4.8     34.3
  SNOW DEPTH       0

DEGREE DAYS
 HEATING
  YESTERDAY        2                         5     -3       11
  MONTH TO DATE  129                       168    -39      110
  SINCE MAR 1   1016                      1268   -252      954
  SINCE JUL 1   4769                      5524   -755     4799

 COOLING
  YESTERDAY        0                         2     -2        0
  MONTH TO DATE   29                        26      3       30
  SINCE MAR 1     31                        30      1       40
  SINCE JAN 1     31                        30      1       40
..................................................................


WIND (MPH)
  RESULTANT WIND SPEED   1   RESULTANT WIND DIRECTION   W (280)
  HIGHEST WIND SPEED    16   HIGHEST WIND DIRECTION     N (340)
  HIGHEST GUST SPEED    21   HIGHEST GUST DIRECTION    NW (300)
  AVERAGE WIND SPEED     6.5


SKY COVER
  POSSIBLE SUNSHINE  MM
  AVERAGE SKY COVER 0.0


WEATHER CONDITIONS
 THE FOLLOWING WEATHER WAS RECORDED YESTERDAY.
  NO SIGNIFICANT WEATHER WAS OBSERVED.


RELATIVE HUMIDITY (PERCENT)
 HIGHEST    80           500 AM
 LOWEST     21           400 PM
 AVERAGE    51

..........................................................


THE SALT LAKE CITY UT CLIMATE NORMALS FOR TODAY
                         NORMAL    RECORD    YEAR
 MAXIMUM TEMPERATURE (F)   74        92      2003
                                             1886
 MINIMUM TEMPERATURE (F)   50        30      1966


SUNRISE AND SUNSET
MAY 23 2017...........SUNRISE   604 AM MDT   SUNSET   846 PM MDT
MAY 24 2017...........SUNRISE   603 AM MDT   SUNSET   847 PM MDT


-  INDICATES NEGATIVE NUMBERS.
R  INDICATES RECORD WAS SET OR TIED.
MM INDICATES DATA IS MISSING.
T  INDICATES TRACE AMOUNT.




$$
