000
CDUS45 KSLC 051227
CLISLC


CLIMATE REPORT
NATIONAL WEATHER SERVICE SALT LAKE CITY UT
627 AM MDT SAT SEP 5 2015


...................................

...THE SALT LAKE CITY UT CLIMATE SUMMARY FOR SEPTEMBER 4 2015...

CLIMATE NORMAL PERIOD 1981 TO 2010
CLIMATE RECORD PERIOD 1874 TO 2015


WEATHER ITEM   OBSERVED TIME   RECORD YEAR NORMAL DEPARTURE LAST
                VALUE   (LST)  VALUE       VALUE  FROM      YEAR
                                                  NORMAL
..................................................................
TEMPERATURE (F)
 YESTERDAY
  MAXIMUM         88    423 PM  98    1950  85      3       76
  MINIMUM         72    619 AM  41    1964  58     14       54
  AVERAGE         80                        71      9       65

PRECIPITATION (IN)
  YESTERDAY        0.00          0.44 1992   0.03  -0.03     0.00
                                      1912
                                      1878
  MONTH TO DATE    T                         0.12  -0.12     0.00
  SINCE OCT 1     13.16                     15.01  -1.85    12.95
  SINCE JAN 1     11.15                     10.63   0.52     9.94

SNOWFALL (IN)
  YESTERDAY        0.0          MM      MM   0.0    0.0      0.0
  MONTH TO DATE    0.0                       0.0    0.0      0.0
  SINCE OCT 1     15.4                      56.2  -40.8     35.5
  SINCE JUL 1      0.0                       0.0    0.0      0.0
  SNOW DEPTH       0

DEGREE DAYS
 HEATING
  YESTERDAY        0                         1     -1        0
  MONTH TO DATE    0                         3     -3        0
  SINCE SEP 1      0                         3     -3        0
  SINCE JUL 1      0                         8     -8        1

 COOLING
  YESTERDAY       15                         7      8        0
  MONTH TO DATE   67                        29     38       22
  SINCE SEP 1     67                        29     38       22
  SINCE JAN 1   1272                      1065    207     1075
..................................................................


WIND (MPH)
  RESULTANT WIND SPEED  19   RESULTANT WIND DIRECTION   S (170)
  HIGHEST WIND SPEED    32   HIGHEST WIND DIRECTION     S (190)
  HIGHEST GUST SPEED    43   HIGHEST GUST DIRECTION     S (170)
  AVERAGE WIND SPEED    19.7


SKY COVER
  POSSIBLE SUNSHINE  MM
  AVERAGE SKY COVER 0.1


WEATHER CONDITIONS
 THE FOLLOWING WEATHER WAS RECORDED YESTERDAY.
  HAZE


RELATIVE HUMIDITY (PERCENT)
 HIGHEST    27           600 AM
 LOWEST     14           400 PM
 AVERAGE    21

..........................................................


THE SALT LAKE CITY UT CLIMATE NORMALS FOR TODAY
                         NORMAL    RECORD    YEAR
 MAXIMUM TEMPERATURE (F)   84        97      2013
 MINIMUM TEMPERATURE (F)   57        41      1956


SUNRISE AND SUNSET
SEPTEMBER  5 2015.....SUNRISE   659 AM MDT   SUNSET   754 PM MDT
SEPTEMBER  6 2015.....SUNRISE   659 AM MDT   SUNSET   752 PM MDT


-  INDICATES NEGATIVE NUMBERS.
R  INDICATES RECORD WAS SET OR TIED.
MM INDICATES DATA IS MISSING.
T  INDICATES TRACE AMOUNT.




$$
