000
CDUS45 KSLC 301216
CLISLC


CLIMATE REPORT
NATIONAL WEATHER SERVICE SALT LAKE CITY UT
616 AM MDT SAT MAY 30 2015


...................................

...THE SALT LAKE CITY UT CLIMATE SUMMARY FOR MAY 29 2015...

CLIMATE NORMAL PERIOD 1981 TO 2010
CLIMATE RECORD PERIOD 1874 TO 2015


WEATHER ITEM   OBSERVED TIME   RECORD YEAR NORMAL DEPARTURE LAST
                VALUE   (LST)  VALUE       VALUE  FROM      YEAR
                                                  NORMAL
..................................................................
TEMPERATURE (F)
 YESTERDAY
  MAXIMUM         76    532 PM  99    2003  76      0       77
  MINIMUM         51    536 AM  37    1946  51      0       57
                                      1927
  AVERAGE         64                        64      0       67

PRECIPITATION (IN)
  YESTERDAY        0.00          0.70 1877   0.05  -0.05      T
  MONTH TO DATE    4.19                      1.84   2.35     1.04
  SINCE OCT 1     10.40                     12.50  -2.10     9.48
  SINCE JAN 1      8.39                      8.12   0.27     6.47

SNOWFALL (IN)
  YESTERDAY        0.0          MM      MM   0.0    0.0      0.0
  MONTH TO DATE    0.0                       0.3   -0.3      0.0
  SINCE OCT 1     15.4                      56.2  -40.8     35.5
  SINCE JUL 1     15.4                      56.2  -40.8     35.5
  SNOW DEPTH       0

DEGREE DAYS
 HEATING
  YESTERDAY        1                         4     -3        0
  MONTH TO DATE  179                       198    -19      159
  SINCE MAR 1   1016                      1298   -282     1031
  SINCE JUL 1   4363                      5554  -1191     5018

 COOLING
  YESTERDAY        0                         2     -2        2
  MONTH TO DATE   14                        40    -26       45
  SINCE MAR 1     14                        44    -30       45
  SINCE JAN 1     14                        44    -30       45
..................................................................


WIND (MPH)
  RESULTANT WIND SPEED   1   RESULTANT WIND DIRECTION  NE (40)
  HIGHEST WIND SPEED    12   HIGHEST WIND DIRECTION     N (360)
  HIGHEST GUST SPEED    15   HIGHEST GUST DIRECTION     N (350)
  AVERAGE WIND SPEED     6.0


SKY COVER
  POSSIBLE SUNSHINE  MM
  AVERAGE SKY COVER 0.0


WEATHER CONDITIONS
 THE FOLLOWING WEATHER WAS RECORDED YESTERDAY.
  NO SIGNIFICANT WEATHER WAS OBSERVED.


RELATIVE HUMIDITY (PERCENT)
 HIGHEST    77           400 AM
 LOWEST     21           400 PM
 AVERAGE    49

..........................................................


THE SALT LAKE CITY UT CLIMATE NORMALS FOR TODAY
                         NORMAL    RECORD    YEAR
 MAXIMUM TEMPERATURE (F)   77        97      2003
 MINIMUM TEMPERATURE (F)   52        34      1979
                                             1919


SUNRISE AND SUNSET
MAY 30 2015...........SUNRISE   600 AM MDT   SUNSET   851 PM MDT
MAY 31 2015...........SUNRISE   559 AM MDT   SUNSET   852 PM MDT


-  INDICATES NEGATIVE NUMBERS.
R  INDICATES RECORD WAS SET OR TIED.
MM INDICATES DATA IS MISSING.
T  INDICATES TRACE AMOUNT.




$$
