000
CDUS45 KSLC 211227
CLISLC


CLIMATE REPORT
NATIONAL WEATHER SERVICE SALT LAKE CITY UT
627 AM MDT TUE OCT 21 2014


...................................

...THE SALT LAKE CITY UT CLIMATE SUMMARY FOR OCTOBER 20 2014...

CLIMATE NORMAL PERIOD 1981 TO 2010
CLIMATE RECORD PERIOD 1874 TO 2014


WEATHER ITEM   OBSERVED TIME   RECORD YEAR NORMAL DEPARTURE LAST
                VALUE   (LST)  VALUE       VALUE  FROM      YEAR
                                                  NORMAL
..................................................................
TEMPERATURE (F)
 YESTERDAY
  MAXIMUM         79    254 PM  83    1921  63     16       64
  MINIMUM         48    438 AM  24    1932  40      8       40
  AVERAGE         64                        51     13       52

PRECIPITATION (IN)
  YESTERDAY        0.00          1.14 2004   0.05  -0.05     0.00
  MONTH TO DATE    0.01                      0.96  -0.95     0.61
  SINCE OCT 1      0.01                      0.96  -0.95     0.61
  SINCE JAN 1     12.46                     12.68  -0.22     9.22

SNOWFALL (IN)
  YESTERDAY        0.0           2.5  1996   0.1   -0.1      0.0
  MONTH TO DATE    0.0                       0.6   -0.6       T
  SINCE OCT 1      0.0                       0.6   -0.6       T
  SINCE JUL 1      0.0                       0.6   -0.6       T
  SNOW DEPTH       0

DEGREE DAYS
 HEATING
  YESTERDAY        1                        14    -13       13
  MONTH TO DATE  126                       204    -78      255
  SINCE SEP 1    158                       288   -130      310
  SINCE JUL 1    159                       293   -134      310

 COOLING
  YESTERDAY        0                         0      0        0
  MONTH TO DATE    0                         5     -5        0
  SINCE SEP 1    189                       122     67      222
  SINCE JAN 1   1242                      1158     84     1768
..................................................................


WIND (MPH)
  RESULTANT WIND SPEED   8   RESULTANT WIND DIRECTION  SE (150)
  HIGHEST WIND SPEED    17   HIGHEST WIND DIRECTION     S (200)
  HIGHEST GUST SPEED    22   HIGHEST GUST DIRECTION     S (200)
  AVERAGE WIND SPEED     9.2


SKY COVER
  POSSIBLE SUNSHINE  MM
  AVERAGE SKY COVER 0.2


WEATHER CONDITIONS
 THE FOLLOWING WEATHER WAS RECORDED YESTERDAY.
  NO SIGNIFICANT WEATHER WAS OBSERVED.


RELATIVE HUMIDITY (PERCENT)
 HIGHEST    71           300 AM
 LOWEST     19           200 PM
 AVERAGE    45

..........................................................


THE SALT LAKE CITY UT CLIMATE NORMALS FOR TODAY
                         NORMAL    RECORD    YEAR
 MAXIMUM TEMPERATURE (F)   62        81      1915
 MINIMUM TEMPERATURE (F)   40        25      1996


SUNRISE AND SUNSET
OCTOBER 21 2014.......SUNRISE   746 AM MDT   SUNSET   639 PM MDT
OCTOBER 22 2014.......SUNRISE   747 AM MDT   SUNSET   637 PM MDT


-  INDICATES NEGATIVE NUMBERS.
R  INDICATES RECORD WAS SET OR TIED.
MM INDICATES DATA IS MISSING.
T  INDICATES TRACE AMOUNT.




$$
