000
CDUS45 KSLC 251219
CLISLC


CLIMATE REPORT
NATIONAL WEATHER SERVICE SALT LAKE CITY UT
519 AM MST SUN JAN 25 2015


...................................

...THE SALT LAKE CITY UT CLIMATE SUMMARY FOR JANUARY 24 2015...

CLIMATE NORMAL PERIOD 1981 TO 2010
CLIMATE RECORD PERIOD 1874 TO 2015


WEATHER ITEM   OBSERVED TIME   RECORD YEAR NORMAL DEPARTURE LAST
                VALUE   (LST)  VALUE       VALUE  FROM      YEAR
                                                  NORMAL
..................................................................
TEMPERATURE (F)
 YESTERDAY
  MAXIMUM         42    146 PM  59    1970  38      4       37
  MINIMUM         23    503 AM  -9    1929  22      1       16
  AVERAGE         33                        30      3       27

PRECIPITATION (IN)
  YESTERDAY        0.00          0.54 1934   0.03  -0.03     0.00
  MONTH TO DATE    0.86                      0.98  -0.12     0.57
  SINCE OCT 1      2.87                      5.36  -2.49     3.58
  SINCE JAN 1      0.86                      0.98  -0.12     0.57

SNOWFALL (IN)
  YESTERDAY        0.0           6.4  1996   0.4   -0.4      0.0
  MONTH TO DATE    0.3                      10.0   -9.7      8.3
  SINCE OCT 1      6.8                      32.2  -25.4     31.0
  SINCE JUL 1      6.8                      32.2  -25.4     31.0
  SNOW DEPTH       0

DEGREE DAYS
 HEATING
  YESTERDAY       32                        35     -3       38
  MONTH TO DATE  773                       859    -86      840
  SINCE DEC 1   1623                      1935   -312     2084
  SINCE JUL 1   2593                      3153   -560     3131

 COOLING
  YESTERDAY        0                         0      0        0
  MONTH TO DATE    0                         0      0        0
  SINCE DEC 1      0                         0      0        0
  SINCE JAN 1      0                         0      0        0
..................................................................


WIND (MPH)
  RESULTANT WIND SPEED   2   RESULTANT WIND DIRECTION  SE (130)
  HIGHEST WIND SPEED    12   HIGHEST WIND DIRECTION    SE (150)
  HIGHEST GUST SPEED    14   HIGHEST GUST DIRECTION     S (160)
  AVERAGE WIND SPEED     4.5


SKY COVER
  POSSIBLE SUNSHINE  MM
  AVERAGE SKY COVER 0.6


WEATHER CONDITIONS
 THE FOLLOWING WEATHER WAS RECORDED YESTERDAY.
  NO SIGNIFICANT WEATHER WAS OBSERVED.


RELATIVE HUMIDITY (PERCENT)
 HIGHEST    82          1000 PM
 LOWEST     45           200 PM
 AVERAGE    64

..........................................................


THE SALT LAKE CITY UT CLIMATE NORMALS FOR TODAY
                         NORMAL    RECORD    YEAR
 MAXIMUM TEMPERATURE (F)   38        59      1953
 MINIMUM TEMPERATURE (F)   22       -22      1949


SUNRISE AND SUNSET
JANUARY 25 2015.......SUNRISE   744 AM MST   SUNSET   537 PM MST
JANUARY 26 2015.......SUNRISE   743 AM MST   SUNSET   538 PM MST


-  INDICATES NEGATIVE NUMBERS.
R  INDICATES RECORD WAS SET OR TIED.
MM INDICATES DATA IS MISSING.
T  INDICATES TRACE AMOUNT.




$$
