000
CDUS45 KSLC 211228
CLISLC


CLIMATE REPORT
NATIONAL WEATHER SERVICE SALT LAKE CITY UT
627 AM MDT THU AUG 21 2014


...................................

...THE SALT LAKE CITY UT CLIMATE SUMMARY FOR AUGUST 20 2014...

CLIMATE NORMAL PERIOD 1981 TO 2010
CLIMATE RECORD PERIOD 1874 TO 2014


WEATHER ITEM   OBSERVED TIME   RECORD YEAR NORMAL DEPARTURE LAST
                VALUE   (LST)  VALUE       VALUE  FROM      YEAR
                                                  NORMAL
..................................................................
TEMPERATURE (F)
 YESTERDAY
  MAXIMUM         81    235 PM 103    1960  90     -9       95
  MINIMUM         61    314 AM  40    1964  63     -2       73
                                      1928
  AVERAGE         71                        76     -5       84

PRECIPITATION (IN)
  YESTERDAY        0.31          0.97 1986   0.03   0.28     0.00
  MONTH TO DATE    1.19                      0.41   0.78     0.03
  SINCE OCT 1     12.37                     14.61  -2.24    11.88
  SINCE JAN 1      9.36                     10.23  -0.87     7.31

SNOWFALL (IN)
  YESTERDAY        0.0          MM      MM   0.0    0.0      0.0
  MONTH TO DATE    0.0                       0.0    0.0      0.0
  SINCE OCT 1     35.5                      56.2  -20.7     69.9
  SINCE JUL 1      0.0                       0.0    0.0      0.0
  SNOW DEPTH       0

DEGREE DAYS
 HEATING
  YESTERDAY        0                         0      0        0
  MONTH TO DATE    0                         0      0        0
  SINCE JUN 1     39                        48     -9        4
  SINCE JUL 1      0                         2     -2        0

 COOLING
  YESTERDAY        6                        11     -5       19
  MONTH TO DATE  236                       267    -31      384
  SINCE JUN 1    931                       879     52     1306
  SINCE JAN 1    993                       929     64     1376
..................................................................


WIND (MPH)
  RESULTANT WIND SPEED   9   RESULTANT WIND DIRECTION   S (160)
  HIGHEST WIND SPEED    24   HIGHEST WIND DIRECTION     N (350)
  HIGHEST GUST SPEED    31   HIGHEST GUST DIRECTION     S (160)
  AVERAGE WIND SPEED    12.9


SKY COVER
  POSSIBLE SUNSHINE  MM
  AVERAGE SKY COVER 0.4


WEATHER CONDITIONS
 THE FOLLOWING WEATHER WAS RECORDED YESTERDAY.
  THUNDERSTORM
  HEAVY RAIN
  RAIN
  LIGHT RAIN
  FOG
  HAZE


RELATIVE HUMIDITY (PERCENT)
 HIGHEST    97           300 AM
 LOWEST     30           200 PM
 AVERAGE    64

..........................................................


THE SALT LAKE CITY UT CLIMATE NORMALS FOR TODAY
                         NORMAL    RECORD    YEAR
 MAXIMUM TEMPERATURE (F)   90       102      1960
 MINIMUM TEMPERATURE (F)   63        43      1964


SUNRISE AND SUNSET
AUGUST 21 2014........SUNRISE   644 AM MDT   SUNSET   817 PM MDT
AUGUST 22 2014........SUNRISE   645 AM MDT   SUNSET   816 PM MDT


-  INDICATES NEGATIVE NUMBERS.
R  INDICATES RECORD WAS SET OR TIED.
MM INDICATES DATA IS MISSING.
T  INDICATES TRACE AMOUNT.




$$
