000
CDUS45 KSLC 161226
CLISLC


CLIMATE REPORT
NATIONAL WEATHER SERVICE SALT LAKE CITY UT
525 AM MST SAT DEC 16 2017


...................................

...THE SALT LAKE CITY UT CLIMATE SUMMARY FOR DECEMBER 15 2017...

CLIMATE NORMAL PERIOD 1981 TO 2010
CLIMATE RECORD PERIOD 1874 TO 2017


WEATHER ITEM   OBSERVED TIME   RECORD YEAR NORMAL DEPARTURE LAST
                VALUE   (LST)  VALUE       VALUE  FROM      YEAR
                                                  NORMAL
..................................................................
TEMPERATURE (F)
 YESTERDAY
  MAXIMUM         44    243 PM  59    2006  38      6       57
                                      1977
                                      1946
  MINIMUM         25    618 AM -15    1972  22      3       32
  AVERAGE         35                        30      5       45

PRECIPITATION (IN)
  YESTERDAY        0.00          0.58 1888   0.05  -0.05     0.01
  MONTH TO DATE    0.18                      0.70  -0.52     0.81
  SINCE OCT 1      1.53                      3.67  -2.14     3.47
  SINCE JAN 1     15.40                     15.39   0.01    13.67

SNOWFALL (IN)
  YESTERDAY        0.0           5.2  2001   0.4   -0.4      0.0
  MONTH TO DATE    1.9                       6.1   -4.2      0.7
  SINCE OCT 1      1.9                      15.1  -13.2      6.4
  SINCE JUL 1      1.9                      15.1  -13.2      6.4
  SNOW DEPTH       0

DEGREE DAYS
 HEATING
  YESTERDAY       30                        35     -5       20
  MONTH TO DATE  478                       505    -27      464
  SINCE DEC 1    478                       505    -27      464
  SINCE JUL 1   1500                      1723   -223     1263

 COOLING
  YESTERDAY        0                         0      0        0
  MONTH TO DATE    0                         0      0        0
  SINCE DEC 1      0                         0      0        0
  SINCE JAN 1   1758                      1160    598     1619
..................................................................


WIND (MPH)
  RESULTANT WIND SPEED   2   RESULTANT WIND DIRECTION  SE (130)
  HIGHEST WIND SPEED    12   HIGHEST WIND DIRECTION     W (290)
  HIGHEST GUST SPEED    14   HIGHEST GUST DIRECTION     E (110)
  AVERAGE WIND SPEED     5.4


SKY COVER
  POSSIBLE SUNSHINE  MM
  AVERAGE SKY COVER 0.0


WEATHER CONDITIONS
 THE FOLLOWING WEATHER WAS RECORDED YESTERDAY.
  FOG
  HAZE


RELATIVE HUMIDITY (PERCENT)
 HIGHEST    88           400 AM
 LOWEST     49           200 PM
 AVERAGE    69

..........................................................


THE SALT LAKE CITY UT CLIMATE NORMALS FOR TODAY
                         NORMAL    RECORD    YEAR
 MAXIMUM TEMPERATURE (F)   37        58      1939
 MINIMUM TEMPERATURE (F)   22       -14      1932


SUNRISE AND SUNSET
DECEMBER 16 2017......SUNRISE   746 AM MST   SUNSET   502 PM MST
DECEMBER 17 2017......SUNRISE   746 AM MST   SUNSET   502 PM MST


-  INDICATES NEGATIVE NUMBERS.
R  INDICATES RECORD WAS SET OR TIED.
MM INDICATES DATA IS MISSING.
T  INDICATES TRACE AMOUNT.




$$
