000
CDUS45 KSLC 281241
CLISLC


CLIMATE REPORT
NATIONAL WEATHER SERVICE SALT LAKE CITY UT
641 AM MDT WED JUN 28 2017


...................................

...THE SALT LAKE CITY UT CLIMATE SUMMARY FOR JUNE 27 2017...

CLIMATE NORMAL PERIOD 1981 TO 2010
CLIMATE RECORD PERIOD 1874 TO 2017


WEATHER ITEM   OBSERVED TIME   RECORD YEAR NORMAL DEPARTURE LAST
                VALUE   (LST)  VALUE       VALUE  FROM      YEAR
                                                  NORMAL
..................................................................
TEMPERATURE (F)
 YESTERDAY
  MAXIMUM         92    246 PM 102    1958  88      4      101
  MINIMUM         69   1135 PM  43    1942  60      9       64
  AVERAGE         81                        74      7       83

PRECIPITATION (IN)
  YESTERDAY        0.00          0.47 1913   0.01  -0.01     0.00
  MONTH TO DATE    0.25                      0.93  -0.68     0.51
  SINCE OCT 1     15.89                     13.54   2.35    11.41
  SINCE JAN 1     11.25                      9.16   2.09     8.16

SNOWFALL (IN)
  YESTERDAY        0.0          MM      MM   0.0    0.0      0.0
  MONTH TO DATE    0.0                       0.0    0.0      0.0
  SINCE OCT 1     51.4                      56.2   -4.8     34.3
  SINCE JUL 1     51.4                      56.2   -4.8     34.3
  SNOW DEPTH       0

DEGREE DAYS
 HEATING
  YESTERDAY        0                         0      0        0
  MONTH TO DATE    4                        44    -40        0
  SINCE JUN 1      4                        44    -40        0
  SINCE JUL 1   4785                      5605   -820     4822

 COOLING
  YESTERDAY       16                         9      7       18
  MONTH TO DATE  309                       157    152      318
  SINCE JUN 1    309                       157    152      318
  SINCE JAN 1    384                       207    177      365
..................................................................


WIND (MPH)
  RESULTANT WIND SPEED   2   RESULTANT WIND DIRECTION  NW (320)
  HIGHEST WIND SPEED    23   HIGHEST WIND DIRECTION    SE (150)
  HIGHEST GUST SPEED    29   HIGHEST GUST DIRECTION     S (160)
  AVERAGE WIND SPEED     9.4


SKY COVER
  POSSIBLE SUNSHINE  MM
  AVERAGE SKY COVER 0.1


WEATHER CONDITIONS
 THE FOLLOWING WEATHER WAS RECORDED YESTERDAY.
  HAZE


RELATIVE HUMIDITY (PERCENT)
 HIGHEST    43           800 AM
 LOWEST      9           200 AM
 AVERAGE    26

..........................................................


THE SALT LAKE CITY UT CLIMATE NORMALS FOR TODAY
                         NORMAL    RECORD    YEAR
 MAXIMUM TEMPERATURE (F)   88       105      2013
 MINIMUM TEMPERATURE (F)   61        40      1945


SUNRISE AND SUNSET
JUNE 28 2017..........SUNRISE   559 AM MDT   SUNSET   903 PM MDT
JUNE 29 2017..........SUNRISE   559 AM MDT   SUNSET   903 PM MDT


-  INDICATES NEGATIVE NUMBERS.
R  INDICATES RECORD WAS SET OR TIED.
MM INDICATES DATA IS MISSING.
T  INDICATES TRACE AMOUNT.




$$
