000
CDUS46 KPQR 280226
CLISLE


CLIMATE REPORT
NATIONAL WEATHER SERVICE PORTLAND OREGON
725 PM PDT THU APR 27 2017


...................................

...THE SALEM OR CLIMATE SUMMARY FOR APRIL 27 2017...
VALID TODAY AS OF 0700 PM LOCAL TIME.

CLIMATE NORMAL PERIOD 1981 TO 2010
CLIMATE RECORD PERIOD 1892 TO 2017


WEATHER ITEM   OBSERVED TIME   RECORD YEAR NORMAL DEPARTURE LAST
                VALUE   (LST)  VALUE       VALUE  FROM      YEAR
                                                  NORMAL
..................................................................
TEMPERATURE (F)
 TODAY
  MAXIMUM         56    406 PM  91    1926  63     -7       61
  MINIMUM         42    201 AM  28    1984  41      1       47
                                      1948
  AVERAGE         49                        52     -3       54

PRECIPITATION (IN)
  TODAY            0.17          0.91 1962   0.08   0.09     0.05
  MONTH TO DATE    4.37                      2.60   1.77     2.02
  SINCE OCT 1     54.17                     33.50  20.67    42.66
  SINCE JAN 1     30.87                     17.11  13.76    19.11

DEGREE DAYS
 HEATING
  TODAY           16                        13      3       11
  MONTH TO DATE  389                       402    -13      214
  SINCE MAR 1    908                       965    -57      692
  SINCE JUL 1   4066                      4205   -139     3348

 COOLING
  TODAY            0                         0      0        0
  MONTH TO DATE    0                         0      0        7
  SINCE MAR 1      0                         0      0        7
  SINCE JAN 1      0                         0      0        7
..................................................................


WIND (MPH)
  HIGHEST WIND SPEED    20   HIGHEST WIND DIRECTION     W (290)
  HIGHEST GUST SPEED    25   HIGHEST GUST DIRECTION     W (270)
  AVERAGE WIND SPEED     8.5


SKY COVER
  POSSIBLE SUNSHINE  MM
  AVERAGE SKY COVER 0.9


WEATHER CONDITIONS
 THE FOLLOWING WEATHER WAS RECORDED TODAY.
  LIGHT RAIN
  FOG
  HAZE


RELATIVE HUMIDITY (PERCENT)
 HIGHEST    89          1200 AM
 LOWEST     54           500 PM
 AVERAGE    72

..........................................................


THE SALEM OR CLIMATE NORMALS FOR TOMORROW
                         NORMAL    RECORD    YEAR
 MAXIMUM TEMPERATURE (F)   64        93      1926
 MINIMUM TEMPERATURE (F)   41        28      1973


SUNRISE AND SUNSET
APRIL 27 2017.........SUNRISE   607 AM PDT   SUNSET   813 PM PDT
APRIL 28 2017.........SUNRISE   605 AM PDT   SUNSET   814 PM PDT


-  INDICATES NEGATIVE NUMBERS.
R  INDICATES RECORD WAS SET OR TIED.
MM INDICATES DATA IS MISSING.
T  INDICATES TRACE AMOUNT.




$$
