000
CDUS46 KPQR 190222
CLISLE


CLIMATE REPORT
NATIONAL WEATHER SERVICE PORTLAND OREGON
622 PM PST SUN FEB 18 2018


...................................

...THE SALEM OR CLIMATE SUMMARY FOR FEBRUARY 18 2018...
VALID TODAY AS OF 0600 PM LOCAL TIME.

CLIMATE NORMAL PERIOD 1981 TO 2010
CLIMATE RECORD PERIOD 1892 TO 2018


WEATHER ITEM   OBSERVED TIME   RECORD YEAR NORMAL DEPARTURE LAST
                VALUE   (LST)  VALUE       VALUE  FROM      YEAR
                                                  NORMAL
..................................................................
TEMPERATURE (F)
 TODAY
  MAXIMUM         44    218 PM  67    1977  52     -8       55
  MINIMUM         33    742 AM  19    1955  35     -2       43
  AVERAGE         39                        43     -4       49

PRECIPITATION (IN)
  TODAY            0.24          1.84 1949   0.16   0.08     0.19
  MONTH TO DATE    0.69                      3.00  -2.31    10.54
  SINCE OCT 1     23.12                     25.35  -2.23    39.24
  SINCE JAN 1      8.02                      8.96  -0.94    15.94

DEGREE DAYS
 HEATING
  TODAY           26                        22      4       16
  MONTH TO DATE  349                       403    -54      370
  SINCE DEC 1   1718                      1913   -195     2116
  SINCE JUL 1   2650                      3030   -380     2920

 COOLING
  TODAY            0                         0      0        0
  MONTH TO DATE    0                         0      0        0
  SINCE DEC 1      0                         0      0        0
  SINCE JAN 1      0                         0      0        0
..................................................................


WIND (MPH)
  HIGHEST WIND SPEED    20   HIGHEST WIND DIRECTION     S (200)
  HIGHEST GUST SPEED    31   HIGHEST GUST DIRECTION    SW (230)
  AVERAGE WIND SPEED    11.0


SKY COVER
  POSSIBLE SUNSHINE  MM
  AVERAGE SKY COVER 0.7


WEATHER CONDITIONS
 THE FOLLOWING WEATHER WAS RECORDED TODAY.
  LIGHT RAIN
  LIGHT SNOW
  FOG


RELATIVE HUMIDITY (PERCENT)
 HIGHEST    96           600 AM
 LOWEST     62           300 PM
 AVERAGE    79

..........................................................


THE SALEM OR CLIMATE NORMALS FOR TOMORROW
                         NORMAL    RECORD    YEAR
 MAXIMUM TEMPERATURE (F)   52        67      1995
 MINIMUM TEMPERATURE (F)   35        18      2006


SUNRISE AND SUNSET
FEBRUARY 18 2018......SUNRISE   708 AM PST   SUNSET   545 PM PST
FEBRUARY 19 2018......SUNRISE   706 AM PST   SUNSET   546 PM PST


-  INDICATES NEGATIVE NUMBERS.
R  INDICATES RECORD WAS SET OR TIED.
MM INDICATES DATA IS MISSING.
T  INDICATES TRACE AMOUNT.




$$
