000
CDUS46 KPQR 211142
CLISLE


CLIMATE REPORT
NATIONAL WEATHER SERVICE PORTLAND OREGON
341 AM PST TUE FEB 21 2017


...................................

...THE SALEM OR CLIMATE SUMMARY FOR FEBRUARY 20 2017...

CLIMATE NORMAL PERIOD 1981 TO 2010
CLIMATE RECORD PERIOD 1892 TO 2017


WEATHER ITEM   OBSERVED TIME   RECORD YEAR NORMAL DEPARTURE LAST
                VALUE   (LST)  VALUE       VALUE  FROM      YEAR
                                                  NORMAL
..................................................................
TEMPERATURE (F)
 YESTERDAY
  MAXIMUM         52    322 PM  64    1995  52      0       54
  MINIMUM         43   1031 AM  18    2006  35      8       35
  AVERAGE         48                        44      4       45

PRECIPITATION (IN)
  YESTERDAY        0.89          2.05 1956   0.16   0.73     0.01
  MONTH TO DATE   12.02                      3.32   8.70     2.19
  SINCE OCT 1     40.72                     25.67  15.05    33.56
  SINCE JAN 1     17.42                      9.28   8.14    10.01

DEGREE DAYS
 HEATING
  YESTERDAY       17                        22     -5       20
  MONTH TO DATE  407                       447    -40      323
  SINCE DEC 1   2153                      1957    196     1625
  SINCE JUL 1   2957                      3074   -117     2505

 COOLING
  YESTERDAY        0                         0      0        0
  MONTH TO DATE    0                         0      0        0
  SINCE DEC 1      0                         0      0        0
  SINCE JAN 1      0                         0      0        0
..................................................................


WIND (MPH)
  HIGHEST WIND SPEED    18   HIGHEST WIND DIRECTION     S (200)
  HIGHEST GUST SPEED    24   HIGHEST GUST DIRECTION     S (180)
  AVERAGE WIND SPEED     6.0


SKY COVER
  POSSIBLE SUNSHINE  MM
  AVERAGE SKY COVER 1.0


WEATHER CONDITIONS
 THE FOLLOWING WEATHER WAS RECORDED YESTERDAY.
  RAIN
  LIGHT RAIN
  FOG


RELATIVE HUMIDITY (PERCENT)
 HIGHEST    96           400 AM
 LOWEST     83           300 AM
 AVERAGE    90

..........................................................


THE SALEM OR CLIMATE NORMALS FOR TODAY
                         NORMAL    RECORD    YEAR
 MAXIMUM TEMPERATURE (F)   53        66      1973
 MINIMUM TEMPERATURE (F)   35        21      1894


SUNRISE AND SUNSET
FEBRUARY 21 2017......SUNRISE   703 AM PST   SUNSET   549 PM PST
FEBRUARY 22 2017......SUNRISE   701 AM PST   SUNSET   550 PM PST


-  INDICATES NEGATIVE NUMBERS.
R  INDICATES RECORD WAS SET OR TIED.
MM INDICATES DATA IS MISSING.
T  INDICATES TRACE AMOUNT.




$$
