000
CDUS46 KPQR 301149
CLISLE


CLIMATE REPORT
NATIONAL WEATHER SERVICE PORTLAND OREGON
448 AM PDT TUE JUN 30 2015


...................................

...THE SALEM OR CLIMATE SUMMARY FOR JUNE 29 2015...

CLIMATE NORMAL PERIOD 1981 TO 2010
CLIMATE RECORD PERIOD 1892 TO 2015


WEATHER ITEM   OBSERVED TIME   RECORD YEAR NORMAL DEPARTURE LAST
                VALUE   (LST)  VALUE       VALUE  FROM      YEAR
                                                  NORMAL
..................................................................
TEMPERATURE (F)
 YESTERDAY
  MAXIMUM         91    520 PM  99    1951  78     13       76
  MINIMUM         60    509 AM  38    1893  51      9       58
  AVERAGE         76                        64     12       67

PRECIPITATION (IN)
  YESTERDAY        0.00          0.73 1958   0.03  -0.03     0.00
  MONTH TO DATE    0.67                      1.52  -0.85     0.64
  SINCE OCT 1     32.81                     37.45  -4.64    26.59
  SINCE JAN 1     15.27                     21.06  -5.79    22.01

DEGREE DAYS
 HEATING
  YESTERDAY        0                         2     -2        0
  MONTH TO DATE   22                       127   -105       66
  SINCE JUN 1     22                       127   -105       66
  SINCE JUL 1   3478                      4650  -1172     4359

 COOLING
  YESTERDAY       11                         2      9        2
  MONTH TO DATE  148                        27    121       14
  SINCE JUN 1    148                        27    121       14
  SINCE JAN 1    161                        36    125       30
..................................................................


WIND (MPH)
  HIGHEST WIND SPEED    15   HIGHEST WIND DIRECTION     W (270)
  HIGHEST GUST SPEED    19   HIGHEST GUST DIRECTION     W (290)
  AVERAGE WIND SPEED     6.1


SKY COVER
  POSSIBLE SUNSHINE  MM
  AVERAGE SKY COVER 0.1


WEATHER CONDITIONS
 THE FOLLOWING WEATHER WAS RECORDED YESTERDAY.
  NO SIGNIFICANT WEATHER WAS OBSERVED.


RELATIVE HUMIDITY (PERCENT)
 HIGHEST    84           500 AM
 LOWEST     34           300 PM
 AVERAGE    59

..........................................................


THE SALEM OR CLIMATE NORMALS FOR TODAY
                         NORMAL    RECORD    YEAR
 MAXIMUM TEMPERATURE (F)   78       102      1942
 MINIMUM TEMPERATURE (F)   51        39      1961
                                             1899


SUNRISE AND SUNSET
JUNE 30 2015..........SUNRISE   529 AM PDT   SUNSET   902 PM PDT
JULY  1 2015..........SUNRISE   529 AM PDT   SUNSET   902 PM PDT


-  INDICATES NEGATIVE NUMBERS.
R  INDICATES RECORD WAS SET OR TIED.
MM INDICATES DATA IS MISSING.
T  INDICATES TRACE AMOUNT.




$$
