000
CDUS46 KPQR 290220
CLISLE


CLIMATE REPORT
NATIONAL WEATHER SERVICE PORTLAND OREGON
720 PM PDT THU MAY 28 2015


...................................

...THE SALEM OR CLIMATE SUMMARY FOR MAY 28 2015...
VALID TODAY AS OF 0700 PM LOCAL TIME.

CLIMATE NORMAL PERIOD 1981 TO 2010
CLIMATE RECORD PERIOD 1892 TO 2015


WEATHER ITEM   OBSERVED TIME   RECORD YEAR NORMAL DEPARTURE LAST
                VALUE   (LST)  VALUE       VALUE  FROM      YEAR
                                                  NORMAL
..................................................................
TEMPERATURE (F)
 TODAY
  MAXIMUM         86    435 PM 100    1983  70     16       66
  MINIMUM         51    435 AM  32    1966  47      4       47
  AVERAGE         69                        59     10       57

PRECIPITATION (IN)
  TODAY            0.00          0.55 1997   0.08  -0.08     0.05
  MONTH TO DATE    0.72                      2.00  -1.28     2.06
  SINCE OCT 1     32.14                     35.71  -3.57    25.94
  SINCE JAN 1     14.60                     19.32  -4.72    21.36

DEGREE DAYS
 HEATING
  TODAY            0                         7     -7        8
  MONTH TO DATE  159                       259   -100      154
  SINCE MAR 1    986                      1262   -276      995
  SINCE JUL 1   3456                      4502  -1046     4281

 COOLING
  TODAY            4                         0      4        0
  MONTH TO DATE    4                         0      4       15
  SINCE MAR 1      4                         0      4       16
  SINCE JAN 1      4                         0      4       16
..................................................................


WIND (MPH)
  HIGHEST WIND SPEED    13   HIGHEST WIND DIRECTION    NW (300)
  HIGHEST GUST SPEED    15   HIGHEST GUST DIRECTION     W (290)
  AVERAGE WIND SPEED     3.5


SKY COVER
  POSSIBLE SUNSHINE  MM
  AVERAGE SKY COVER 0.0


WEATHER CONDITIONS
 THE FOLLOWING WEATHER WAS RECORDED TODAY.
  NO SIGNIFICANT WEATHER WAS OBSERVED.


RELATIVE HUMIDITY (PERCENT)
 HIGHEST    89           300 AM
 LOWEST     32           400 PM
 AVERAGE    61

..........................................................


THE SALEM OR CLIMATE NORMALS FOR TOMORROW
                         NORMAL    RECORD    YEAR
 MAXIMUM TEMPERATURE (F)   70        90      1995
 MINIMUM TEMPERATURE (F)   47        34      1979


SUNRISE AND SUNSET
MAY 28 2015...........SUNRISE   531 AM PDT   SUNSET   848 PM PDT
MAY 29 2015...........SUNRISE   531 AM PDT   SUNSET   849 PM PDT


-  INDICATES NEGATIVE NUMBERS.
R  INDICATES RECORD WAS SET OR TIED.
MM INDICATES DATA IS MISSING.
T  INDICATES TRACE AMOUNT.




$$
