000
CDUS46 KPQR 171142
CLISLE


CLIMATE REPORT
NATIONAL WEATHER SERVICE PORTLAND OREGON
441 AM PDT TUE OCT 17 2017


...................................

...THE SALEM OR CLIMATE SUMMARY FOR OCTOBER 16 2017...

CLIMATE NORMAL PERIOD 1981 TO 2010
CLIMATE RECORD PERIOD 1892 TO 2017


WEATHER ITEM   OBSERVED TIME   RECORD YEAR NORMAL DEPARTURE LAST
                VALUE   (LST)  VALUE       VALUE  FROM      YEAR
                                                  NORMAL
..................................................................
TEMPERATURE (F)
 YESTERDAY
  MAXIMUM         69    345 PM  83    2002  64      5       56
  MINIMUM         37    716 AM  23    1902  42     -5       51
  AVERAGE         53                        53      0       54

PRECIPITATION (IN)
  YESTERDAY        0.00          1.36 1947   0.10  -0.10     1.02
  MONTH TO DATE    1.30                      1.15   0.15     7.28
  SINCE OCT 1      1.30                      1.15   0.15     7.28
  SINCE JAN 1     37.11                     24.43  12.68    30.99

DEGREE DAYS
 HEATING
  YESTERDAY       12                        12      0       11
  MONTH TO DATE  187                       152     35      139
  SINCE SEP 1    268                       261      7      229
  SINCE JUL 1    270                       317    -47      244

 COOLING
  YESTERDAY        0                         0      0        0
  MONTH TO DATE    0                         0      0        0
  SINCE SEP 1    127                        37     90       19
  SINCE JAN 1    647                       289    358      465
..................................................................


WIND (MPH)
  HIGHEST WIND SPEED     8   HIGHEST WIND DIRECTION    NW (310)
  HIGHEST GUST SPEED    10   HIGHEST GUST DIRECTION    NW (330)
  AVERAGE WIND SPEED     1.2


SKY COVER
  POSSIBLE SUNSHINE  MM
  AVERAGE SKY COVER 0.2


WEATHER CONDITIONS
 THE FOLLOWING WEATHER WAS RECORDED YESTERDAY.
  FOG
  FOG W/VISIBILITY <= 1/4 MILE


RELATIVE HUMIDITY (PERCENT)
 HIGHEST    93           100 AM
 LOWEST     45           300 PM
 AVERAGE    69

..........................................................


THE SALEM OR CLIMATE NORMALS FOR TODAY
                         NORMAL    RECORD    YEAR
 MAXIMUM TEMPERATURE (F)   63        84      1936
 MINIMUM TEMPERATURE (F)   42        28      1902


SUNRISE AND SUNSET
OCTOBER 17 2017.......SUNRISE   731 AM PDT   SUNSET   623 PM PDT
OCTOBER 18 2017.......SUNRISE   732 AM PDT   SUNSET   621 PM PDT


-  INDICATES NEGATIVE NUMBERS.
R  INDICATES RECORD WAS SET OR TIED.
MM INDICATES DATA IS MISSING.
T  INDICATES TRACE AMOUNT.




$$
