000
CDUS41 KBTV 240523
CLISLK


CLIMATE REPORT
NATIONAL WEATHER SERVICE BURLINGTON VT
120 AM EDT SAT JUN 24 2017


...................................

...THE SARANAC LAKE NY CLIMATE SUMMARY FOR JUNE 23 2017...

CLIMATE NORMAL PERIOD 1981 TO 2010
CLIMATE RECORD PERIOD 9999 TO 9999


WEATHER ITEM   OBSERVED TIME   NORMAL DEPARTURE LAST
                VALUE   (LST)  VALUE  FROM      YEAR
                                      NORMAL
......................................................
TEMPERATURE (F)
 YESTERDAY
  MAXIMUM         76    245 PM  74      2       72
  MINIMUM         59    131 AM  49     10       37
  AVERAGE         68            62      6       55

PRECIPITATION (IN)
  YESTERDAY        2.39          0.13   2.26     0.00
  MONTH TO DATE    4.96          2.99   1.97     3.04
  SINCE JUN 1      4.96          2.99   1.97     3.04
  SINCE JAN 1     21.05         15.34   5.71    15.55

DEGREE DAYS
 HEATING
  YESTERDAY        0             4     -4       10
  MONTH TO DATE  167           158      9      201
  SINCE JUN 1    167           158      9      201
  SINCE JUL 1   8392          9392  -1000     8146

 COOLING
  YESTERDAY        3             1      2        0
  MONTH TO DATE   16            22     -6        2
  SINCE JUN 1     16            22     -6        2
  SINCE JAN 1     22            25     -3       20
......................................................


WIND (MPH)
  HIGHEST WIND SPEED    18   HIGHEST WIND DIRECTION    SW (220)
  HIGHEST GUST SPEED    27   HIGHEST GUST DIRECTION    SW (210)
  AVERAGE WIND SPEED     6.4


SKY COVER
  AVERAGE SKY COVER 0.9


WEATHER CONDITIONS
 THE FOLLOWING WEATHER WAS RECORDED YESTERDAY.
  THUNDERSTORM
  HEAVY RAIN
  RAIN
  LIGHT RAIN
  FOG


RELATIVE HUMIDITY (PERCENT)
 HIGHEST   100           300 AM
 LOWEST     78          1200 AM
 AVERAGE    89

..........................................................


THE SARANAC LAKE NY CLIMATE NORMALS FOR TODAY
                         NORMAL    RECORD    YEAR
 MAXIMUM TEMPERATURE (F)   74        90      2003
 MINIMUM TEMPERATURE (F)   50        33      2007


SUNRISE AND SUNSET
JUNE 24 2017..........SUNRISE   513 AM EDT   SUNSET   845 PM EDT
JUNE 25 2017..........SUNRISE   514 AM EDT   SUNSET   845 PM EDT


-  INDICATES NEGATIVE NUMBERS.
R  INDICATES RECORD WAS SET OR TIED.
MM INDICATES DATA IS MISSING.
T  INDICATES TRACE AMOUNT.




$$
