000
CDUS41 KBTV 240550
CLISLK


CLIMATE REPORT
NATIONAL WEATHER SERVICE BURLINGTON VT
1248 AM EST FRI FEB 24 2017


...................................

...THE SARANAC LAKE NY CLIMATE SUMMARY FOR FEBRUARY 23 2017...

CLIMATE NORMAL PERIOD 1981 TO 2010
CLIMATE RECORD PERIOD 9999 TO 9999


WEATHER ITEM   OBSERVED TIME   NORMAL DEPARTURE LAST
                VALUE   (LST)  VALUE  FROM      YEAR
                                      NORMAL
......................................................
TEMPERATURE (F)
 YESTERDAY
  MAXIMUM         58   1218 PM  30     28       33
  MINIMUM         33    230 AM   3     30       -1
  AVERAGE         46            16     30       16

PRECIPITATION (IN)
  YESTERDAY        T             0.06  -0.06      T
  MONTH TO DATE    1.03          1.36  -0.33     1.45
  SINCE DEC 1      5.63          5.78  -0.15     6.09
  SINCE JAN 1      3.20          3.49  -0.29     2.14

DEGREE DAYS
 HEATING
  YESTERDAY       19            49    -30       49
  MONTH TO DATE  991          1166   -175     1073
  SINCE DEC 1   3702          4193   -491     3421
  SINCE JUL 1   5544          6468   -924     5371

 COOLING
  YESTERDAY        0             0      0        0
  MONTH TO DATE    0             0      0        0
  SINCE DEC 1      0             0      0        0
  SINCE JAN 1      0             0      0        0
......................................................


WIND (MPH)
  HIGHEST WIND SPEED    26   HIGHEST WIND DIRECTION    SW (220)
  HIGHEST GUST SPEED    34   HIGHEST GUST DIRECTION     S (200)
  AVERAGE WIND SPEED     8.6


SKY COVER
  AVERAGE SKY COVER 0.7


WEATHER CONDITIONS
 THE FOLLOWING WEATHER WAS RECORDED YESTERDAY.
  LIGHT RAIN


RELATIVE HUMIDITY (PERCENT)
 HIGHEST    96           300 AM
 LOWEST     71          1100 AM
 AVERAGE    84

..........................................................


THE SARANAC LAKE NY CLIMATE NORMALS FOR TODAY
                         NORMAL    RECORD    YEAR
 MAXIMUM TEMPERATURE (F)   30        45      2000
 MINIMUM TEMPERATURE (F)    3       -25      2015


SUNRISE AND SUNSET
FEBRUARY 24 2017......SUNRISE   642 AM EST   SUNSET   538 PM EST
FEBRUARY 25 2017......SUNRISE   640 AM EST   SUNSET   540 PM EST


-  INDICATES NEGATIVE NUMBERS.
R  INDICATES RECORD WAS SET OR TIED.
MM INDICATES DATA IS MISSING.
T  INDICATES TRACE AMOUNT.




$$
