000
CDUS41 KBTV 290522
CLISLK


CLIMATE REPORT
NATIONAL WEATHER SERVICE BURLINGTON VT
121 AM EDT TUE JUL 29 2014


...................................

...THE SARANAC LAKE NY CLIMATE SUMMARY FOR JULY 28 2014...

CLIMATE NORMAL PERIOD 1981 TO 2010
CLIMATE RECORD PERIOD 9999 TO 9999


WEATHER ITEM   OBSERVED TIME   NORMAL DEPARTURE LAST
                VALUE   (LST)  VALUE  FROM      YEAR
                                      NORMAL
......................................................
TEMPERATURE (F)
 YESTERDAY
  MAXIMUM         62   1118 AM  75    -13       73
  MINIMUM         50    222 AM  51     -1       57
  AVERAGE         56            63     -7       65

PRECIPITATION (IN)
  YESTERDAY        1.08          0.13   0.95     0.31
  MONTH TO DATE    3.63          3.78  -0.15     5.43
  SINCE JUN 1     10.41          7.63   2.78    14.71
  SINCE JAN 1     22.57         19.98   2.59    25.71

DEGREE DAYS
 HEATING
  YESTERDAY        9             3      6        0
  MONTH TO DATE  103            84     19       60
  SINCE JUN 1    270           268      2      280
  SINCE JUL 1    103            84     19       60

 COOLING
  YESTERDAY        0             1     -1        0
  MONTH TO DATE   38            43     -5      100
  SINCE JUN 1     59            69    -10      136
  SINCE JAN 1     60            72    -12      146
......................................................


WIND (MPH)
  HIGHEST WIND SPEED    13   HIGHEST WIND DIRECTION    NE (30)
  HIGHEST GUST SPEED    18   HIGHEST GUST DIRECTION     N (10)
  AVERAGE WIND SPEED     6.0


SKY COVER
  AVERAGE SKY COVER 0.8


WEATHER CONDITIONS
 THE FOLLOWING WEATHER WAS RECORDED YESTERDAY.
  HEAVY RAIN
  RAIN
  LIGHT RAIN
  FOG


RELATIVE HUMIDITY (PERCENT)
 HIGHEST   100          1200 AM
 LOWEST     90          1200 PM
 AVERAGE    95

..........................................................


THE SARANAC LAKE NY CLIMATE NORMALS FOR TODAY
                         NORMAL    RECORD    YEAR
 MAXIMUM TEMPERATURE (F)   75        MM        MM
 MINIMUM TEMPERATURE (F)   51        MM        MM


SUNRISE AND SUNSET
JULY 29 2014..........SUNRISE   541 AM EDT   SUNSET   825 PM EDT
JULY 30 2014..........SUNRISE   542 AM EDT   SUNSET   824 PM EDT


-  INDICATES NEGATIVE NUMBERS.
R  INDICATES RECORD WAS SET OR TIED.
MM INDICATES DATA IS MISSING.
T  INDICATES TRACE AMOUNT.




$$
