000
CDUS41 KBTV 290600
CLISLK


CLIMATE REPORT
NATIONAL WEATHER SERVICE BURLINGTON VT
1258 AM EST SAT NOV 29 2014


...................................

...THE SARANAC LAKE NY CLIMATE SUMMARY FOR NOVEMBER 28 2014...

CLIMATE NORMAL PERIOD 1981 TO 2010
CLIMATE RECORD PERIOD 9999 TO 9999


WEATHER ITEM   OBSERVED TIME   NORMAL DEPARTURE LAST
                VALUE   (LST)  VALUE  FROM      YEAR
                                      NORMAL
......................................................
TEMPERATURE (F)
 YESTERDAY
  MAXIMUM         22    158 AM  36    -14       17
  MINIMUM          3    926 PM  17    -14       -3
  AVERAGE         13            27    -14        7

PRECIPITATION (IN)
  YESTERDAY        0.02          0.10  -0.08      T
  MONTH TO DATE    1.99          3.13  -1.14     3.94
  SINCE SEP 1      7.22         10.47  -3.25     9.97
  SINCE JAN 1     33.18         35.01  -1.83    38.85

DEGREE DAYS
 HEATING
  YESTERDAY       52            38     14       58
  MONTH TO DATE  881           904    -23     1020
  SINCE SEP 1   1805          1956   -151     2054
  SINCE JUL 1   2084          2196   -112     2267

 COOLING
  YESTERDAY        0             0      0        0
  MONTH TO DATE    0             0      0        0
  SINCE SEP 1     15             7      8       16
  SINCE JAN 1     83           114    -31      187
......................................................


WIND (MPH)
  HIGHEST WIND SPEED    14   HIGHEST WIND DIRECTION     W (250)
  HIGHEST GUST SPEED    28   HIGHEST GUST DIRECTION     E (100)
  AVERAGE WIND SPEED     5.4


SKY COVER
  AVERAGE SKY COVER 0.9


WEATHER CONDITIONS
 THE FOLLOWING WEATHER WAS RECORDED YESTERDAY.
  SNOW
  LIGHT SNOW
  FOG
  HAZE


RELATIVE HUMIDITY (PERCENT)
 HIGHEST    88           700 PM
 LOWEST     67          1200 PM
 AVERAGE    78

..........................................................


THE SARANAC LAKE NY CLIMATE NORMALS FOR TODAY
                         NORMAL    RECORD    YEAR
 MAXIMUM TEMPERATURE (F)   36        MM        MM
 MINIMUM TEMPERATURE (F)   17        MM        MM


SUNRISE AND SUNSET
NOVEMBER 29 2014......SUNRISE   710 AM EST   SUNSET   420 PM EST
NOVEMBER 30 2014......SUNRISE   712 AM EST   SUNSET   419 PM EST


-  INDICATES NEGATIVE NUMBERS.
R  INDICATES RECORD WAS SET OR TIED.
MM INDICATES DATA IS MISSING.
T  INDICATES TRACE AMOUNT.




$$
