000
CDUS41 KBTV 110540
CLISLK


CLIMATE REPORT
NATIONAL WEATHER SERVICE BURLINGTON VT
138 AM EDT FRI JUL 11 2014


...................................

...THE SARANAC LAKE NY CLIMATE SUMMARY FOR JULY 10 2014...

CLIMATE NORMAL PERIOD 1981 TO 2010
CLIMATE RECORD PERIOD 9999 TO 9999


WEATHER ITEM   OBSERVED TIME   NORMAL DEPARTURE LAST
                VALUE   (LST)  VALUE  FROM      YEAR
                                      NORMAL
......................................................
TEMPERATURE (F)
 YESTERDAY
  MAXIMUM         69    507 PM  76     -7       78
  MINIMUM         42   1159 PM  51     -9       61
  AVERAGE         56            64     -8       70

PRECIPITATION (IN)
  YESTERDAY        0.00          0.13  -0.13     0.11
  MONTH TO DATE    0.99          1.41  -0.42     3.14
  SINCE JUN 1      7.77          5.26   2.51    12.42
  SINCE JAN 1     19.93         17.61   2.32    23.42

DEGREE DAYS
 COOLING
  YESTERDAY        0             2     -2        5
  MONTH TO DATE   28            20      8       46
  SINCE JUN 1     49            46      3       82
  SINCE JAN 1     50            49      1       92
......................................................


WIND (MPH)
  HIGHEST WIND SPEED    13   HIGHEST WIND DIRECTION    SW (240)
  HIGHEST GUST SPEED    19   HIGHEST GUST DIRECTION    SW (240)
  AVERAGE WIND SPEED     4.7


SKY COVER
  AVERAGE SKY COVER 0.3


WEATHER CONDITIONS
 THE FOLLOWING WEATHER WAS RECORDED YESTERDAY.
  NO SIGNIFICANT WEATHER WAS OBSERVED.


RELATIVE HUMIDITY (PERCENT)
 HIGHEST   100          1100 PM
 LOWEST     44           300 PM
 AVERAGE    72

..........................................................


THE SARANAC LAKE NY CLIMATE NORMALS FOR TODAY
                         NORMAL    RECORD    YEAR
 MAXIMUM TEMPERATURE (F)   76        MM        MM
 MINIMUM TEMPERATURE (F)   51        MM        MM


SUNRISE AND SUNSET
JULY 11 2014..........SUNRISE   523 AM EDT   SUNSET   841 PM EDT
JULY 12 2014..........SUNRISE   524 AM EDT   SUNSET   841 PM EDT


-  INDICATES NEGATIVE NUMBERS.
R  INDICATES RECORD WAS SET OR TIED.
MM INDICATES DATA IS MISSING.
T  INDICATES TRACE AMOUNT.




$$
