000
CDUS41 KBTV 300526
CLISLK


CLIMATE REPORT
NATIONAL WEATHER SERVICE BURLINGTON VT
125 AM EDT TUE AUG 30 2016


...................................

...THE SARANAC LAKE NY CLIMATE SUMMARY FOR AUGUST 29 2016...

CLIMATE NORMAL PERIOD 1981 TO 2010
CLIMATE RECORD PERIOD 9999 TO 9999


WEATHER ITEM   OBSERVED TIME   NORMAL DEPARTURE LAST
                VALUE   (LST)  VALUE  FROM      YEAR
                                      NORMAL
......................................................
TEMPERATURE (F)
 YESTERDAY
  MAXIMUM         71    341 PM  72     -1       74
  MINIMUM         45   1159 PM  47     -2       40
  AVERAGE         58            60     -2       57

PRECIPITATION (IN)
  YESTERDAY        0.00          0.14  -0.14     0.00
  MONTH TO DATE    3.15          3.88  -0.73     3.40
  SINCE JUN 1      9.22         11.92  -2.70    16.26
  SINCE JAN 1     21.73         24.27  -2.54    24.05

DEGREE DAYS
 HEATING
  YESTERDAY        7             6      1        8
  MONTH TO DATE   42           134    -92       95
  SINCE JUN 1    330           412    -82      386
  SINCE JUL 1    115           228   -113      190

 COOLING
  YESTERDAY        0             1     -1        0
  MONTH TO DATE   69            29     40       31
  SINCE JUN 1    133           101     32       87
  SINCE JAN 1    151           104     47      103
......................................................


WIND (MPH)
  HIGHEST WIND SPEED    13   HIGHEST WIND DIRECTION     W (290)
  HIGHEST GUST SPEED    21   HIGHEST GUST DIRECTION     W (280)
  AVERAGE WIND SPEED     4.6


SKY COVER
  AVERAGE SKY COVER 0.4


WEATHER CONDITIONS
 THE FOLLOWING WEATHER WAS RECORDED YESTERDAY.
  FOG


RELATIVE HUMIDITY (PERCENT)
 HIGHEST    96           900 PM
 LOWEST     49           300 PM
 AVERAGE    73

..........................................................


THE SARANAC LAKE NY CLIMATE NORMALS FOR TODAY
                         NORMAL    RECORD    YEAR
 MAXIMUM TEMPERATURE (F)   72        86      2010
 MINIMUM TEMPERATURE (F)   47        35      2003


SUNRISE AND SUNSET
AUGUST 30 2016........SUNRISE   618 AM EDT   SUNSET   736 PM EDT
AUGUST 31 2016........SUNRISE   619 AM EDT   SUNSET   734 PM EDT


-  INDICATES NEGATIVE NUMBERS.
R  INDICATES RECORD WAS SET OR TIED.
MM INDICATES DATA IS MISSING.
T  INDICATES TRACE AMOUNT.




$$
