000
CDUS41 KBTV 130607
CLISLK

CLIMATE REPORT
NATIONAL WEATHER SERVICE BURLINGTON VT
1258 AM EST WED DEC 13 2017

...................................

...THE SARANAC LAKE NY CLIMATE SUMMARY FOR DECEMBER 12 2017...

CLIMATE NORMAL PERIOD 1981 TO 2010
CLIMATE RECORD PERIOD 9999 TO 9999


WEATHER ITEM   OBSERVED TIME   NORMAL DEPARTURE LAST
                VALUE   (LST)  VALUE  FROM      YEAR
                                      NORMAL
......................................................
TEMPERATURE (F)
 YESTERDAY
  MAXIMUM         30    428 PM  30      0       32
  MINIMUM         11    149 AM  11      0       22
  AVERAGE         21            20      1       27

PRECIPITATION (IN)
  YESTERDAY        0.08          0.08   0.00     0.07
  MONTH TO DATE    0.73          1.05  -0.32     1.08
  SINCE DEC 1      0.73          1.05  -0.32     1.08
  SINCE JAN 1     42.46         36.28   6.18    31.81

DEGREE DAYS
 HEATING
  YESTERDAY       44            45     -1       38
  MONTH TO DATE  464           509    -45      493
  SINCE DEC 1    464           509    -45      493
  SINCE JUL 1   2521          2784   -263     2335

 COOLING
  YESTERDAY        0             0      0        0
  MONTH TO DATE    0             0      0        0
  SINCE DEC 1      0             0      0        0
  SINCE JAN 1     69           114    -45      166
......................................................


WIND (MPH)
  HIGHEST WIND SPEED    15   HIGHEST WIND DIRECTION     W (250)
  HIGHEST GUST SPEED    22   HIGHEST GUST DIRECTION    SW (240)
  AVERAGE WIND SPEED     6.9


SKY COVER
  AVERAGE SKY COVER 1.0


WEATHER CONDITIONS
 THE FOLLOWING WEATHER WAS RECORDED YESTERDAY.
  LIGHT SNOW
  FOG


RELATIVE HUMIDITY (PERCENT)
 HIGHEST   100           700 AM
 LOWEST     84           200 AM
 AVERAGE    92

..........................................................


THE SARANAC LAKE NY CLIMATE NORMALS FOR TODAY
                         NORMAL    RECORD    YEAR
 MAXIMUM TEMPERATURE (F)   29        49      2001
 MINIMUM TEMPERATURE (F)   10       -21      2013


SUNRISE AND SUNSET
DECEMBER 13 2017......SUNRISE   725 AM EST   SUNSET   418 PM EST
DECEMBER 14 2017......SUNRISE   725 AM EST   SUNSET   418 PM EST


-  INDICATES NEGATIVE NUMBERS.
R  INDICATES RECORD WAS SET OR TIED.
MM INDICATES DATA IS MISSING.
T  INDICATES TRACE AMOUNT.

$$
