000
CDUS41 KBTV 020607
CLISLK


CLIMATE REPORT
NATIONAL WEATHER SERVICE BURLINGTON VT
205 AM EDT TUE JUN 2 2015


...................................

...THE SARANAC LAKE NY CLIMATE SUMMARY FOR JUNE 1 2015...

CLIMATE NORMAL PERIOD 1981 TO 2010
CLIMATE RECORD PERIOD 9999 TO 9999


WEATHER ITEM   OBSERVED TIME   NORMAL DEPARTURE LAST
                VALUE   (LST)  VALUE  FROM      YEAR
                                      NORMAL
......................................................
TEMPERATURE (F)
 YESTERDAY
  MAXIMUM         50    211 PM  68    -18       76
  MINIMUM         44    441 AM  43      1       31
  AVERAGE         47            56     -9       54

PRECIPITATION (IN)
  YESTERDAY        0.65          0.12   0.53     0.00
  MONTH TO DATE    0.65          0.12   0.53     0.00
  SINCE JUN 1      0.65          0.12   0.53     0.00
  SINCE JAN 1      8.44         12.47  -4.03    12.16

DEGREE DAYS
 HEATING
  YESTERDAY       18            10      8       11
  MONTH TO DATE   18            10      8       11
  SINCE JUN 1     18            10      8       11
  SINCE JUL 1   9330          9244     86     9773

 COOLING
  YESTERDAY        0             0      0        0
  MONTH TO DATE    0             0      0        0
  SINCE JUN 1      0             0      0        0
  SINCE JAN 1     16             3     13        1
......................................................


WIND (MPH)
  HIGHEST WIND SPEED    15   HIGHEST WIND DIRECTION    NE (60)
  HIGHEST GUST SPEED    23   HIGHEST GUST DIRECTION    NE (50)
  AVERAGE WIND SPEED     9.0


SKY COVER
  AVERAGE SKY COVER 1.0


WEATHER CONDITIONS
 THE FOLLOWING WEATHER WAS RECORDED YESTERDAY.
  RAIN
  LIGHT RAIN
  FOG


RELATIVE HUMIDITY (PERCENT)
 HIGHEST   100           100 AM
 LOWEST     86          1000 AM
 AVERAGE    93

..........................................................


THE SARANAC LAKE NY CLIMATE NORMALS FOR TODAY
                         NORMAL    RECORD    YEAR
 MAXIMUM TEMPERATURE (F)   69        84      2014
 MINIMUM TEMPERATURE (F)   43        29      2003


SUNRISE AND SUNSET
JUNE  2 2015..........SUNRISE   515 AM EDT   SUNSET   835 PM EDT
JUNE  3 2015..........SUNRISE   515 AM EDT   SUNSET   836 PM EDT


-  INDICATES NEGATIVE NUMBERS.
R  INDICATES RECORD WAS SET OR TIED.
MM INDICATES DATA IS MISSING.
T  INDICATES TRACE AMOUNT.




$$
