000
CDUS41 KBTV 150538
CLISLK


CLIMATE REPORT
NATIONAL WEATHER SERVICE BURLINGTON VT
135 AM EDT MON SEP 15 2014


...................................

...THE SARANAC LAKE NY CLIMATE SUMMARY FOR SEPTEMBER 14 2014...

CLIMATE NORMAL PERIOD 1981 TO 2010
CLIMATE RECORD PERIOD 9999 TO 9999


WEATHER ITEM   OBSERVED TIME   NORMAL DEPARTURE LAST
                VALUE   (LST)  VALUE  FROM      YEAR
                                      NORMAL
......................................................
TEMPERATURE (F)
 YESTERDAY
  MAXIMUM         53    251 PM  67    -14       57
  MINIMUM         30   1051 PM  42    -12       35
  AVERAGE         42            55    -13       46

PRECIPITATION (IN)
  YESTERDAY        0.01          0.12  -0.11      T
  MONTH TO DATE    1.75          1.61   0.14     3.02
  SINCE SEP 1      1.75          1.61   0.14     3.02
  SINCE JAN 1     27.71         26.15   1.56    31.90

DEGREE DAYS
 HEATING
  YESTERDAY       23            11     12       19
  MONTH TO DATE  119           121     -2      133
  SINCE SEP 1    119           121     -2      133
  SINCE JUL 1    398           361     37      346

 COOLING
  YESTERDAY        0             0      0        0
  MONTH TO DATE   12             7      5       16
  SINCE SEP 1     12             7      5       16
  SINCE JAN 1     80           114    -34      187
......................................................


WIND (MPH)
  HIGHEST WIND SPEED    12   HIGHEST WIND DIRECTION     W (280)
  HIGHEST GUST SPEED    19   HIGHEST GUST DIRECTION     W (290)
  AVERAGE WIND SPEED     2.6


SKY COVER
  AVERAGE SKY COVER 0.7


WEATHER CONDITIONS
 THE FOLLOWING WEATHER WAS RECORDED YESTERDAY.
  LIGHT RAIN
  FOG
  FOG W/VISIBILITY <= 1/4 MILE


RELATIVE HUMIDITY (PERCENT)
 HIGHEST   100           800 PM
 LOWEST     59           300 PM
 AVERAGE    80

..........................................................


THE SARANAC LAKE NY CLIMATE NORMALS FOR TODAY
                         NORMAL    RECORD    YEAR
 MAXIMUM TEMPERATURE (F)   67        MM        MM
 MINIMUM TEMPERATURE (F)   42        MM        MM


SUNRISE AND SUNSET
SEPTEMBER 15 2014.....SUNRISE   636 AM EDT   SUNSET   707 PM EDT
SEPTEMBER 16 2014.....SUNRISE   637 AM EDT   SUNSET   706 PM EDT


-  INDICATES NEGATIVE NUMBERS.
R  INDICATES RECORD WAS SET OR TIED.
MM INDICATES DATA IS MISSING.
T  INDICATES TRACE AMOUNT.




$$
