000
CDUS41 KBTV 140545
CLISLK


CLIMATE REPORT
NATIONAL WEATHER SERVICE BURLINGTON VT
1244 AM EST SUN FEB 14 2016


...................................

...THE SARANAC LAKE NY CLIMATE SUMMARY FOR FEBRUARY 13 2016...

CLIMATE NORMAL PERIOD 1981 TO 2010
CLIMATE RECORD PERIOD 9999 TO 9999


WEATHER ITEM   OBSERVED TIME   NORMAL DEPARTURE LAST
                VALUE   (LST)  VALUE  FROM      YEAR
                                      NORMAL
......................................................
TEMPERATURE (F)
 YESTERDAY
  MAXIMUM         12   1200 AM  27    -15        1
  MINIMUM        -20        MM   1    -21      -20
  AVERAGE         -4            14    -18       -9

PRECIPITATION (IN)
  YESTERDAY        T             0.07  -0.07      T
  MONTH TO DATE    0.68          0.80  -0.12     0.17
  SINCE DEC 1      5.32          5.22   0.10     2.72
  SINCE JAN 1      1.37          2.93  -1.56     0.78

DEGREE DAYS
 HEATING
  YESTERDAY       69            51     18       74
  MONTH TO DATE  578           669    -91      801
  SINCE DEC 1   2926          3696   -770     3643
  SINCE JUL 1   4876          5971  -1095     5807

 COOLING
  YESTERDAY        0             0      0        0
  MONTH TO DATE    0             0      0        0
  SINCE DEC 1      0             0      0        0
  SINCE JAN 1      0             0      0        0
......................................................


WIND (MPH)
  HIGHEST WIND SPEED    13   HIGHEST WIND DIRECTION     W (270)
  HIGHEST GUST SPEED    23   HIGHEST GUST DIRECTION     W (280)
  AVERAGE WIND SPEED     8.3


SKY COVER
  AVERAGE SKY COVER 0.9


WEATHER CONDITIONS
 THE FOLLOWING WEATHER WAS RECORDED YESTERDAY.
  LIGHT SNOW
  FOG
  HAZE


RELATIVE HUMIDITY (PERCENT)
 HIGHEST    83           100 AM
 LOWEST     51           100 PM
 AVERAGE    67

..........................................................


THE SARANAC LAKE NY CLIMATE NORMALS FOR TODAY
                         NORMAL    RECORD    YEAR
 MAXIMUM TEMPERATURE (F)   28        40      2011
 MINIMUM TEMPERATURE (F)    1       -35      2003


SUNRISE AND SUNSET
FEBRUARY 14 2016......SUNRISE   659 AM EST   SUNSET   524 PM EST
FEBRUARY 15 2016......SUNRISE   657 AM EST   SUNSET   525 PM EST


-  INDICATES NEGATIVE NUMBERS.
R  INDICATES RECORD WAS SET OR TIED.
MM INDICATES DATA IS MISSING.
T  INDICATES TRACE AMOUNT.




$$
