000
CDUS41 KBTV 260643
CLISLK

CLIMATE REPORT
NATIONAL WEATHER SERVICE BURLINGTON VT
238 AM EDT THU MAY 26 2016

...................................

...THE SARANAC LAKE NY CLIMATE SUMMARY FOR MAY 25 2016...

CLIMATE NORMAL PERIOD 1981 TO 2010
CLIMATE RECORD PERIOD 9999 TO 9999


WEATHER ITEM   OBSERVED TIME   NORMAL DEPARTURE LAST
                VALUE   (LST)  VALUE  FROM      YEAR
                                      NORMAL
......................................................
TEMPERATURE (F)
 YESTERDAY
  MAXIMUM         82   1213 PM  67     15       78
  MINIMUM         39    443 AM  40     -1       48
  AVERAGE         61            53      8       63

PRECIPITATION (IN)
  YESTERDAY        T             0.12  -0.12     0.16
  MONTH TO DATE    1.81          2.69  -0.88     1.64
  SINCE MAR 1      7.51          7.86  -0.35     4.97
  SINCE JAN 1     11.39         11.60  -0.21     5.84

DEGREE DAYS
 HEATING
  YESTERDAY        4            12     -8        2
  MONTH TO DATE  417           398     19      283
  SINCE MAR 1   2349          2464   -115     2504
  SINCE JUL 1   7944          9169  -1225     9287

 COOLING
  YESTERDAY        0             0      0        0
  MONTH TO DATE    0             0      0        5
  SINCE MAR 1      0             0      0        5
  SINCE JAN 1      0             0      0        5
......................................................


WIND (MPH)
  HIGHEST WIND SPEED    23   HIGHEST WIND DIRECTION    SW (230)
  HIGHEST GUST SPEED    34   HIGHEST GUST DIRECTION    SW (230)
  AVERAGE WIND SPEED     6.0


SKY COVER
  AVERAGE SKY COVER 0.2


WEATHER CONDITIONS
 THE FOLLOWING WEATHER WAS RECORDED YESTERDAY.
  NO SIGNIFICANT WEATHER WAS OBSERVED.


RELATIVE HUMIDITY (PERCENT)
 HIGHEST    89           100 AM
 LOWEST     26          1000 AM
 AVERAGE    58

..........................................................


THE SARANAC LAKE NY CLIMATE NORMALS FOR TODAY
                         NORMAL    RECORD    YEAR
 MAXIMUM TEMPERATURE (F)   67        90      2010
 MINIMUM TEMPERATURE (F)   41        26      2009


SUNRISE AND SUNSET
MAY 26 2016...........SUNRISE   519 AM EDT   SUNSET   829 PM EDT
MAY 27 2016...........SUNRISE   518 AM EDT   SUNSET   830 PM EDT


-  INDICATES NEGATIVE NUMBERS.
R  INDICATES RECORD WAS SET OR TIED.
MM INDICATES DATA IS MISSING.
T  INDICATES TRACE AMOUNT.

$$
