000
CDUS41 KBTV 230530
CLISLK


CLIMATE REPORT
NATIONAL WEATHER SERVICE BURLINGTON VT
127 AM EDT THU MAR 23 2017


...................................

...THE SARANAC LAKE NY CLIMATE SUMMARY FOR MARCH 22 2017...

CLIMATE NORMAL PERIOD 1981 TO 2010
CLIMATE RECORD PERIOD 9999 TO 9999


WEATHER ITEM   OBSERVED TIME   NORMAL DEPARTURE LAST
                VALUE   (LST)  VALUE  FROM      YEAR
                                      NORMAL
......................................................
TEMPERATURE (F)
 YESTERDAY
  MAXIMUM         28   1212 AM  39    -11       39
  MINIMUM         -9   1159 PM  15    -24       16
  AVERAGE         10            27    -17       28

PRECIPITATION (IN)
  YESTERDAY        T             0.08  -0.08     0.04
  MONTH TO DATE    1.05          1.49  -0.44     1.57
  SINCE MAR 1      1.05          1.49  -0.44     1.57
  SINCE JAN 1      5.59          5.23   0.36     5.45

DEGREE DAYS
 HEATING
  YESTERDAY       55            38     17       37
  MONTH TO DATE 1057           935    122      772
  SINCE MAR 1   1057           935    122      772
  SINCE JUL 1   6753          7640   -887     6367

 COOLING
  YESTERDAY        0             0      0        0
  MONTH TO DATE    0             0      0        0
  SINCE MAR 1      0             0      0        0
  SINCE JAN 1      0             0      0        0
......................................................


WIND (MPH)
  HIGHEST WIND SPEED    16   HIGHEST WIND DIRECTION    NW (310)
  HIGHEST GUST SPEED    27   HIGHEST GUST DIRECTION    NW (310)
  AVERAGE WIND SPEED     8.0


SKY COVER
  AVERAGE SKY COVER 0.4


WEATHER CONDITIONS
 THE FOLLOWING WEATHER WAS RECORDED YESTERDAY.
  LIGHT SNOW
  FOG
  HAZE


RELATIVE HUMIDITY (PERCENT)
 HIGHEST    92          1200 AM
 LOWEST     46           100 PM
 AVERAGE    69

..........................................................


THE SARANAC LAKE NY CLIMATE NORMALS FOR TODAY
                         NORMAL    RECORD    YEAR
 MAXIMUM TEMPERATURE (F)   39        64      2012
 MINIMUM TEMPERATURE (F)   16       -17      2014


SUNRISE AND SUNSET
MARCH 23 2017.........SUNRISE   654 AM EDT   SUNSET   713 PM EDT
MARCH 24 2017.........SUNRISE   652 AM EDT   SUNSET   715 PM EDT


-  INDICATES NEGATIVE NUMBERS.
R  INDICATES RECORD WAS SET OR TIED.
MM INDICATES DATA IS MISSING.
T  INDICATES TRACE AMOUNT.




$$
