000
CDUS41 KBTV 180600
CLISLK


CLIMATE REPORT
NATIONAL WEATHER SERVICE BURLINGTON VT
156 AM EDT WED OCT 18 2017


...................................

...THE SARANAC LAKE NY CLIMATE SUMMARY FOR OCTOBER 17 2017...

CLIMATE NORMAL PERIOD 1981 TO 2010
CLIMATE RECORD PERIOD 9999 TO 9999


WEATHER ITEM   OBSERVED TIME   NORMAL DEPARTURE LAST
                VALUE   (LST)  VALUE  FROM      YEAR
                                      NORMAL
......................................................
TEMPERATURE (F)
 YESTERDAY
  MAXIMUM         54    254 PM  53      1       67
  MINIMUM         22    612 AM  31     -9       47
  AVERAGE         38            42     -4       57

PRECIPITATION (IN)
  YESTERDAY        0.00          0.13  -0.13     0.13
  MONTH TO DATE    3.63          2.17   1.46     0.84
  SINCE SEP 1      5.71          5.46   0.25     3.14
  SINCE JAN 1     37.37         30.00   7.37    25.06

DEGREE DAYS
 HEATING
  YESTERDAY       27            23      4        8
  MONTH TO DATE  239           351   -112      249
  SINCE SEP 1    490           696   -206      516
  SINCE JUL 1    762           936   -174      637

 COOLING
  YESTERDAY        0             0      0        0
  MONTH TO DATE    0             0      0        0
  SINCE SEP 1     16             7      9       15
  SINCE JAN 1     69           114    -45      166
......................................................


WIND (MPH)
  HIGHEST WIND SPEED    20   HIGHEST WIND DIRECTION    SW (230)
  HIGHEST GUST SPEED    26   HIGHEST GUST DIRECTION    SW (220)
  AVERAGE WIND SPEED     8.6


SKY COVER
  AVERAGE SKY COVER 0.1


WEATHER CONDITIONS
 THE FOLLOWING WEATHER WAS RECORDED YESTERDAY.
  NO SIGNIFICANT WEATHER WAS OBSERVED.


RELATIVE HUMIDITY (PERCENT)
 HIGHEST   100          1200 AM
 LOWEST     44           100 PM
 AVERAGE    72

..........................................................


THE SARANAC LAKE NY CLIMATE NORMALS FOR TODAY
                         NORMAL    RECORD    YEAR
 MAXIMUM TEMPERATURE (F)   52        78      2016
 MINIMUM TEMPERATURE (F)   30        16      2015


SUNRISE AND SUNSET
OCTOBER 18 2017.......SUNRISE   716 AM EDT   SUNSET   607 PM EDT
OCTOBER 19 2017.......SUNRISE   717 AM EDT   SUNSET   606 PM EDT


-  INDICATES NEGATIVE NUMBERS.
R  INDICATES RECORD WAS SET OR TIED.
MM INDICATES DATA IS MISSING.
T  INDICATES TRACE AMOUNT.




$$
