000
CDUS41 KBTV 280538
CLISLK


CLIMATE REPORT
NATIONAL WEATHER SERVICE BURLINGTON VT
138 AM EDT THU APR 28 2016


...................................

...THE SARANAC LAKE NY CLIMATE SUMMARY FOR APRIL 27 2016...

CLIMATE NORMAL PERIOD 1981 TO 2010
CLIMATE RECORD PERIOD 9999 TO 9999


WEATHER ITEM   OBSERVED TIME   NORMAL DEPARTURE LAST
                VALUE   (LST)  VALUE  FROM      YEAR
                                      NORMAL
......................................................
TEMPERATURE (F)
 YESTERDAY
  MAXIMUM         45    336 PM  56    -11       45
  MINIMUM         15    523 AM  30    -15       36
  AVERAGE         30            43    -13       41

PRECIPITATION (IN)
  YESTERDAY        0.00          0.10  -0.10     0.02
  MONTH TO DATE    2.88          2.56   0.32     2.46
  SINCE MAR 1      5.70          4.84   0.86     3.33
  SINCE JAN 1      9.58          8.58   1.00     4.20

DEGREE DAYS
 HEATING
  YESTERDAY       35            22     13       24
  MONTH TO DATE  823           746     77      751
  SINCE MAR 1   1854          2003   -149     2159
  SINCE JUL 1   7449          8708  -1259     8942

 COOLING
  YESTERDAY        0             0      0        0
  MONTH TO DATE    0             0      0        0
  SINCE MAR 1      0             0      0        0
  SINCE JAN 1      0             0      0        0
......................................................


WIND (MPH)
  HIGHEST WIND SPEED    17   HIGHEST WIND DIRECTION    SW (230)
  HIGHEST GUST SPEED    25   HIGHEST GUST DIRECTION    SW (240)
  AVERAGE WIND SPEED     4.0


SKY COVER
  AVERAGE SKY COVER 0.0


WEATHER CONDITIONS
 THE FOLLOWING WEATHER WAS RECORDED YESTERDAY.
  FOG
  FOG W/VISIBILITY <= 1/4 MILE


RELATIVE HUMIDITY (PERCENT)
 HIGHEST   100          1200 AM
 LOWEST     22           400 PM
 AVERAGE    61

..........................................................


THE SARANAC LAKE NY CLIMATE NORMALS FOR TODAY
                         NORMAL    RECORD    YEAR
 MAXIMUM TEMPERATURE (F)   57        79      2009
 MINIMUM TEMPERATURE (F)   30        17      2006


SUNRISE AND SUNSET
APRIL 28 2016.........SUNRISE   551 AM EDT   SUNSET   758 PM EDT
APRIL 29 2016.........SUNRISE   550 AM EDT   SUNSET   759 PM EDT


-  INDICATES NEGATIVE NUMBERS.
R  INDICATES RECORD WAS SET OR TIED.
MM INDICATES DATA IS MISSING.
T  INDICATES TRACE AMOUNT.




$$
