000
CDUS41 KBTV 200523
CLISLK


CLIMATE REPORT
NATIONAL WEATHER SERVICE BURLINGTON VT
120 AM EDT SUN AUG 20 2017


...................................

...THE SARANAC LAKE NY CLIMATE SUMMARY FOR AUGUST 19 2017...

CLIMATE NORMAL PERIOD 1981 TO 2010
CLIMATE RECORD PERIOD 9999 TO 9999


WEATHER ITEM   OBSERVED TIME   NORMAL DEPARTURE LAST
                VALUE   (LST)  VALUE  FROM      YEAR
                                      NORMAL
......................................................
TEMPERATURE (F)
 YESTERDAY
  MAXIMUM         74    235 PM  74      0       80
  MINIMUM         54   1034 PM  49      5       52
  AVERAGE         64            61      3       66

PRECIPITATION (IN)
  YESTERDAY        0.01          0.15  -0.14     0.00
  MONTH TO DATE    2.45          2.51  -0.06     2.46
  SINCE JUN 1     14.34         10.55   3.79     8.53
  SINCE JAN 1     30.43         22.90   7.53    21.04

DEGREE DAYS
 HEATING
  YESTERDAY        1             5     -4        0
  MONTH TO DATE   66            79    -13       17
  SINCE JUN 1    376           357     19      305
  SINCE JUL 1    158           173    -15       90

 COOLING
  YESTERDAY        0             1     -1        1
  MONTH TO DATE   12            19     -7       49
  SINCE JUN 1     45            91    -46      113
  SINCE JAN 1     51            94    -43      131
......................................................


WIND (MPH)
  HIGHEST WIND SPEED    18   HIGHEST WIND DIRECTION    SW (240)
  HIGHEST GUST SPEED    26   HIGHEST GUST DIRECTION     W (250)
  AVERAGE WIND SPEED     7.3


SKY COVER
  AVERAGE SKY COVER 0.7


WEATHER CONDITIONS
 THE FOLLOWING WEATHER WAS RECORDED YESTERDAY.
  LIGHT RAIN
  FOG


RELATIVE HUMIDITY (PERCENT)
 HIGHEST   100          1200 AM
 LOWEST     66           500 PM
 AVERAGE    83

..........................................................


THE SARANAC LAKE NY CLIMATE NORMALS FOR TODAY
                         NORMAL    RECORD    YEAR
 MAXIMUM TEMPERATURE (F)   74        84      2016
 MINIMUM TEMPERATURE (F)   48        30      2007


SUNRISE AND SUNSET
AUGUST 20 2017........SUNRISE   606 AM EDT   SUNSET   753 PM EDT
AUGUST 21 2017........SUNRISE   607 AM EDT   SUNSET   752 PM EDT


-  INDICATES NEGATIVE NUMBERS.
R  INDICATES RECORD WAS SET OR TIED.
MM INDICATES DATA IS MISSING.
T  INDICATES TRACE AMOUNT.




$$
