000
CDUS43 KICT 290634
CLISLN


CLIMATE REPORT
NATIONAL WEATHER SERVICE WICHITA KS
1223 AM CST MON DEC 29 2014


...................................

...THE SALINA KS CLIMATE SUMMARY FOR DECEMBER 28 2014...

CLIMATE NORMAL PERIOD 1981 TO 2010
CLIMATE RECORD PERIOD 1894 TO 2014


WEATHER ITEM   OBSERVED TIME   RECORD YEAR NORMAL DEPARTURE LAST
                VALUE   (LST)  VALUE       VALUE  FROM      YEAR
                                                  NORMAL
..................................................................
TEMPERATURE (F)
 YESTERDAY
  MAXIMUM         43    239 PM  71    1984  41      2       44
  MINIMUM         15    442 AM  -8    1924  21     -6       25
  AVERAGE         29                        31     -2       35

PRECIPITATION (IN)
  YESTERDAY        0.00          0.86 1979   0.03  -0.03      T
  MONTH TO DATE    1.65                      0.88   0.77     1.22
  SINCE DEC 1      1.65                      0.88   0.77     1.22
  SINCE JAN 1     28.76                     31.44  -2.68    30.63

DEGREE DAYS
 HEATING
  YESTERDAY       36                        34      2       30
  MONTH TO DATE  751                       908   -157     1026
  SINCE DEC 1    751                       908   -157     1026
  SINCE JUL 1   1748                      1860   -112     2014

 COOLING
  YESTERDAY        0                         0      0        0
  MONTH TO DATE    0                         0      0        0
  SINCE DEC 1      0                         0      0        0
  SINCE JAN 1   1801                      1647    154     1750
..................................................................


WIND (MPH)
  HIGHEST WIND SPEED    13   HIGHEST WIND DIRECTION     S (160)
  HIGHEST GUST SPEED    16   HIGHEST GUST DIRECTION     S (170)
  AVERAGE WIND SPEED     4.7


SKY COVER
  POSSIBLE SUNSHINE  MM
  AVERAGE SKY COVER 0.0


WEATHER CONDITIONS
 THE FOLLOWING WEATHER WAS RECORDED YESTERDAY.
  NO SIGNIFICANT WEATHER WAS OBSERVED.


RELATIVE HUMIDITY (PERCENT)
 HIGHEST    84           300 AM
 LOWEST     43           200 PM
 AVERAGE    64

..........................................................


THE SALINA KS CLIMATE NORMALS FOR TODAY
                         NORMAL    RECORD    YEAR
 MAXIMUM TEMPERATURE (F)   41        71      1999
 MINIMUM TEMPERATURE (F)   21        -8      1983


SUNRISE AND SUNSET
DECEMBER 29 2014......SUNRISE   748 AM CST   SUNSET   517 PM CST
DECEMBER 30 2014......SUNRISE   749 AM CST   SUNSET   518 PM CST


-  INDICATES NEGATIVE NUMBERS.
R  INDICATES RECORD WAS SET OR TIED.
MM INDICATES DATA IS MISSING.
T  INDICATES TRACE AMOUNT.




$$
