000
CDUS43 KICT 250634
CLISLN


CLIMATE REPORT
NATIONAL WEATHER SERVICE WICHITA KS
133 AM CDT TUE APR 25 2017


...................................

...THE SALINA KS CLIMATE SUMMARY FOR APRIL 24 2017...

CLIMATE NORMAL PERIOD 1981 TO 2010
CLIMATE RECORD PERIOD 1894 TO 2017


WEATHER ITEM   OBSERVED TIME   RECORD YEAR NORMAL DEPARTURE LAST
                VALUE   (LST)  VALUE       VALUE  FROM      YEAR
                                                  NORMAL
..................................................................
TEMPERATURE (F)
 YESTERDAY
  MAXIMUM         78    403 PM  96    1989  70      8       81
  MINIMUM         49    127 AM  23    2013  46      3       63
  AVERAGE         64                        58      6       72

PRECIPITATION (IN)
  YESTERDAY        0.00          1.17 2007   0.11  -0.11     0.25
  MONTH TO DATE    2.39                      2.36   0.03     2.48
  SINCE MAR 1      6.01                      4.75   1.26     3.18
  SINCE JAN 1      8.11                      6.55   1.56     4.42

DEGREE DAYS
 HEATING
  YESTERDAY        1                         8     -7        0
  MONTH TO DATE  157                       275   -118      165
  SINCE MAR 1    617                       884   -267      583
  SINCE JUL 1   3285                      4725  -1440     3569

 COOLING
  YESTERDAY        0                         1     -1        7
  MONTH TO DATE   40                        16     24       18
  SINCE MAR 1     51                        18     33       24
  SINCE JAN 1     51                        18     33       24
..................................................................


WIND (MPH)
  HIGHEST WIND SPEED    38   HIGHEST WIND DIRECTION     S (190)
  HIGHEST GUST SPEED    52   HIGHEST GUST DIRECTION     S (200)
  AVERAGE WIND SPEED    18.2


SKY COVER
  POSSIBLE SUNSHINE  MM
  AVERAGE SKY COVER 0.0


WEATHER CONDITIONS
 THE FOLLOWING WEATHER WAS RECORDED YESTERDAY.
  NO SIGNIFICANT WEATHER WAS OBSERVED.


RELATIVE HUMIDITY (PERCENT)
 HIGHEST    66           100 AM
 LOWEST     38          1200 PM
 AVERAGE    52

..........................................................


THE SALINA KS CLIMATE NORMALS FOR TODAY
                         NORMAL    RECORD    YEAR
 MAXIMUM TEMPERATURE (F)   70        94      1989
 MINIMUM TEMPERATURE (F)   47        31      2013
                                             1910


SUNRISE AND SUNSET
APRIL 25 2017.........SUNRISE   640 AM CDT   SUNSET   817 PM CDT
APRIL 26 2017.........SUNRISE   639 AM CDT   SUNSET   818 PM CDT


-  INDICATES NEGATIVE NUMBERS.
R  INDICATES RECORD WAS SET OR TIED.
MM INDICATES DATA IS MISSING.
T  INDICATES TRACE AMOUNT.




$$
