000
CDUS46 KLOX 300915
CLISMX


CLIMATE REPORT
NATIONAL WEATHER SERVICE LOS ANGELES/OXNARD CA
215 AM PDT THU OCT 30 2014


...................................

...THE SANTA MARIA AIRPORT CA CLIMATE SUMMARY FOR OCTOBER 29 2014...

CLIMATE NORMAL PERIOD 1981 TO 2010
CLIMATE RECORD PERIOD 1906 TO 2014


WEATHER ITEM   OBSERVED TIME   RECORD YEAR NORMAL DEPARTURE LAST
                VALUE   (LST)  VALUE       VALUE  FROM      YEAR
                                                  NORMAL
..................................................................
TEMPERATURE (F)
 YESTERDAY
  MAXIMUM         90   1203 PM  95    1939  72     18       67
  MINIMUM         51    637 AM  26    1971  46      5       48
  AVERAGE         71                        59     12       58

PRECIPITATION (IN)
  YESTERDAY        0.00          1.40 1996   0.04  -0.04     0.00
  MONTH TO DATE    T                         0.53  -0.53     0.18
  SINCE JUL 1      T                         0.72  -0.72     0.19
  SINCE JAN 1      4.01                     10.43  -6.42     2.68

SNOWFALL (IN)
  YESTERDAY        0.0
  MONTH TO DATE    0.0
  SINCE SEP 1      0.0
  SINCE JUL 1      0.0

DEGREE DAYS
 HEATING
  YESTERDAY        0                         6     -6
  MONTH TO DATE    3                       135   -132
  SINCE SEP 1      4                       216   -212
  SINCE JUL 1      4                       352   -348

 COOLING
  YESTERDAY        6                         0      6
  MONTH TO DATE  121                        21    100
  SINCE SEP 1    213                        48    165
  SINCE JAN 1    558                       103    455
..................................................................


WIND (MPH)
  HIGHEST WIND SPEED    14   HIGHEST WIND DIRECTION    NW (310)
  HIGHEST GUST SPEED    23   HIGHEST GUST DIRECTION    SW (210)
  AVERAGE WIND SPEED     4.6


SKY COVER
  POSSIBLE SUNSHINE  MM
  AVERAGE SKY COVER 0.0


WEATHER CONDITIONS
 THE FOLLOWING WEATHER WAS RECORDED YESTERDAY.
  NO SIGNIFICANT WEATHER WAS OBSERVED.


RELATIVE HUMIDITY (PERCENT)
 HIGHEST    68           400 AM
 LOWEST     15          1200 PM
 AVERAGE    42

..........................................................


THE SANTA MARIA AIRPORT CA CLIMATE NORMALS FOR TODAY
                         NORMAL    RECORD    YEAR
 MAXIMUM TEMPERATURE (F)   72        96      1966
 MINIMUM TEMPERATURE (F)   46        27      1971


SUNRISE AND SUNSET
OCTOBER 30 2014.......SUNRISE   721 AM PDT   SUNSET   610 PM PDT
OCTOBER 31 2014.......SUNRISE   722 AM PDT   SUNSET   609 PM PDT


-  INDICATES NEGATIVE NUMBERS.
R  INDICATES RECORD WAS SET OR TIED.
MM INDICATES DATA IS MISSING.
T  INDICATES TRACE AMOUNT.




$$
