000
CDUS46 KLOX 270953
CLISMX


CLIMATE REPORT
NATIONAL WEATHER SERVICE LOS ANGELES/OXNARD CA
253 AM PDT MON MAR 27 2017


...................................

...THE SANTA MARIA AIRPORT CA CLIMATE SUMMARY FOR MARCH 26 2017...

CLIMATE NORMAL PERIOD 1981 TO 2010
CLIMATE RECORD PERIOD 1906 TO 2017


WEATHER ITEM   OBSERVED TIME   RECORD YEAR NORMAL DEPARTURE LAST
                VALUE   (LST)  VALUE       VALUE  FROM      YEAR
                                                  NORMAL
..................................................................
TEMPERATURE (F)
 YESTERDAY
  MAXIMUM         64   1213 PM  95    1988  66     -2       75
  MINIMUM         47    217 AM  30    1985  43      4       47
  AVERAGE         56                        54      2       61

PRECIPITATION (IN)
  YESTERDAY        T             1.10 1991   0.07  -0.07     0.00
  MONTH TO DATE    0.83                      2.32  -1.49     3.08
  SINCE OCT 1     16.91                     12.11   4.80     8.24
  SINCE JAN 1     12.11                      8.06   4.05     6.36

SNOWFALL (IN)
  YESTERDAY       MM
  MONTH TO DATE    0.0
  SINCE MAR 1      0.0
  SINCE JUL 1      0.0

DEGREE DAYS
 HEATING
  YESTERDAY        9                        11     -2
  MONTH TO DATE  202                       286    -84
  SINCE MAR 1    202                       286    -84
  SINCE JUL 1   1926                      2119   -193

 COOLING
  YESTERDAY        0                         0      0
  MONTH TO DATE    5                         0      5
  SINCE MAR 1      5                         0      5
  SINCE JAN 1      5                         1      4
..................................................................


WIND (MPH)
  HIGHEST WIND SPEED    26   HIGHEST WIND DIRECTION    NW (300)
  HIGHEST GUST SPEED    32   HIGHEST GUST DIRECTION    NW (300)
  AVERAGE WIND SPEED     9.9


SKY COVER
  POSSIBLE SUNSHINE  MM
  AVERAGE SKY COVER 0.3


WEATHER CONDITIONS
 THE FOLLOWING WEATHER WAS RECORDED YESTERDAY.
  LIGHT RAIN
  FOG
  HAZE


RELATIVE HUMIDITY (PERCENT)
 HIGHEST   100          1200 AM
 LOWEST     64           300 PM
 AVERAGE    82

..........................................................


THE SANTA MARIA AIRPORT CA CLIMATE NORMALS FOR TODAY
                         NORMAL    RECORD    YEAR
 MAXIMUM TEMPERATURE (F)   66        83      1923
 MINIMUM TEMPERATURE (F)   43        29      1972


SUNRISE AND SUNSET
MARCH 27 2017.........SUNRISE   655 AM PDT   SUNSET   719 PM PDT
MARCH 28 2017.........SUNRISE   654 AM PDT   SUNSET   720 PM PDT


-  INDICATES NEGATIVE NUMBERS.
R  INDICATES RECORD WAS SET OR TIED.
MM INDICATES DATA IS MISSING.
T  INDICATES TRACE AMOUNT.




$$
