000
CDUS46 KLOX 190857
CLISMX


CLIMATE REPORT
NATIONAL WEATHER SERVICE LOS ANGELES/OXNARD CA
157 AM PDT THU OCT 19 2017


...................................

...THE SANTA MARIA AIRPORT CA CLIMATE SUMMARY FOR OCTOBER 18 2017...

CLIMATE NORMAL PERIOD 1981 TO 2010
CLIMATE RECORD PERIOD 1906 TO 2017


WEATHER ITEM   OBSERVED TIME   RECORD YEAR NORMAL DEPARTURE LAST
                VALUE   (LST)  VALUE       VALUE  FROM      YEAR
                                                  NORMAL
..................................................................
TEMPERATURE (F)
 YESTERDAY
  MAXIMUM         69    107 PM  99    1921  73     -4       77
  MINIMUM         52    851 PM  34    1918  48      4       50
  AVERAGE         61                        61      0       64

PRECIPITATION (IN)
  YESTERDAY        0.00          0.63 1918   0.02  -0.02     0.00
  MONTH TO DATE    T                         0.24  -0.24     0.21
  SINCE OCT 1      T                         0.24  -0.24     0.21
  SINCE JAN 1     14.11                     10.14   3.97     7.33

SNOWFALL (IN)
  YESTERDAY        0.0
  MONTH TO DATE    0.0
  SINCE SEP 1      0.0
  SINCE JUL 1      0.0

DEGREE DAYS
 HEATING
  YESTERDAY        4                         5     -1
  MONTH TO DATE   35                        75    -40
  SINCE SEP 1     61                       156    -95
  SINCE JUL 1    102                       292   -190

 COOLING
  YESTERDAY        0                         1     -1
  MONTH TO DATE   30                        18     12
  SINCE SEP 1    156                        45    111
  SINCE JAN 1    256                       100    156
..................................................................


WIND (MPH)
  HIGHEST WIND SPEED    21   HIGHEST WIND DIRECTION    NW (300)
  HIGHEST GUST SPEED    24   HIGHEST GUST DIRECTION    NW (300)
  AVERAGE WIND SPEED     6.8


SKY COVER
  POSSIBLE SUNSHINE  MM
  AVERAGE SKY COVER 0.4


WEATHER CONDITIONS
 THE FOLLOWING WEATHER WAS RECORDED YESTERDAY.
  FOG
  HAZE


RELATIVE HUMIDITY (PERCENT)
 HIGHEST   100           700 AM
 LOWEST     59           100 PM
 AVERAGE    80

..........................................................


THE SANTA MARIA AIRPORT CA CLIMATE NORMALS FOR TODAY
                         NORMAL    RECORD    YEAR
 MAXIMUM TEMPERATURE (F)   73        99      1964
 MINIMUM TEMPERATURE (F)   48        32      1949


SUNRISE AND SUNSET
OCTOBER 19 2017.......SUNRISE   711 AM PDT   SUNSET   622 PM PDT
OCTOBER 20 2017.......SUNRISE   712 AM PDT   SUNSET   620 PM PDT


-  INDICATES NEGATIVE NUMBERS.
R  INDICATES RECORD WAS SET OR TIED.
MM INDICATES DATA IS MISSING.
T  INDICATES TRACE AMOUNT.




$$
