000
CDUS46 KLOX 290915
CLISMX


CLIMATE REPORT
NATIONAL WEATHER SERVICE LOS ANGELES/OXNARD CA
215 AM PDT THU JUN 29 2017


...................................

...THE SANTA MARIA AIRPORT CA CLIMATE SUMMARY FOR JUNE 28 2017...

CLIMATE NORMAL PERIOD 1981 TO 2010
CLIMATE RECORD PERIOD 1906 TO 2017


WEATHER ITEM   OBSERVED TIME   RECORD YEAR NORMAL DEPARTURE LAST
                VALUE   (LST)  VALUE       VALUE  FROM      YEAR
                                                  NORMAL
..................................................................
TEMPERATURE (F)
 YESTERDAY
  MAXIMUM         69    200 PM  94    1976  72     -3       80
  MINIMUM         53    419 AM  41    1930  52      1       52
  AVERAGE         61                        62     -1       66

PRECIPITATION (IN)
  YESTERDAY        0.00          0.01 1991   0.00   0.00     0.00
  MONTH TO DATE    T                         0.04  -0.04     0.00
  SINCE OCT 1     18.44                     13.76   4.68     9.00
  SINCE JAN 1     13.64                      9.71   3.93     7.12

SNOWFALL (IN)
  YESTERDAY        0.0
  MONTH TO DATE    0.0
  SINCE JUN 1      0.0
  SINCE JUL 1      0.0

DEGREE DAYS
 HEATING
  YESTERDAY        4                         3      1
  MONTH TO DATE   95                       136    -41
  SINCE JUN 1     95                       136    -41
  SINCE JUL 1   2441                      2818   -377

 COOLING
  YESTERDAY        0                         0      0
  MONTH TO DATE    8                         0      8
  SINCE JUN 1      8                         0      8
  SINCE JAN 1     22                        10     12
..................................................................


WIND (MPH)
  HIGHEST WIND SPEED    21   HIGHEST WIND DIRECTION    NW (310)
  HIGHEST GUST SPEED    25   HIGHEST GUST DIRECTION    NW (300)
  AVERAGE WIND SPEED     9.8


SKY COVER
  POSSIBLE SUNSHINE  MM
  AVERAGE SKY COVER 0.7


WEATHER CONDITIONS
 THE FOLLOWING WEATHER WAS RECORDED YESTERDAY.
  FOG
  HAZE


RELATIVE HUMIDITY (PERCENT)
 HIGHEST   100          1200 AM
 LOWEST     63           200 PM
 AVERAGE    82

..........................................................


THE SANTA MARIA AIRPORT CA CLIMATE NORMALS FOR TODAY
                         NORMAL    RECORD    YEAR
 MAXIMUM TEMPERATURE (F)   72        89      1996
 MINIMUM TEMPERATURE (F)   52        39      1917


SUNRISE AND SUNSET
JUNE 29 2017..........SUNRISE   551 AM PDT   SUNSET   820 PM PDT
JUNE 30 2017..........SUNRISE   552 AM PDT   SUNSET   819 PM PDT


-  INDICATES NEGATIVE NUMBERS.
R  INDICATES RECORD WAS SET OR TIED.
MM INDICATES DATA IS MISSING.
T  INDICATES TRACE AMOUNT.




$$
