000
CDUS46 KLOX 200909
CLISMX


CLIMATE REPORT
NATIONAL WEATHER SERVICE LOS ANGELES/OXNARD CA
108 AM PST TUE FEB 20 2018


...................................

...THE SANTA MARIA AIRPORT CA CLIMATE SUMMARY FOR FEBRUARY 19 2018...

CLIMATE NORMAL PERIOD 1981 TO 2010
CLIMATE RECORD PERIOD 1906 TO 2018


WEATHER ITEM   OBSERVED TIME   RECORD YEAR NORMAL DEPARTURE LAST
                VALUE   (LST)  VALUE       VALUE  FROM      YEAR
                                                  NORMAL
..................................................................
TEMPERATURE (F)
 YESTERDAY
  MAXIMUM         56    205 PM  84    1995  64     -8       58
  MINIMUM         34    644 AM  24    1909  42     -8       41
  AVERAGE         45                        53     -8       50

PRECIPITATION (IN)
  YESTERDAY        T             3.35 1918   0.12  -0.12     0.16
  MONTH TO DATE    T                         2.01  -2.01     4.90
  SINCE OCT 1      2.02                      8.81  -6.79    15.54
  SINCE JAN 1      1.90                      4.76  -2.86    10.74

SNOWFALL (IN)
  YESTERDAY       MM
  MONTH TO DATE    0.0
  SINCE DEC 1      0.0
  SINCE JUL 1      0.0

DEGREE DAYS
 HEATING
  YESTERDAY       20                        12      8
  MONTH TO DATE  146                       236    -90
  SINCE DEC 1    674                      1082   -408
  SINCE JUL 1    947                      1728   -781

 COOLING
  YESTERDAY        0                         0      0
  MONTH TO DATE    0                         0      0
  SINCE DEC 1      0                         0      0
  SINCE JAN 1      0                         0      0
..................................................................


WIND (MPH)
  HIGHEST WIND SPEED    32   HIGHEST WIND DIRECTION    NW (300)
  HIGHEST GUST SPEED    38   HIGHEST GUST DIRECTION    NW (300)
  AVERAGE WIND SPEED    10.4


SKY COVER
  POSSIBLE SUNSHINE  MM
  AVERAGE SKY COVER 0.3


WEATHER CONDITIONS
 THE FOLLOWING WEATHER WAS RECORDED YESTERDAY.
  NO SIGNIFICANT WEATHER WAS OBSERVED.


RELATIVE HUMIDITY (PERCENT)
 HIGHEST    92           400 AM
 LOWEST     41           200 PM
 AVERAGE    67

..........................................................


THE SANTA MARIA AIRPORT CA CLIMATE NORMALS FOR TODAY
                         NORMAL    RECORD    YEAR
 MAXIMUM TEMPERATURE (F)   64        85      2014
 MINIMUM TEMPERATURE (F)   42        28      1971


SUNRISE AND SUNSET
FEBRUARY 20 2018......SUNRISE   642 AM PST   SUNSET   550 PM PST
FEBRUARY 21 2018......SUNRISE   641 AM PST   SUNSET   550 PM PST


-  INDICATES NEGATIVE NUMBERS.
R  INDICATES RECORD WAS SET OR TIED.
MM INDICATES DATA IS MISSING.
T  INDICATES TRACE AMOUNT.




$$
