000
CDUS46 KLOX 220111
CLISMX


CLIMATE REPORT
NATIONAL WEATHER SERVICE LOS ANGELES/OXNARD CA
511 PM PST FRI NOV 21 2014


...................................

...THE SANTA MARIA AIRPORT CA CLIMATE SUMMARY FOR NOVEMBER 21 2014...
VALID TODAY AS OF 0500 PM LOCAL TIME.

CLIMATE NORMAL PERIOD 1981 TO 2010
CLIMATE RECORD PERIOD 1906 TO 2014


WEATHER ITEM   OBSERVED TIME   RECORD YEAR NORMAL DEPARTURE LAST
                VALUE   (LST)  VALUE       VALUE  FROM      YEAR
                                                  NORMAL
..................................................................
TEMPERATURE (F)
 TODAY
  MAXIMUM         70    154 PM  87    1917  67      3       63
  MINIMUM         46    716 AM  25    1931  42      4       51
  AVERAGE         58                        55      3       57

PRECIPITATION (IN)
  TODAY            0.00          0.88 1996   0.05  -0.05      T
  MONTH TO DATE    0.25                      0.89  -0.64     0.05
  SINCE JUL 1      1.32                      1.68  -0.36     0.24
  SINCE JAN 1      5.33                     11.39  -6.06     2.73

SNOWFALL (IN)
  TODAY            0.0
  MONTH TO DATE    0.0
  SINCE SEP 1      0.0
  SINCE JUL 1      0.0

DEGREE DAYS
 HEATING
  TODAY            7                        10     -3
  MONTH TO DATE   66                       178   -112
  SINCE SEP 1     70                       406   -336
  SINCE JUL 1     70                       542   -472

 COOLING
  TODAY            0                         0      0
  MONTH TO DATE    6                         0      6
  SINCE SEP 1    220                        45    175
  SINCE JAN 1    565                       100    465
..................................................................


WIND (MPH)
  HIGHEST WIND SPEED    20   HIGHEST WIND DIRECTION     W (290)
  HIGHEST GUST SPEED    26   HIGHEST GUST DIRECTION     W (290)
  AVERAGE WIND SPEED     6.6


SKY COVER
  POSSIBLE SUNSHINE  MM
  AVERAGE SKY COVER 0.2


WEATHER CONDITIONS
 THE FOLLOWING WEATHER WAS RECORDED TODAY.
  FOG
  FOG W/VISIBILITY <= 1/4 MILE


RELATIVE HUMIDITY (PERCENT)
 HIGHEST    89           100 AM
 LOWEST     47           100 PM
 AVERAGE    68

..........................................................


THE SANTA MARIA AIRPORT CA CLIMATE NORMALS FOR TOMORROW
                         NORMAL    RECORD    YEAR
 MAXIMUM TEMPERATURE (F)   67        89      1933
 MINIMUM TEMPERATURE (F)   42        27      1931


SUNRISE AND SUNSET
NOVEMBER 21 2014......SUNRISE   642 AM PST   SUNSET   453 PM PST
NOVEMBER 22 2014......SUNRISE   643 AM PST   SUNSET   453 PM PST


-  INDICATES NEGATIVE NUMBERS.
R  INDICATES RECORD WAS SET OR TIED.
MM INDICATES DATA IS MISSING.
T  INDICATES TRACE AMOUNT.




$$
