000
CDUS46 KLOX 200912
CLISMX


CLIMATE REPORT
NATIONAL WEATHER SERVICE LOS ANGELES/OXNARD CA
211 AM PDT MON OCT 20 2014


...................................

...THE SANTA MARIA AIRPORT CA CLIMATE SUMMARY FOR OCTOBER 19 2014...

CLIMATE NORMAL PERIOD 1981 TO 2010
CLIMATE RECORD PERIOD 1906 TO 2014


WEATHER ITEM   OBSERVED TIME   RECORD YEAR NORMAL DEPARTURE LAST
                VALUE   (LST)  VALUE       VALUE  FROM      YEAR
                                                  NORMAL
..................................................................
TEMPERATURE (F)
 YESTERDAY
  MAXIMUM         78   1119 AM  99    1964  73      5       74
  MINIMUM         53    611 AM  32    1949  48      5       44
  AVERAGE         66                        61      5       59

PRECIPITATION (IN)
  YESTERDAY        0.00          0.84 2004   0.02  -0.02     0.00
  MONTH TO DATE    T                         0.26  -0.26     0.01
  SINCE JUL 1      T                         0.45  -0.45     0.02
  SINCE JAN 1      4.01                     10.16  -6.15     2.51

SNOWFALL (IN)
  YESTERDAY        0.0
  MONTH TO DATE    0.0
  SINCE SEP 1      0.0
  SINCE JUL 1      0.0

DEGREE DAYS
 HEATING
  YESTERDAY        0                         5     -5
  MONTH TO DATE    2                        80    -78
  SINCE SEP 1      3                       161   -158
  SINCE JUL 1      3                       297   -294

 COOLING
  YESTERDAY        1                         1      0
  MONTH TO DATE   98                        19     79
  SINCE SEP 1    190                        46    144
  SINCE JAN 1    535                       101    434
..................................................................


WIND (MPH)
  HIGHEST WIND SPEED    20   HIGHEST WIND DIRECTION    NW (320)
  HIGHEST GUST SPEED    24   HIGHEST GUST DIRECTION    NW (310)
  AVERAGE WIND SPEED     4.8


SKY COVER
  POSSIBLE SUNSHINE  MM
  AVERAGE SKY COVER 0.3


WEATHER CONDITIONS
 THE FOLLOWING WEATHER WAS RECORDED YESTERDAY.
  FOG
  HAZE


RELATIVE HUMIDITY (PERCENT)
 HIGHEST    90          1000 PM
 LOWEST     40          1100 AM
 AVERAGE    65

..........................................................


THE SANTA MARIA AIRPORT CA CLIMATE NORMALS FOR TODAY
                         NORMAL    RECORD    YEAR
 MAXIMUM TEMPERATURE (F)   73        96      1964
 MINIMUM TEMPERATURE (F)   48        32      1949


SUNRISE AND SUNSET
OCTOBER 20 2014.......SUNRISE   712 AM PDT   SUNSET   621 PM PDT
OCTOBER 21 2014.......SUNRISE   713 AM PDT   SUNSET   619 PM PDT


-  INDICATES NEGATIVE NUMBERS.
R  INDICATES RECORD WAS SET OR TIED.
MM INDICATES DATA IS MISSING.
T  INDICATES TRACE AMOUNT.




$$
