000
CDUS46 KLOX 190948
CLISMX


CLIMATE REPORT
NATIONAL WEATHER SERVICE LOS ANGELES/OXNARD CA
147 AM PST SUN FEB 19 2017


...................................

...THE SANTA MARIA AIRPORT CA CLIMATE SUMMARY FOR FEBRUARY 18 2017...

CLIMATE NORMAL PERIOD 1981 TO 2010
CLIMATE RECORD PERIOD 1906 TO 2017


WEATHER ITEM   OBSERVED TIME   RECORD YEAR NORMAL DEPARTURE LAST
                VALUE   (LST)  VALUE       VALUE  FROM      YEAR
                                                  NORMAL
..................................................................
TEMPERATURE (F)
 YESTERDAY
  MAXIMUM         54    331 PM  86    1935  64    -10       65
  MINIMUM         48    122 AM  29    1975  42      6       47
                                      1911
  AVERAGE         51                        53     -2       56

PRECIPITATION (IN)
  YESTERDAY        0.09          1.77 2011   0.11  -0.02     0.34
  MONTH TO DATE    4.74                      1.89   2.85     0.35
  SINCE OCT 1     15.38                      8.69   6.69     5.16
  SINCE JAN 1     10.58                      4.64   5.94     3.28

SNOWFALL (IN)
  YESTERDAY       MM
  MONTH TO DATE    0.0
  SINCE DEC 1      0.0
  SINCE JUL 1      0.0

DEGREE DAYS
 HEATING
  YESTERDAY       14                        12      2
  MONTH TO DATE  161                       224    -63
  SINCE DEC 1   1017                      1070    -53
  SINCE JUL 1   1568                      1716   -148

 COOLING
  YESTERDAY        0                         0      0
  MONTH TO DATE    0                         0      0
  SINCE DEC 1      0                         0      0
  SINCE JAN 1      0                         0      0
..................................................................


WIND (MPH)
  HIGHEST WIND SPEED    30   HIGHEST WIND DIRECTION    NW (300)
  HIGHEST GUST SPEED    37   HIGHEST GUST DIRECTION    NW (300)
  AVERAGE WIND SPEED    14.3


SKY COVER
  POSSIBLE SUNSHINE  MM
  AVERAGE SKY COVER 0.9


WEATHER CONDITIONS
 THE FOLLOWING WEATHER WAS RECORDED YESTERDAY.
  LIGHT RAIN
  FOG


RELATIVE HUMIDITY (PERCENT)
 HIGHEST   100          1200 AM
 LOWEST     83           500 PM
 AVERAGE    92

..........................................................


THE SANTA MARIA AIRPORT CA CLIMATE NORMALS FOR TODAY
                         NORMAL    RECORD    YEAR
 MAXIMUM TEMPERATURE (F)   64        84      1995
 MINIMUM TEMPERATURE (F)   42        24      1909


SUNRISE AND SUNSET
FEBRUARY 19 2017......SUNRISE   643 AM PST   SUNSET   549 PM PST
FEBRUARY 20 2017......SUNRISE   642 AM PST   SUNSET   550 PM PST


-  INDICATES NEGATIVE NUMBERS.
R  INDICATES RECORD WAS SET OR TIED.
MM INDICATES DATA IS MISSING.
T  INDICATES TRACE AMOUNT.




$$
