000
CDUS46 KSGX 220154
CLISNA


CLIMATE REPORT
NATIONAL WEATHER SERVICE SAN DIEGO, CA
554 PM PST TUE FEB 21 2017


...................................

...THE JOHN WAYNE AIRPORT CA CLIMATE SUMMARY FOR FEBRUARY 21 2017...
VALID TODAY AS OF 0500 PM LOCAL TIME.

CLIMATE NORMAL PERIOD 1981 TO 2010
CLIMATE RECORD PERIOD 1999 TO 2017


WEATHER ITEM   OBSERVED TIME   RECORD YEAR NORMAL DEPARTURE LAST
                VALUE   (LST)  VALUE       VALUE  FROM      YEAR
                                                  NORMAL
..................................................................
TEMPERATURE (F)
 TODAY
  MAXIMUM         69    224 PM  89    2002  66      3       69
  MINIMUM         59    707 AM  43    2011  49     10       48
                                      2006
  AVERAGE         64                        58      6       59

PRECIPITATION (IN)
  TODAY            0.00          1.76 2005   0.13  -0.13     0.00
  MONTH TO DATE    3.49                      2.11   1.38     0.32
  SINCE OCT 1     15.42                      9.10   6.32     3.58
  SINCE JAN 1      9.23                      5.02   4.21     2.36

DEGREE DAYS
 HEATING
  TODAY            1                         7     -6        6
  MONTH TO DATE  111                       166    -55       83
  SINCE DEC 1    589                       705   -116      632
  SINCE JUL 1    667                       858   -191      762

 COOLING
  TODAY            0                         0      0        0
  MONTH TO DATE    0                         0      0       37
  SINCE DEC 1      0                         6     -6       37
  SINCE JAN 1      0                         5     -5       37
..................................................................


WIND (MPH)
  RESULTANT WIND SPEED   1   RESULTANT WIND DIRECTION   W (270)
  HIGHEST WIND SPEED    10   HIGHEST WIND DIRECTION    SE (120)
  HIGHEST GUST SPEED    14   HIGHEST GUST DIRECTION    SE (120)
  AVERAGE WIND SPEED     1.6


SKY COVER
  POSSIBLE SUNSHINE  MM
  AVERAGE SKY COVER 0.8


WEATHER CONDITIONS
 THE FOLLOWING WEATHER WAS RECORDED TODAY.
  NO SIGNIFICANT WEATHER WAS OBSERVED.


RELATIVE HUMIDITY (PERCENT)
 HIGHEST    87           400 AM
 LOWEST     63           200 PM
 AVERAGE    75

..........................................................


THE JOHN WAYNE AIRPORT CA CLIMATE NORMALS FOR TOMORROW
                         NORMAL    RECORD    YEAR
 MAXIMUM TEMPERATURE (F)   66        88      2002
 MINIMUM TEMPERATURE (F)   49        41      2013


SUNRISE AND SUNSET
FEBRUARY 21 2017......SUNRISE   629 AM PST   SUNSET   542 PM PST
FEBRUARY 22 2017......SUNRISE   628 AM PST   SUNSET   542 PM PST


-  INDICATES NEGATIVE NUMBERS.
R  INDICATES RECORD WAS SET OR TIED.
MM INDICATES DATA IS MISSING.
T  INDICATES TRACE AMOUNT.




$$
