000
CDUS46 KSGX 251137
CLISNA


CLIMATE REPORT
NATIONAL WEATHER SERVICE SAN DIEGO, CA
437 AM PDT MON SEP 25 2017


...................................

...THE JOHN WAYNE AIRPORT CA CLIMATE SUMMARY FOR SEPTEMBER 24 2017...

CLIMATE NORMAL PERIOD 1981 TO 2010
CLIMATE RECORD PERIOD 1999 TO 2017


WEATHER ITEM   OBSERVED TIME   RECORD YEAR NORMAL DEPARTURE LAST
                VALUE   (LST)  VALUE       VALUE  FROM      YEAR
                                                  NORMAL
..................................................................
TEMPERATURE (F)
 YESTERDAY
  MAXIMUM         79    218 PM  91    2009  78      1       84
                                      2001
  MINIMUM         57R   556 AM  58    2007  63     -6       60
  AVERAGE         68                        70     -2       72

PRECIPITATION (IN)
  YESTERDAY        0.00          T    2011   0.00   0.00     0.00
  MONTH TO DATE    T                         0.16  -0.16      T
  SINCE OCT 1     15.88                     13.27   2.61     4.98
  SINCE JAN 1      9.69                      9.19   0.50     3.76

DEGREE DAYS
 HEATING
  YESTERDAY        0                         0      0        0
  MONTH TO DATE    0                         0      0        0
  SINCE SEP 1      0                         0      0        0
  SINCE JUL 1      0                         0      0        0

 COOLING
  YESTERDAY        3                         6     -3        7
  MONTH TO DATE  200                       169     31      145
  SINCE SEP 1    200                       169     31      145
  SINCE JAN 1    986                       740    246      923
..................................................................


WIND (MPH)
  RESULTANT WIND SPEED   2   RESULTANT WIND DIRECTION  SW (210)
  HIGHEST WIND SPEED    13   HIGHEST WIND DIRECTION    SW (220)
  HIGHEST GUST SPEED    17   HIGHEST GUST DIRECTION     S (190)
  AVERAGE WIND SPEED     3.7


SKY COVER
  POSSIBLE SUNSHINE  MM
  AVERAGE SKY COVER 0.0


WEATHER CONDITIONS
 THE FOLLOWING WEATHER WAS RECORDED YESTERDAY.
  NO SIGNIFICANT WEATHER WAS OBSERVED.


RELATIVE HUMIDITY (PERCENT)
 HIGHEST    86           600 AM
 LOWEST     31           800 PM
 AVERAGE    59

..........................................................


THE JOHN WAYNE AIRPORT CA CLIMATE NORMALS FOR TODAY
                         NORMAL    RECORD    YEAR
 MAXIMUM TEMPERATURE (F)   78       102      2016
 MINIMUM TEMPERATURE (F)   63        57      2005


SUNRISE AND SUNSET
SEPTEMBER 25 2017.....SUNRISE   642 AM PDT   SUNSET   644 PM PDT
SEPTEMBER 26 2017.....SUNRISE   643 AM PDT   SUNSET   642 PM PDT


-  INDICATES NEGATIVE NUMBERS.
R  INDICATES RECORD WAS SET OR TIED.
MM INDICATES DATA IS MISSING.
T  INDICATES TRACE AMOUNT.




$$
