466
CDUS46 KSGX 100139
CLISNA


CLIMATE REPORT
NATIONAL WEATHER SERVICE SAN DIEGO, CA
529 PM PST TUE FEB 9 2016


...................................

...THE JOHN WAYNE AIRPORT CA CLIMATE SUMMARY FOR FEBRUARY 9 2016...
VALID TODAY AS OF 0500 PM LOCAL TIME.

CLIMATE NORMAL PERIOD 1981 TO 2010
CLIMATE RECORD PERIOD 1999 TO 2016


WEATHER ITEM   OBSERVED TIME   RECORD YEAR NORMAL DEPARTURE LAST
                VALUE   (LST)  VALUE       VALUE  FROM      YEAR
                                                  NORMAL
..................................................................
TEMPERATURE (F)
 TODAY
  MAXIMUM         89R   112 PM  82    2012  66     23       75
  MINIMUM         53    646 AM  38    2013  48      5       59
  AVERAGE         71                        57     14       67

PRECIPITATION (IN)
  TODAY            0.00          0.24 2010   0.10  -0.10     0.00
  MONTH TO DATE    0.00                      0.63  -0.63      T
  SINCE OCT 1      3.26                      7.62  -4.36     4.62
  SINCE JAN 1      2.04                      3.54  -1.50     0.82

DEGREE DAYS
 HEATING
  TODAY            0                         8     -8        0
  MONTH TO DATE   55                        72    -17        2
  SINCE DEC 1    604                       611     -7      203
  SINCE JUL 1    734                       764    -30      207

 COOLING
  TODAY            6                         0      6        2
  MONTH TO DATE   17                         0     17        9
  SINCE DEC 1     17                         6     11       57
  SINCE JAN 1     17                         5     12       39
..................................................................


WIND (MPH)
  RESULTANT WIND SPEED   1   RESULTANT WIND DIRECTION  SW (240)
  HIGHEST WIND SPEED    10   HIGHEST WIND DIRECTION     S (200)
  HIGHEST GUST SPEED    13   HIGHEST GUST DIRECTION     W (260)
  AVERAGE WIND SPEED     1.6


SKY COVER
  POSSIBLE SUNSHINE  MM
  AVERAGE SKY COVER 0.0


WEATHER CONDITIONS
 THE FOLLOWING WEATHER WAS RECORDED TODAY.
  NO SIGNIFICANT WEATHER WAS OBSERVED.


RELATIVE HUMIDITY (PERCENT)
 HIGHEST    50           700 AM
 LOWEST     11           100 PM
 AVERAGE    31

..........................................................


THE JOHN WAYNE AIRPORT CA CLIMATE NORMALS FOR TOMORROW
                         NORMAL    RECORD    YEAR
 MAXIMUM TEMPERATURE (F)   66        80      2002
 MINIMUM TEMPERATURE (F)   48        39      2009


SUNRISE AND SUNSET
FEBRUARY  9 2016......SUNRISE   642 AM PST   SUNSET   530 PM PST
FEBRUARY 10 2016......SUNRISE   641 AM PST   SUNSET   531 PM PST


-  INDICATES NEGATIVE NUMBERS.
R  INDICATES RECORD WAS SET OR TIED.
MM INDICATES DATA IS MISSING.
T  INDICATES TRACE AMOUNT.




$$
