000
CDUS46 KSGX 230018
CLISNA


CLIMATE REPORT
NATIONAL WEATHER SERVICE SAN DIEGO, CA
417 PM PST WED NOV 22 2017


...................................

...THE JOHN WAYNE AIRPORT CA CLIMATE SUMMARY FOR NOVEMBER 22 2017...
VALID TODAY AS OF 0400 PM LOCAL TIME.

CLIMATE NORMAL PERIOD 1981 TO 2010
CLIMATE RECORD PERIOD 1999 TO 2017


WEATHER ITEM   OBSERVED TIME   RECORD YEAR NORMAL DEPARTURE LAST
                VALUE   (LST)  VALUE       VALUE  FROM      YEAR
                                                  NORMAL
..................................................................
TEMPERATURE (F)
 TODAY
  MAXIMUM         91R   146 PM  84    2015  70     21       69
  MINIMUM         57    634 AM  45    2011  50      7       53
  AVERAGE         74                        60     14       61

PRECIPITATION (IN)
  TODAY            0.00          0.01 2013   0.05  -0.05     0.00
  MONTH TO DATE    T                         0.99  -0.99     0.59
  SINCE OCT 1      T                         1.74  -1.74     1.57
  SINCE JAN 1      9.69                     10.99  -1.30     5.33

DEGREE DAYS
 HEATING
  TODAY            0                         5     -5        4
  MONTH TO DATE   15                        75    -60       23
  SINCE SEP 1     15                       102    -87       24
  SINCE JUL 1     15                       102    -87       24

 COOLING
  TODAY            9                         0      9        0
  MONTH TO DATE   33                        22     11       73
  SINCE SEP 1    485                       305    180      448
  SINCE JAN 1   1271                       876    395     1226
..................................................................


WIND (MPH)
  RESULTANT WIND SPEED   2   RESULTANT WIND DIRECTION  SW (210)
  HIGHEST WIND SPEED    10   HIGHEST WIND DIRECTION    SW (220)
  HIGHEST GUST SPEED    12   HIGHEST GUST DIRECTION     S (190)
  AVERAGE WIND SPEED     2.7


SKY COVER
  POSSIBLE SUNSHINE  MM
  AVERAGE SKY COVER 0.0


WEATHER CONDITIONS
 THE FOLLOWING WEATHER WAS RECORDED TODAY.
  NO SIGNIFICANT WEATHER WAS OBSERVED.


RELATIVE HUMIDITY (PERCENT)
 HIGHEST    72           500 AM
 LOWEST     19           100 PM
 AVERAGE    46

..........................................................


THE JOHN WAYNE AIRPORT CA CLIMATE NORMALS FOR TOMORROW
                         NORMAL    RECORD    YEAR
 MAXIMUM TEMPERATURE (F)   69        85      2014
 MINIMUM TEMPERATURE (F)   50        43      1999


SUNRISE AND SUNSET
NOVEMBER 22 2017......SUNRISE   630 AM PST   SUNSET   445 PM PST
NOVEMBER 23 2017......SUNRISE   631 AM PST   SUNSET   445 PM PST


-  INDICATES NEGATIVE NUMBERS.
R  INDICATES RECORD WAS SET OR TIED.
MM INDICATES DATA IS MISSING.
T  INDICATES TRACE AMOUNT.




$$
