000
CDUS46 KSGX 281421
CLISNA


CLIMATE REPORT
NATIONAL WEATHER SERVICE SAN DIEGO, CA
621 AM PST SAT FEB 28 2015


...................................

...THE JOHN WAYNE AIRPORT CA CLIMATE SUMMARY FOR FEBRUARY 27 2015...

CLIMATE NORMAL PERIOD 1981 TO 2010
CLIMATE RECORD PERIOD 1999 TO 2015


WEATHER ITEM   OBSERVED TIME   RECORD YEAR NORMAL DEPARTURE LAST
                VALUE   (LST)  VALUE       VALUE  FROM      YEAR
                                                  NORMAL
..................................................................
TEMPERATURE (F)
 YESTERDAY
  MAXIMUM         71   1245 PM  78    2008  67      4       70
  MINIMUM         56    245 AM  37    2011  50      6       58
  AVERAGE         64                        58      6       64

PRECIPITATION (IN)
  YESTERDAY        0.00          1.30 2010   0.10  -0.10     0.24
  MONTH TO DATE    0.35                      2.86  -2.51     0.42
  SINCE OCT 1      4.97                      9.85  -4.88     1.37
  SINCE JAN 1      1.17                      5.77  -4.60     0.44

SNOWFALL (IN)
  YESTERDAY        0.0
  MONTH TO DATE    0.0
  SINCE JAN 1      0.0
  SINCE JUL 1      0.0
  SNOW DEPTH       0

DEGREE DAYS
 HEATING
  YESTERDAY        1                         7     -6        1
  MONTH TO DATE   17                       208   -191      105
  SINCE DEC 1    218                       747   -529      414
  SINCE JUL 1    222                       900   -678      487

 COOLING
  YESTERDAY        0                         0      0        0
  MONTH TO DATE   42                         0     42        0
  SINCE DEC 1     90                         6     84       31
  SINCE JAN 1     72                         5     67       27
..................................................................


WIND (MPH)
  RESULTANT WIND SPEED   5   RESULTANT WIND DIRECTION   S (180)
  HIGHEST WIND SPEED    16   HIGHEST WIND DIRECTION    SW (210)
  HIGHEST GUST SPEED    22   HIGHEST GUST DIRECTION     S (180)
  AVERAGE WIND SPEED     6.9


SKY COVER
  POSSIBLE SUNSHINE  MM
  AVERAGE SKY COVER 0.7


WEATHER CONDITIONS
 THE FOLLOWING WEATHER WAS RECORDED YESTERDAY.
  NO SIGNIFICANT WEATHER WAS OBSERVED.


RELATIVE HUMIDITY (PERCENT)
 HIGHEST    77           100 AM
 LOWEST     47           100 PM
 AVERAGE    62

..........................................................


THE JOHN WAYNE AIRPORT CA CLIMATE NORMALS FOR TODAY
                         NORMAL    RECORD    YEAR
 MAXIMUM TEMPERATURE (F)   67        85      2009
 MINIMUM TEMPERATURE (F)   50        41      2011


SUNRISE AND SUNSET
FEBRUARY 28 2015......SUNRISE   621 AM PST   SUNSET   547 PM PST
MARCH  1 2015.........SUNRISE   620 AM PST   SUNSET   548 PM PST


-  INDICATES NEGATIVE NUMBERS.
R  INDICATES RECORD WAS SET OR TIED.
MM INDICATES DATA IS MISSING.
T  INDICATES TRACE AMOUNT.




$$
