037
CDUS46 KSGX 251137
CLISNA


CLIMATE REPORT
NATIONAL WEATHER SERVICE SAN DIEGO, CA
437 AM PDT THU MAY 25 2017


...................................

...THE JOHN WAYNE AIRPORT CA CLIMATE SUMMARY FOR MAY 24 2017...

CLIMATE NORMAL PERIOD 1981 TO 2010
CLIMATE RECORD PERIOD 1999 TO 2017


WEATHER ITEM   OBSERVED TIME   RECORD YEAR NORMAL DEPARTURE LAST
                VALUE   (LST)  VALUE       VALUE  FROM      YEAR
                                                  NORMAL
..................................................................
TEMPERATURE (F)
 YESTERDAY
  MAXIMUM         72   1255 PM  80    2006  72      0       70
  MINIMUM         59    321 AM  53    2008  59      0       59
  AVERAGE         66                        66      0       65

PRECIPITATION (IN)
  YESTERDAY        0.00          T    2007   0.00   0.00      T
                                      2007
                                      2016
  MONTH TO DATE    0.08                      0.22  -0.14     0.09
  SINCE OCT 1     15.88                     12.95   2.93     4.97
  SINCE JAN 1      9.69                      8.87   0.82     3.75

DEGREE DAYS
 HEATING
  YESTERDAY        0                         1     -1        0
  MONTH TO DATE   23                        35    -12       25
  SINCE MAR 1    137                       336   -199      195
  SINCE JUL 1    878                      1242   -364      967

 COOLING
  YESTERDAY        1                         1      0        0
  MONTH TO DATE   45                        24     21        8
  SINCE MAR 1    106                        45     61       55
  SINCE JAN 1    106                        53     53       93
..................................................................


WIND (MPH)
  RESULTANT WIND SPEED   6   RESULTANT WIND DIRECTION  SW (210)
  HIGHEST WIND SPEED    16   HIGHEST WIND DIRECTION    SW (210)
  HIGHEST GUST SPEED    21   HIGHEST GUST DIRECTION    SW (210)
  AVERAGE WIND SPEED     6.8


SKY COVER
  POSSIBLE SUNSHINE  MM
  AVERAGE SKY COVER 0.7


WEATHER CONDITIONS
 THE FOLLOWING WEATHER WAS RECORDED YESTERDAY.
  NO SIGNIFICANT WEATHER WAS OBSERVED.


RELATIVE HUMIDITY (PERCENT)
 HIGHEST    93           300 AM
 LOWEST     61          1200 PM
 AVERAGE    77

..........................................................


THE JOHN WAYNE AIRPORT CA CLIMATE NORMALS FOR TODAY
                         NORMAL    RECORD    YEAR
 MAXIMUM TEMPERATURE (F)   72        77      2014
 MINIMUM TEMPERATURE (F)   59        51      2008


SUNRISE AND SUNSET
MAY 25 2017...........SUNRISE   545 AM PDT   SUNSET   753 PM PDT
MAY 26 2017...........SUNRISE   544 AM PDT   SUNSET   753 PM PDT


-  INDICATES NEGATIVE NUMBERS.
R  INDICATES RECORD WAS SET OR TIED.
MM INDICATES DATA IS MISSING.
T  INDICATES TRACE AMOUNT.




$$
