000
CDUS46 KSGX 240016
CLISNA


CLIMATE REPORT
NATIONAL WEATHER SERVICE SAN DIEGO, CA
516 PM PDT SAT MAY 23 2015


...................................

...THE JOHN WAYNE AIRPORT CA CLIMATE SUMMARY FOR MAY 23 2015...
VALID TODAY AS OF 0500 PM LOCAL TIME.

CLIMATE NORMAL PERIOD 1981 TO 2010
CLIMATE RECORD PERIOD 1999 TO 2015


WEATHER ITEM   OBSERVED TIME   RECORD YEAR NORMAL DEPARTURE LAST
                VALUE   (LST)  VALUE       VALUE  FROM      YEAR
                                                  NORMAL
..................................................................
TEMPERATURE (F)
 TODAY
  MAXIMUM         69    301 PM  76    2001  72     -3       73
  MINIMUM         59    218 AM  54    2008  59      0       64
  AVERAGE         64                        66     -2       69

PRECIPITATION (IN)
  TODAY            0.00          0.03 2008   0.00   0.00     0.00
  MONTH TO DATE    1.07                      0.22   0.85     0.00
  SINCE OCT 1      6.85                     12.95  -6.10     3.52
  SINCE JAN 1      3.05                      8.87  -5.82     2.59

SNOWFALL (IN)
  TODAY            0.0
  MONTH TO DATE    0.0
  SINCE MAR 1      0.0
  SINCE JUL 1      0.0
  SNOW DEPTH       0

DEGREE DAYS
 HEATING
  TODAY            1                         1      0        0
  MONTH TO DATE   45                        34     11        1
  SINCE MAR 1    120                       335   -215      114
  SINCE JUL 1    345                      1241   -896      604

 COOLING
  TODAY            0                         1     -1        4
  MONTH TO DATE   11                        23    -12      168
  SINCE MAR 1    163                        44    119      260
  SINCE JAN 1    235                        52    183      287
..................................................................


WIND (MPH)
  RESULTANT WIND SPEED   5   RESULTANT WIND DIRECTION  SW (210)
  HIGHEST WIND SPEED    15   HIGHEST WIND DIRECTION    SW (210)
  HIGHEST GUST SPEED    21   HIGHEST GUST DIRECTION    SW (220)
  AVERAGE WIND SPEED     5.6


SKY COVER
  POSSIBLE SUNSHINE  MM
  AVERAGE SKY COVER 0.6


WEATHER CONDITIONS
 THE FOLLOWING WEATHER WAS RECORDED TODAY.
  NO SIGNIFICANT WEATHER WAS OBSERVED.


RELATIVE HUMIDITY (PERCENT)
 HIGHEST    84          1200 AM
 LOWEST     49          1200 PM
 AVERAGE    67

..........................................................


THE JOHN WAYNE AIRPORT CA CLIMATE NORMALS FOR TOMORROW
                         NORMAL    RECORD    YEAR
 MAXIMUM TEMPERATURE (F)   72        80      2006
 MINIMUM TEMPERATURE (F)   59        53      2008


SUNRISE AND SUNSET
MAY 23 2015...........SUNRISE   546 AM PDT   SUNSET   751 PM PDT
MAY 24 2015...........SUNRISE   545 AM PDT   SUNSET   752 PM PDT


-  INDICATES NEGATIVE NUMBERS.
R  INDICATES RECORD WAS SET OR TIED.
MM INDICATES DATA IS MISSING.
T  INDICATES TRACE AMOUNT.




$$
