000
CDUS46 KSGX 201234
CLISNA


CLIMATE REPORT
NATIONAL WEATHER SERVICE SAN DIEGO, CA
434 AM PST TUE FEB 20 2018


...................................

...THE JOHN WAYNE AIRPORT CA CLIMATE SUMMARY FOR FEBRUARY 19 2018...

CLIMATE NORMAL PERIOD 1981 TO 2010
CLIMATE RECORD PERIOD 1999 TO 2018


WEATHER ITEM   OBSERVED TIME   RECORD YEAR NORMAL DEPARTURE LAST
                VALUE   (LST)  VALUE       VALUE  FROM      YEAR
                                                  NORMAL
..................................................................
TEMPERATURE (F)
 YESTERDAY
  MAXIMUM         58    250 PM  78    2000  66     -8       62
  MINIMUM         50   1159 PM  44    2009  49      1       55
  AVERAGE         54                        58     -4       59

PRECIPITATION (IN)
  YESTERDAY        T             0.71 2005   0.12  -0.12      T
  MONTH TO DATE    T                         1.84  -1.84     3.48
  SINCE OCT 1      1.11                      8.83  -7.72    15.41
  SINCE JAN 1      1.10                      4.75  -3.65     9.22

DEGREE DAYS
 HEATING
  YESTERDAY       11                         8      3        6
  MONTH TO DATE   64                       152    -88      104
  SINCE DEC 1    322                       691   -369      582
  SINCE JUL 1    355                       844   -489      660

 COOLING
  YESTERDAY        0                         0      0        0
  MONTH TO DATE    3                         0      3        0
  SINCE DEC 1     44                         6     38        0
  SINCE JAN 1     26                         5     21        0
..................................................................


WIND (MPH)
  RESULTANT WIND SPEED   7   RESULTANT WIND DIRECTION   W (280)
  HIGHEST WIND SPEED    18   HIGHEST WIND DIRECTION     W (260)
  HIGHEST GUST SPEED    29   HIGHEST GUST DIRECTION     W (280)
  AVERAGE WIND SPEED     9.2


SKY COVER
  POSSIBLE SUNSHINE  MM
  AVERAGE SKY COVER 0.4


WEATHER CONDITIONS
 THE FOLLOWING WEATHER WAS RECORDED YESTERDAY.
  LIGHT RAIN


RELATIVE HUMIDITY (PERCENT)
 HIGHEST    77          1200 AM
 LOWEST     18           800 PM
 AVERAGE    48

..........................................................


THE JOHN WAYNE AIRPORT CA CLIMATE NORMALS FOR TODAY
                         NORMAL    RECORD    YEAR
 MAXIMUM TEMPERATURE (F)   66        80      2014
 MINIMUM TEMPERATURE (F)   49        41      2006


SUNRISE AND SUNSET
FEBRUARY 20 2018......SUNRISE   630 AM PST   SUNSET   541 PM PST
FEBRUARY 21 2018......SUNRISE   629 AM PST   SUNSET   541 PM PST


-  INDICATES NEGATIVE NUMBERS.
R  INDICATES RECORD WAS SET OR TIED.
MM INDICATES DATA IS MISSING.
T  INDICATES TRACE AMOUNT.




$$
