000
CDAK48 PASN 040921
CLISNP

CLIMATE REPORT
NATIONAL WEATHER SERVICE ST PAUL, AK
121 AM AKDT WED MAY 4 2016

...................................
...THE ST PAUL AIRPORT CLIMATE SUMMARY FOR MAY 3 2016...

CLIMATE NORMAL PERIOD  1981 TO  2010
CLIMATE RECORD PERIOD  1892 TO  2016

WEATHER ITEM   OBSERVED TIME    RECORD YEAR NORMAL DEPARTURE LAST
               VALUE    (LST)   VALUE       VALUE  FROM      YEAR
                                                   NORMAL
...................................................................
TEMPERATURE
YESTERDAY
 MAXIMUM            45R 0342 PM    45  2014     37       8     41
 MINIMUM            35  1104 PM    17  1971     30       5     33
 AVERAGE            40                          34       6     37

PRECIPITATION
(INCHES)
 YESTERDAY        0.06           0.27  2003   0.04    0.02      T
 MONTH TO DATE    0.18                        0.11    0.07   0.01
 SINCE MAR 1      2.49                        2.26    0.23   1.94
 SINCE JAN 1      5.30                        5.14    0.16   4.26

SNOWFALL
(INCHES)
 YESTERDAY         0.0            1.4  1973    0.0     0.0    0.0
 MONTH TO DATE       T                         0.2    -0.2      T
 SINCE MAR 1      11.8                        13.9    -2.1   18.6
 SINCE JUL 1      52.6                        58.9    -6.3   48.3
 SNOW DEPTH (IN)     0                                          0

DEGREE DAYS
 HEATING
  YESTERDAY         25                          31      -6     28
  MONTH TO DATE     83                          95     -12     85
  SINCE MAR 1     2067                        2403    -336   2314
  SINCE JUL 1     8092                        9322   -1230   8271

 COOLING
  YESTERDAY          0                           0       0      0
  MONTH TO DATE      0                           0       0      0
  SINCE MAR 1        0                           0       0      0
  SINCE JAN 1        0                           0       0      0
...................................................................

WIND (MPH)
 HIGHEST WIND SPEED    22     HIGHEST WIND DIRECTION     70
 HIGHEST GUST SPEED    25     HIGHEST GUST DIRECTION     70
 AVERAGE WIND SPEED  13.6

SKY COVER
  POSSIBLE SUNSHINE    MM          AVERAGE SKY COVER     MM

WEATHER CONDITIONS
 THE FOLLOWING WEATHER WAS RECORDED YESTERDAY.
  SMOKE OR HAZE
  FOG
  RAIN


RELATIVE HUMIDITY
 HIGHEST RH     MM PERCENT       MM
 LOWEST  RH     MM PERCENT       MM
 AVERAGE RH     MM PERCENT       MM
...................................................................

THE ST PAUL CLIMATE NORMALS FOR TODAY
                           NORMAL    RECORD   YEAR
 MAXIMUM TEMPERATURE (F)     38        45     2009
 MINIMUM TEMPERATURE (F)     30         9     1971

SUNRISE AND SUNSET
 MAY 4 2016..........SUNRISE  7:24 AM      SUNSET 11:14 PM
 MAY 5 2016..........SUNRISE  7:22 AM      SUNSET 11:16 PM

-  INDICATES NEGATIVE NUMBERS.
R  INDICATES RECORD HAS BEEN SET OR TIED.
MM INDICATES DATA IS MISSING.
T  INDICATES TRACE OF PRECIPITATION.

&&
-------------------------------------------------------------------

AMOUNT OF DAYLIGHT TODAY  (HOUR:MIN)........15 HOURS 50 MINUTES
GAIN/LOSS SINCE YESTERDAY (HOUR:MIN:SEC)....+0:04:24

$$
HCH MAY 16
