000
CDAK48 PASN 210029
CLISNP

CLIMATE REPORT
NATIONAL WEATHER SERVICE ST PAUL, AK
329 PM AKST THU NOV 20 2014

...................................
...THE ST PAUL AIRPORT CLIMATE SUMMARY FOR NOVEMBER 20 2014...
VALID TODAY AS OF 2:00 PM LOCAL TIME

CLIMATE NORMAL PERIOD  1981 TO  2010
CLIMATE RECORD PERIOD  1892 TO  2014

WEATHER ITEM   OBSERVED TIME    RECORD YEAR NORMAL DEPARTURE LAST
               VALUE    (LST)   VALUE       VALUE  FROM      YEAR
                                                   NORMAL
...................................................................
TEMPERATURE
TODAY
 MAXIMUM            41  0143 PM    44  2003     36       5     32
 MINIMUM            38  1046 AM    12  1960     28      10     24
 AVERAGE            40                          32       8     28

PRECIPITATION
(INCHES)
 TODAY            0.01           1.23  1985   0.10   -0.09   0.01
 MONTH TO DATE    1.20                        1.99   -0.79   3.29
 SINCE SEP 1      6.35                        8.09   -1.74   9.85
 SINCE JAN 1     19.70                       20.52   -0.82  23.88

SNOWFALL
(INCHES)
 TODAY             0.0            1.5  1955    0.3    -0.3      T
 MONTH TO DATE     0.7                         4.9    -4.2    0.1
 SINCE SEP 1       0.7                         6.9    -6.2    0.1
 SINCE JUL 1       0.7                         6.9    -6.2    0.1
 SNOW DEPTH (IN)     0                                          0

DEGREE DAYS
 HEATING
  TODAY             25                          33      -8     37
  MONTH TO DATE    555                         624     -69    552
  SINCE SEP 1     1816                        2032    -216   1888
  SINCE JUL 1     2634                        3084    -450   2931

 COOLING
  TODAY              0                           0       0      0
  MONTH TO DATE      0                           0       0      0
  SINCE SEP 1        0                           0       0      0
  SINCE JAN 1        0                           0       0      0
...................................................................

WIND (MPH)
 HIGHEST WIND SPEED    18     HIGHEST WIND DIRECTION     80
 HIGHEST GUST SPEED    21     HIGHEST GUST DIRECTION     80
 AVERAGE WIND SPEED    MM

SKY COVER
  POSSIBLE SUNSHINE  MM            AVERAGE SKY COVER MM

WEATHER CONDITIONS
 THE FOLLOWING WEATHER WAS RECORDED TODAY.
 RAIN


RELATIVE HUMIDITY
 HIGHEST RH     MM PERCENT       MM
 LOWEST  RH     MM PERCENT       MM
 AVERAGE RH     MM PERCENT       MM
...................................................................

THE ST PAUL CLIMATE NORMALS FOR TOMORROW
                        NORMAL    RECORD   YEAR
 MAXIMUM TEMPERATURE      36        44     1993
 MINIMUM TEMPERATURE      28        13     1960

SUNRISE AND SUNSET
 NOV 20 2014..........SUNRISE 10:15 AM      SUNSET  5:59 PM
 NOV 21 2014..........SUNRISE 10:17 AM      SUNSET  5:57 PM

-  INDICATES NEGATIVE NUMBERS.
R  INDICATES RECORD HAS BEEN SET OR TIED.
MM INDICATES DATA IS MISSING.
T  INDICATES TRACE OF PRECIPITATION.

&&
-------------------------------------------------------------------

AMOUNT OF DAYLIGHT TODAY  (HOUR:MIN)........7 HOURS 44 MINUTES
GAIN/LOSS SINCE YESTERDAY (HOUR:MIN:SEC)....-0:03:41

$$
HCH NOV 14
