000
CDAK48 PAFC 180118
CLISNP


CLIMATE REPORT
NATIONAL WEATHER SERVICE ANCHORAGE, AK
417 PM AKST FRI NOV 17 2017


...................................

...THE SAINT PAUL ISLAND CLIMATE SUMMARY FOR NOVEMBER 17 2017...
VALID TODAY AS OF 0400 PM LOCAL TIME.

CLIMATE NORMAL PERIOD 1981 TO 2010
CLIMATE RECORD PERIOD 1892 TO 2017


WEATHER ITEM   OBSERVED TIME   RECORD YEAR NORMAL DEPARTURE LAST
                VALUE   (LST)  VALUE       VALUE  FROM      YEAR
                                                  NORMAL
..................................................................
TEMPERATURE (F)
 TODAY
  MAXIMUM         42    259 PM  45    1953  37      5       43
  MINIMUM         36    316 AM  12    1995  29      7       34
  AVERAGE         39                        33      6       39

PRECIPITATION (IN)
  TODAY            0.07          1.46 1993   0.10  -0.03     0.21
  MONTH TO DATE    2.11                      1.70   0.41     2.24
  SINCE SEP 1      7.21                      7.80  -0.59    11.98
  SINCE JAN 1     19.88                     20.23  -0.35    22.72

SNOWFALL (IN)
  TODAY            0.0           2.7  1994   0.3   -0.3      0.0
  MONTH TO DATE    T                         4.0   -4.0      3.9
  SINCE SEP 1      2.4                       6.0   -3.6      3.9
  SINCE JUL 1      2.4                       6.0   -3.6      3.9
  SNOW DEPTH       0

DEGREE DAYS
 HEATING
  TODAY           26                        32     -6       26
  MONTH TO DATE  416                       526   -110      506
  SINCE SEP 1   1744                      1934   -190     1541
  SINCE JUL 1   2735                      2987   -252     2154

 COOLING
  TODAY            0                         0      0        0
  MONTH TO DATE    0                         0      0        0
  SINCE SEP 1      0                         0      0        0
  SINCE JAN 1      0                         0      0        0
..................................................................


WIND (MPH)
  RESULTANT WIND SPEED   8   RESULTANT WIND DIRECTION   W (270)
  HIGHEST WIND SPEED    15   HIGHEST WIND DIRECTION     W (270)
  HIGHEST GUST SPEED    17   HIGHEST GUST DIRECTION     W (270)
  AVERAGE WIND SPEED     8.9



WEATHER CONDITIONS
 THE FOLLOWING WEATHER WAS RECORDED TODAY.
  LIGHT RAIN
  FOG


..........................................................


THE SAINT PAUL ISLAND CLIMATE NORMALS FOR TOMORROW
                         NORMAL    RECORD    YEAR
 MAXIMUM TEMPERATURE (F)   37        45      1978
 MINIMUM TEMPERATURE (F)   29        12      1991


SUNRISE AND SUNSET
NOVEMBER 17 2017......SUNRISE  1008 AM AKST  SUNSET   603 PM AKST
NOVEMBER 18 2017......SUNRISE  1011 AM AKST  SUNSET   601 PM AKST


-  INDICATES NEGATIVE NUMBERS.
R  INDICATES RECORD WAS SET OR TIED.
MM INDICATES DATA IS MISSING.
T  INDICATES TRACE AMOUNT.




$$
