821
CDAK48 PASN 102317
CLISNP

CLIMATE REPORT
NATIONAL WEATHER SERVICE ST PAUL, AK
217 PM AKST WED FEB 10 2016

...................................
...THE ST PAUL AIRPORT CLIMATE SUMMARY FOR FEBRUARY 10 2016...
VALID TODAY AS OF 2:00 PM LOCAL TIME

CLIMATE NORMAL PERIOD  1981 TO  2010
CLIMATE RECORD PERIOD  1892 TO  2016

WEATHER ITEM   OBSERVED TIME    RECORD YEAR NORMAL DEPARTURE LAST
               VALUE    (LST)   VALUE       VALUE  FROM      YEAR
                                                   NORMAL
...................................................................
TEMPERATURE
TODAY
 MAXIMUM            37  0351 AM    41  1994     28       9     23
 MINIMUM            34  0159 PM    -2  2002     20      14     20
 AVERAGE            36                          24      12     22

PRECIPITATION
(INCHES)
 TODAY            0.00           0.58  1893   0.05   -0.05      T
 MONTH TO DATE    0.28                        0.50   -0.22      T
 SINCE DEC 1      6.52                        4.33    2.19   4.16
 SINCE JAN 1      1.89                        2.08   -0.19   1.20

SNOWFALL
(INCHES)
 TODAY             0.0            7.2  2002    0.4    -0.4      T
 MONTH TO DATE     2.6                         3.8    -1.2    0.6
 SINCE DEC 1      26.7                        28.5    -1.8   19.1
 SINCE JUL 1      38.7                        38.8    -0.1   19.8
 SNOW DEPTH (IN)     T                                          3

DEGREE DAYS
 HEATING
  TODAY             29                          41     -12     43
  MONTH TO DATE    310                         410    -100    400
  SINCE DEC 1     2383                        2769    -386   2436
  SINCE JUL 1     5413                        6189    -776   5341

 COOLING
  TODAY              0                           0       0      0
  MONTH TO DATE      0                           0       0      0
  SINCE DEC 1        0                           0       0      0
  SINCE JAN 1        0                           0       0      0
...................................................................

WIND (MPH)
 HIGHEST WIND SPEED    28     HIGHEST WIND DIRECTION     30
 HIGHEST GUST SPEED    33     HIGHEST GUST DIRECTION     40
 AVERAGE WIND SPEED    MM

SKY COVER
  POSSIBLE SUNSHINE  MM            AVERAGE SKY COVER MM

WEATHER CONDITIONS
 THE FOLLOWING WEATHER WAS RECORDED TODAY.
NO SIGNIFICANT WEATHER WAS OBSERVED.

RELATIVE HUMIDITY
 HIGHEST RH     MM PERCENT       MM
 LOWEST  RH     MM PERCENT       MM
 AVERAGE RH     MM PERCENT       MM
...................................................................

THE ST PAUL CLIMATE NORMALS FOR TOMORROW
                        NORMAL    RECORD   YEAR
 MAXIMUM TEMPERATURE      28        39     1988
 MINIMUM TEMPERATURE      20        -2     2002

SUNRISE AND SUNSET
 FEB 10 2016..........SUNRISE 10:02 AM      SUNSET  7:10 PM
 FEB 11 2016..........SUNRISE 10:00 AM      SUNSET  7:12 PM

-  INDICATES NEGATIVE NUMBERS.
R  INDICATES RECORD HAS BEEN SET OR TIED.
MM INDICATES DATA IS MISSING.
T  INDICATES TRACE OF PRECIPITATION.

&&
-------------------------------------------------------------------

AMOUNT OF DAYLIGHT TODAY  (HOUR:MIN)........9 HOURS 8 MINUTES
GAIN/LOSS SINCE YESTERDAY (HOUR:MIN:SEC)....+0:04:35

$$
SAH FEB 16
