000
CDAK48 PAFC 301245
CLISNP

CLIMATE REPORT
NATIONAL WEATHER SERVICE ANCHORAGE, AK
443 AM AKDT FRI SEP 30 2016


...................................

...THE SAINT PAUL ISLAND CLIMATE SUMMARY FOR SEPTEMBER 29 2016...

CLIMATE NORMAL PERIOD 1981 TO 2010
CLIMATE RECORD PERIOD 1892 TO 2016


WEATHER ITEM   OBSERVED TIME   RECORD YEAR NORMAL DEPARTURE LAST
                VALUE   (LST)  VALUE       VALUE  FROM      YEAR
                                                  NORMAL
..................................................................
TEMPERATURE (F)
 YESTERDAY
  MAXIMUM         52R  1215 PM  50    2014  47      5       MM
                                      2008
                                      2003
  MINIMUM         50   1008 AM  24    2012  38     12       MM
  AVERAGE         51                        42      9       MM

PRECIPITATION (IN)
  YESTERDAY        0.19          1.29 1993   0.10   0.09     0.19
  MONTH TO DATE    3.93                      2.89   1.04     4.14
  SINCE SEP 1      3.93                      2.89   1.04     4.14
  SINCE JAN 1     14.67                     15.32  -0.65    15.57

SNOWFALL (IN)
  YESTERDAY        0.0          MM      MM   0.0    0.0     MM
  MONTH TO DATE    0.0                       0.0    0.0      0.0
  SINCE SEP 1      0.0                       0.0    0.0      0.0
  SINCE JUL 1      0.0                       0.0    0.0      0.0
  SNOW DEPTH       0

DEGREE DAYS
 HEATING
  YESTERDAY       14                        23     -9       MM
  MONTH TO DATE  405                       568   -163      443
  SINCE SEP 1    405                       568   -163      443
  SINCE JUL 1   1018                      1621   -603     1303

 COOLING
  YESTERDAY        0                         0      0       MM
  MONTH TO DATE    0                         0      0        0
  SINCE SEP 1      0                         0      0        0
  SINCE JAN 1      0                         0      0        0
..................................................................


WIND (MPH)
  RESULTANT WIND SPEED  27   RESULTANT WIND DIRECTION  SE (140)
  HIGHEST WIND SPEED    37   HIGHEST WIND DIRECTION    SE (140)
  HIGHEST GUST SPEED    46   HIGHEST GUST DIRECTION    SE (140)
  AVERAGE WIND SPEED    27.5



WEATHER CONDITIONS
 THE FOLLOWING WEATHER WAS RECORDED YESTERDAY.
  LIGHT RAIN
  FOG


..........................................................


THE SAINT PAUL ISLAND CLIMATE NORMALS FOR TODAY
                         NORMAL    RECORD    YEAR
 MAXIMUM TEMPERATURE (F)   47        53      1978
 MINIMUM TEMPERATURE (F)   37        25      1965


SUNRISE AND SUNSET
SEPTEMBER 30 2016.....SUNRISE   924 AM AKDT  SUNSET   856 PM AKDT
OCTOBER  1 2016.......SUNRISE   926 AM AKDT  SUNSET   853 PM AKDT

CIVIL TWILIGHT
SEPTEMBER 30 2016       START   723 AM AKDT     END   816 PM AKDT
OCTOBER 1 2016          START   726 AM AKDT     END   812 PM AKDT



-  INDICATES NEGATIVE NUMBERS.
R  INDICATES RECORD WAS SET OR TIED.
MM INDICATES DATA IS MISSING.
T  INDICATES TRACE AMOUNT.




$$
&&
------------------------------------------------------
AMOUNT OF DAYLIGHT TODAY  (HOUR:MIN)........11:27
GAIN/LOSS SINCE YESTERDAY (HOUR:MIN:SEC)....-0:05:39
