000
CDAK48 PASN 042312
CLISNP

CLIMATE REPORT
NATIONAL WEATHER SERVICE ST PAUL, AK
312 PM AKDT FRI SEP 4 2015

...................................
...THE ST PAUL AIRPORT CLIMATE SUMMARY FOR SEPTEMBER 4 2015...
VALID TODAY AS OF 2:00 PM LOCAL TIME

CLIMATE NORMAL PERIOD  1981 TO  2010
CLIMATE RECORD PERIOD  1892 TO  2015

WEATHER ITEM   OBSERVED TIME    RECORD YEAR NORMAL DEPARTURE LAST
               VALUE    (LST)   VALUE       VALUE  FROM      YEAR
                                                   NORMAL
...................................................................
TEMPERATURE
TODAY
 MAXIMUM            53  0148 PM    57  2014     51       2     57
 MINIMUM            50  0906 AM    28  1962     44       6     43
 AVERAGE            52                          48       4     50

PRECIPITATION
(INCHES)
 TODAY            0.04           0.64  1996   0.10   -0.06      T
 MONTH TO DATE    0.77                        0.42    0.35      T
 SINCE SEP 1      0.77                        0.42    0.35   0.00
 SINCE JAN 1     12.24                       12.85   -0.61  13.35

SNOWFALL
(INCHES)
 TODAY             0.0            0.0  2015    0.0     0.0    0.0
 MONTH TO DATE     0.0                         0.0     0.0    0.0
 SINCE SEP 1       0.0                         0.0     0.0    0.0
 SINCE JUL 1       0.0                         0.0     0.0    0.0
 SNOW DEPTH (IN)     0                                          0

DEGREE DAYS
 HEATING
  TODAY             13                          17      -4     15
  MONTH TO DATE     58                          68     -10     48
  SINCE SEP 1       58                          68     -10     48
  SINCE JUL 1      968                        1120    -152    866

 COOLING
  TODAY              0                           0       0      0
  MONTH TO DATE      0                           0       0      0
  SINCE SEP 1        0                           0       0      0
  SINCE JAN 1        0                           0       0      0
...................................................................

WIND (MPH)
 HIGHEST WIND SPEED    14     HIGHEST WIND DIRECTION    250
 HIGHEST GUST SPEED    17     HIGHEST GUST DIRECTION    250
 AVERAGE WIND SPEED    MM

SKY COVER
  POSSIBLE SUNSHINE  MM            AVERAGE SKY COVER MM

WEATHER CONDITIONS
 THE FOLLOWING WEATHER WAS RECORDED TODAY.
  FOG
  RAIN


RELATIVE HUMIDITY
 HIGHEST RH     MM PERCENT       MM
 LOWEST  RH     MM PERCENT       MM
 AVERAGE RH     MM PERCENT       MM
...................................................................

THE ST PAUL CLIMATE NORMALS FOR TOMORROW
                        NORMAL    RECORD   YEAR
 MAXIMUM TEMPERATURE      51        58     2014
 MINIMUM TEMPERATURE      44        30     1962

SUNRISE AND SUNSET
 SEP 4 2015..........SUNRISE  8:29 AM      SUNSET 10:10 PM
 SEP 5 2015..........SUNRISE  8:32 AM      SUNSET 10:07 PM

-  INDICATES NEGATIVE NUMBERS.
R  INDICATES RECORD HAS BEEN SET OR TIED.
MM INDICATES DATA IS MISSING.
T  INDICATES TRACE OF PRECIPITATION.

&&
-------------------------------------------------------------------

AMOUNT OF DAYLIGHT TODAY  (HOUR:MIN)........13 HOURS 41 MINUTES
GAIN/LOSS SINCE YESTERDAY (HOUR:MIN:SEC)....-0:04:46

$$
HCH SEP 15
