000
CDAK48 PASN 251000
CLISNP


CLIMATE REPORT
NATIONAL WEATHER SERVICE ANCHORAGE, AK
200 AM AKDT TUE JUL 25 2017


...................................

...THE SAINT PAUL ISLAND CLIMATE SUMMARY FOR JULY 24 2017...

CLIMATE NORMAL PERIOD 1981 TO 2010
CLIMATE RECORD PERIOD 1892 TO 2017


WEATHER ITEM   OBSERVED TIME   RECORD YEAR NORMAL DEPARTURE LAST
                VALUE   (LST)  VALUE       VALUE  FROM      YEAR
                                                  NORMAL
..................................................................
TEMPERATURE (F)
 YESTERDAY
  MAXIMUM         56    335 PM  62    2013  51      5       58
  MINIMUM         45   1006 PM  32    2008  45      0       50
                                      1991
  AVERAGE         51                        48      3       54

PRECIPITATION (IN)
  YESTERDAY        0.11          1.23 1965   0.07   0.04      T
  MONTH TO DATE    2.68                      1.35   1.33     0.58
  SINCE JUN 1      3.61                      2.70   0.91     2.05
  SINCE JAN 1      9.42                      8.86   0.56     7.74

SNOWFALL (IN)
  YESTERDAY        0.0          MM      MM   0.0    0.0      0.0
  MONTH TO DATE    0.0                       0.0    0.0      0.0
  SINCE JUN 1      0.0                       T      0.0      0.0
  SINCE JUL 1      0.0                       0.0    0.0      0.0
  SNOW DEPTH       0

DEGREE DAYS
 HEATING
  YESTERDAY       14                        17     -3       11
  MONTH TO DATE  412                       434    -22      224
  SINCE JUN 1    966                      1112   -146      686
  SINCE JUL 1    412                       434    -22      224

 COOLING
  YESTERDAY        0                         0      0        0
  MONTH TO DATE    0                         0      0        0
  SINCE JUN 1      0                         0      0        0
  SINCE JAN 1      0                         0      0        0
..................................................................


WIND (MPH)
  RESULTANT WIND SPEED  11   RESULTANT WIND DIRECTION   W (250)
  HIGHEST WIND SPEED    17   HIGHEST WIND DIRECTION    SW (220)
  HIGHEST GUST SPEED    22   HIGHEST GUST DIRECTION    SW (220)
  AVERAGE WIND SPEED    11.6



WEATHER CONDITIONS
 THE FOLLOWING WEATHER WAS RECORDED YESTERDAY.
  RAIN
  LIGHT RAIN
  FOG
  FOG W/VISIBILITY <= 1/4 MILE


..........................................................


THE SAINT PAUL ISLAND CLIMATE NORMALS FOR TODAY
                         NORMAL    RECORD    YEAR
 MAXIMUM TEMPERATURE (F)   52        59      2016
                                             2013
 MINIMUM TEMPERATURE (F)   45        38      1975
                                             1971


SUNRISE AND SUNSET
JULY 25 2017..........SUNRISE   706 AM AKDT  SUNSET  1147 PM AKDT
JULY 26 2017..........SUNRISE   708 AM AKDT  SUNSET  1145 PM AKDT


-  INDICATES NEGATIVE NUMBERS.
R  INDICATES RECORD WAS SET OR TIED.
MM INDICATES DATA IS MISSING.
T  INDICATES TRACE AMOUNT.




$$
