000
CDAK48 PASN 022346
CLISNP

CLIMATE REPORT
NATIONAL WEATHER SERVICE ST PAUL, AK
346 PM AKDT THU JUL 2 2015

...................................
...THE ST PAUL AIRPORT CLIMATE SUMMARY FOR JULY 2 2015...
VALID TODAY AS OF 2:00 PM LOCAL TIME

CLIMATE NORMAL PERIOD  1981 TO  2010
CLIMATE RECORD PERIOD  1892 TO  2015

WEATHER ITEM   OBSERVED TIME    RECORD YEAR NORMAL DEPARTURE LAST
               VALUE    (LST)   VALUE       VALUE  FROM      YEAR
                                                   NORMAL
...................................................................
TEMPERATURE
TODAY
 MAXIMUM            53  0159 PM    58  1991     50       3     51
 MINIMUM            45  0349 AM    29  1976     42       3     45
 AVERAGE            49                          46       3     48

PRECIPITATION
(INCHES)
 TODAY            0.00           1.54  2001   0.05   -0.05   0.10
 MONTH TO DATE    0.00                        0.10   -0.10   0.11
 SINCE JUN 1      0.92                        1.45   -0.53   1.13
 SINCE JAN 1      7.20                        7.61   -0.41   8.27

SNOWFALL
(INCHES)
 TODAY             0.0            0.0  2015    0.0     0.0    0.0
 MONTH TO DATE     0.0                         0.0     0.0    0.0
 SINCE JUN 1       0.0                         0.0     0.0    0.0
 SINCE JUL 1       0.0                         0.0     0.0    0.0
 SNOW DEPTH (IN)     0                                          0

DEGREE DAYS
 HEATING
  TODAY             16                          19      -3     17
  MONTH TO DATE     35                          39      -4     37
  SINCE JUN 1      655                         718     -63    665
  SINCE JUL 1       35                          39      -4     37

 COOLING
  TODAY              0                           0       0      0
  MONTH TO DATE      0                           0       0      0
  SINCE JUN 1        0                           0       0      0
  SINCE JAN 1        0                           0       0      0
...................................................................

WIND (MPH)
 HIGHEST WIND SPEED    16     HIGHEST WIND DIRECTION    100
 HIGHEST GUST SPEED    20     HIGHEST GUST DIRECTION    120
 AVERAGE WIND SPEED    MM

SKY COVER
  POSSIBLE SUNSHINE  MM            AVERAGE SKY COVER MM

WEATHER CONDITIONS
 THE FOLLOWING WEATHER WAS RECORDED TODAY.
FOG


RELATIVE HUMIDITY
 HIGHEST RH     MM PERCENT       MM
 LOWEST  RH     MM PERCENT       MM
 AVERAGE RH     MM PERCENT       MM
...................................................................

THE ST PAUL CLIMATE NORMALS FOR TOMORROW
                        NORMAL    RECORD   YEAR
 MAXIMUM TEMPERATURE      50        62     1953
 MINIMUM TEMPERATURE      42        32     1976

SUNRISE AND SUNSET
 JUL 2 2015..........SUNRISE  6:32 AM      SUNSET 12:19 AM
 JUL 3 2015..........SUNRISE  6:33 AM      SUNSET 12:18 AM

-  INDICATES NEGATIVE NUMBERS.
R  INDICATES RECORD HAS BEEN SET OR TIED.
MM INDICATES DATA IS MISSING.
T  INDICATES TRACE OF PRECIPITATION.

&&
-------------------------------------------------------------------

AMOUNT OF DAYLIGHT TODAY  (HOUR:MIN)........17 HOURS 47 MINUTES
GAIN/LOSS SINCE YESTERDAY (HOUR:MIN:SEC)....-0:01:25

$$
WIW JUL 15
