449
CDAK48 PAFC 181303
CLISNP


CLIMATE REPORT
NATIONAL WEATHER SERVICE ANCHORAGE, AK
403 AM AKST THU JAN 18 2018


...................................

...THE SAINT PAUL ISLAND CLIMATE SUMMARY FOR JANUARY 17 2018...

CLIMATE NORMAL PERIOD 1981 TO 2010
CLIMATE RECORD PERIOD 1892 TO 2018


WEATHER ITEM   OBSERVED TIME   RECORD YEAR NORMAL DEPARTURE LAST
                VALUE   (LST)  VALUE       VALUE  FROM      YEAR
                                                  NORMAL
..................................................................
TEMPERATURE (F)
 YESTERDAY
  MAXIMUM         30    225 PM  41    1963  29      1       27
  MINIMUM         16   1152 PM  -9    1893  21     -5       20
  AVERAGE         23                        25     -2       24

PRECIPITATION (IN)
  YESTERDAY        0.03          0.88 1961   0.05  -0.02     0.01
  MONTH TO DATE    0.84                      0.92  -0.08     0.54
  SINCE SEP 1     15.70                     12.16   3.54    17.07
  SINCE JAN 1      0.84                      0.92  -0.08     0.54

SNOWFALL (IN)
  YESTERDAY        0.3          MM      MM   0.4   -0.1      0.5
  MONTH TO DATE    0.7                       7.0   -6.3      6.6
  SINCE SEP 1      6.0                      29.4  -23.4     16.8
  SINCE JUL 1      6.0                      29.4  -23.4     16.8
  SNOW DEPTH       3

DEGREE DAYS
 HEATING
  YESTERDAY       42                        40      2       41
  MONTH TO DATE  533                       667   -134      638
  SINCE DEC 1   1557                      1788   -231     1594
  SINCE JUL 1   4635                      5209   -574     4163

 COOLING
  YESTERDAY        0                         0      0        0
  MONTH TO DATE    0                         0      0        0
  SINCE DEC 1      0                         0      0        0
  SINCE JAN 1      0                         0      0        0
..................................................................


WIND (MPH)
  RESULTANT WIND SPEED   7   RESULTANT WIND DIRECTION   N (340)
  HIGHEST WIND SPEED    24   HIGHEST WIND DIRECTION    NW (330)
  HIGHEST GUST SPEED    28   HIGHEST GUST DIRECTION    NW (330)
  AVERAGE WIND SPEED     7.1



WEATHER CONDITIONS
 THE FOLLOWING WEATHER WAS RECORDED YESTERDAY.
  LIGHT SNOW
  FOG


..........................................................


THE SAINT PAUL ISLAND CLIMATE NORMALS FOR TODAY
                         NORMAL    RECORD    YEAR
 MAXIMUM TEMPERATURE (F)   29        39      2008
                                             2003
                                             1963
 MINIMUM TEMPERATURE (F)   21        -8      1893


SUNRISE AND SUNSET
JANUARY 18 2018.......SUNRISE  1044 AM AKST  SUNSET   619 PM AKST
JANUARY 19 2018.......SUNRISE  1043 AM AKST  SUNSET   621 PM AKST


-  INDICATES NEGATIVE NUMBERS.
R  INDICATES RECORD WAS SET OR TIED.
MM INDICATES DATA IS MISSING.
T  INDICATES TRACE AMOUNT.




$$
