000
CDUS46 KMTR 290027
CLISNS


CLIMATE REPORT
NATIONAL WEATHER SERVICE SAN FRANCISCO BAY AREA
526 PM PDT SUN AUG 28 2016


...................................

...THE SALINAS AIRPORT CLIMATE SUMMARY FOR AUGUST 28 2016...
VALID TODAY AS OF 0500 PM LOCAL TIME.

CLIMATE NORMAL PERIOD 1981 TO 2010
CLIMATE RECORD PERIOD 1930 TO 2016


WEATHER ITEM   OBSERVED TIME   RECORD YEAR NORMAL DEPARTURE LAST
                VALUE   (LST)  VALUE       VALUE  FROM      YEAR
                                                  NORMAL
..................................................................
TEMPERATURE (F)
 TODAY
  MAXIMUM         71    153 PM  97    2009  73     -2       90
  MINIMUM         59    124 AM  45    1939  56      3       59
  AVERAGE         65                        64      1       75

PRECIPITATION (IN)
  TODAY            0.00          0.02 1982   0.00   0.00     0.00
  MONTH TO DATE    T                         0.03  -0.03     0.06
  SINCE OCT 1     13.47                     12.66   0.81     9.88
  SINCE JAN 1      8.57                      8.75  -0.18     1.89

DEGREE DAYS
 HEATING
  TODAY            0                         2     -2        0
  MONTH TO DATE   55                        56     -1        1
  SINCE JUN 1    223                       247    -24       84
  SINCE JUL 1    147                       134     13        3

 COOLING
  TODAY            0                         1     -1       10
  MONTH TO DATE    0                        25    -25      101
  SINCE JUN 1      8                        55    -47      167
  SINCE JAN 1     31                        71    -40      198
..................................................................


WIND (MPH)
  RESULTANT WIND SPEED   4   RESULTANT WIND DIRECTION   W (290)
  HIGHEST WIND SPEED    17   HIGHEST WIND DIRECTION     W (260)
  HIGHEST GUST SPEED    21   HIGHEST GUST DIRECTION    NW (300)
  AVERAGE WIND SPEED     5.4


SKY COVER
  POSSIBLE SUNSHINE  MM
  AVERAGE SKY COVER 0.6


WEATHER CONDITIONS
 THE FOLLOWING WEATHER WAS RECORDED TODAY.
  NO SIGNIFICANT WEATHER WAS OBSERVED.


RELATIVE HUMIDITY (PERCENT)
 HIGHEST    78           200 AM
 LOWEST     53           200 PM
 AVERAGE    66

..........................................................


THE SALINAS AIRPORT CLIMATE NORMALS FOR TOMORROW
                         NORMAL    RECORD    YEAR
 MAXIMUM TEMPERATURE (F)   73        98      1968
 MINIMUM TEMPERATURE (F)   56        43      1945


SUNRISE AND SUNSET
AUGUST 28 2016........SUNRISE   635 AM PDT   SUNSET   739 PM PDT
AUGUST 29 2016........SUNRISE   636 AM PDT   SUNSET   738 PM PDT


-  INDICATES NEGATIVE NUMBERS.
R  INDICATES RECORD WAS SET OR TIED.
MM INDICATES DATA IS MISSING.
T  INDICATES TRACE AMOUNT.




$$
