000
CDUS46 KMTR 300047
CLISNS


CLIMATE REPORT
NATIONAL WEATHER SERVICE SAN FRANCISCO BAY AREA
547 PM PDT FRI MAY 29 2015


...................................

...THE SALINAS AIRPORT CLIMATE SUMMARY FOR MAY 29 2015...
VALID TODAY AS OF 0500 PM LOCAL TIME.

CLIMATE NORMAL PERIOD 1981 TO 2010
CLIMATE RECORD PERIOD 1930 TO 2015


WEATHER ITEM   OBSERVED TIME   RECORD YEAR NORMAL DEPARTURE LAST
                VALUE   (LST)  VALUE       VALUE  FROM      YEAR
                                                  NORMAL
..................................................................
TEMPERATURE (F)
 TODAY
  MAXIMUM         65   1224 PM  87    1984  69     -4       77
  MINIMUM         51    635 AM  39    1940  52     -1       45
  AVERAGE         58                        60     -2       61

PRECIPITATION (IN)
  TODAY            0.00          0.14 1948   0.01  -0.01     0.00
  MONTH TO DATE    0.20                      0.34  -0.14      T
  SINCE OCT 1      9.66                     12.53  -2.87     5.78
  SINCE JAN 1      1.67                      8.62  -6.95     4.95

DEGREE DAYS
 HEATING
  TODAY            7                         5      2        4
  MONTH TO DATE  158                       173    -15      117
  SINCE MAR 1    448                       748   -300      499
  SINCE JUL 1   1297                      2562  -1265     1931

 COOLING
  TODAY            0                         0      0        0
  MONTH TO DATE    0                         0      0       34
  SINCE MAR 1     23                         7     16       48
  SINCE JAN 1     31                         7     24       50
..................................................................


WIND (MPH)
  RESULTANT WIND SPEED   7   RESULTANT WIND DIRECTION   W (260)
  HIGHEST WIND SPEED    17   HIGHEST WIND DIRECTION     W (290)
  HIGHEST GUST SPEED    22   HIGHEST GUST DIRECTION     W (280)
  AVERAGE WIND SPEED     8.6


SKY COVER
  POSSIBLE SUNSHINE  MM
  AVERAGE SKY COVER 0.7


WEATHER CONDITIONS
 THE FOLLOWING WEATHER WAS RECORDED TODAY.
  FOG


RELATIVE HUMIDITY (PERCENT)
 HIGHEST   100           500 AM
 LOWEST     63           200 PM
 AVERAGE    82

..........................................................


THE SALINAS AIRPORT CLIMATE NORMALS FOR TOMORROW
                         NORMAL    RECORD    YEAR
 MAXIMUM TEMPERATURE (F)   69        95      2001
 MINIMUM TEMPERATURE (F)   52        41      1937


SUNRISE AND SUNSET
MAY 29 2015...........SUNRISE   450 AM PST   SUNSET   717 PM PST
MAY 30 2015...........SUNRISE   450 AM PST   SUNSET   718 PM PST


-  INDICATES NEGATIVE NUMBERS.
R  INDICATES RECORD WAS SET OR TIED.
MM INDICATES DATA IS MISSING.
T  INDICATES TRACE AMOUNT.




$$
