000
CDUS46 KMTR 060845
CLISNS


CLIMATE REPORT
NATIONAL WEATHER SERVICE SAN FRANCISCO BAY AREA
1245 AM PST FRI MAR 6 2015


...................................

...THE SALINAS AIRPORT CLIMATE SUMMARY FOR MARCH 5 2015...

CLIMATE NORMAL PERIOD 1981 TO 2010
CLIMATE RECORD PERIOD 1930 TO 2015


WEATHER ITEM   OBSERVED TIME   RECORD YEAR NORMAL DEPARTURE LAST
                VALUE   (LST)  VALUE       VALUE  FROM      YEAR
                                                  NORMAL
..................................................................
TEMPERATURE (F)
 YESTERDAY
  MAXIMUM         80        MM  85    1972  64     16       68
  MINIMUM         47        MM  29    1971  44      3       52
  AVERAGE         64                        54     10       60

PRECIPITATION (IN)
  YESTERDAY        0.00          1.23 1992   0.08  -0.08     0.00
  MONTH TO DATE    0.04                      0.42  -0.38     0.42
  SINCE OCT 1      8.67                      9.42  -0.75     4.45
  SINCE JAN 1      0.68                      5.51  -4.83     3.62

DEGREE DAYS
 HEATING
  YESTERDAY        1                        11    -10        5
  MONTH TO DATE   41                        55    -14       30
  SINCE MAR 1     41                        55    -14       30
  SINCE JUL 1    890                      1869   -979     1462

 COOLING
  YESTERDAY        0                         0      0        0
  MONTH TO DATE    0                         0      0        0
  SINCE MAR 1      0                         0      0        0
  SINCE JAN 1      8                         0      8        2
..................................................................


WIND (MPH)
  RESULTANT WIND SPEED   5   RESULTANT WIND DIRECTION   E (110)
  HIGHEST WIND SPEED    17   HIGHEST WIND DIRECTION     E (110)
  HIGHEST GUST SPEED    21   HIGHEST GUST DIRECTION    SE (130)
  AVERAGE WIND SPEED     8.0


SKY COVER
  POSSIBLE SUNSHINE  MM
  AVERAGE SKY COVER 0.0


WEATHER CONDITIONS
 THE FOLLOWING WEATHER WAS RECORDED YESTERDAY.
  NO SIGNIFICANT WEATHER WAS OBSERVED.


RELATIVE HUMIDITY (PERCENT)
 HIGHEST    77          1200 AM
 LOWEST     12           300 PM
 AVERAGE    45

..........................................................


THE SALINAS AIRPORT CLIMATE NORMALS FOR TODAY
                         NORMAL    RECORD    YEAR
 MAXIMUM TEMPERATURE (F)   64        83      1953
 MINIMUM TEMPERATURE (F)   45        32      1971


SUNRISE AND SUNSET
MARCH  6 2015.........SUNRISE   630 AM PST   SUNSET   605 PM PST
MARCH  7 2015.........SUNRISE   629 AM PST   SUNSET   606 PM PST


-  INDICATES NEGATIVE NUMBERS.
R  INDICATES RECORD WAS SET OR TIED.
MM INDICATES DATA IS MISSING.
T  INDICATES TRACE AMOUNT.




$$
