000
CDUS46 KMTR 210045
CLISNS


CLIMATE REPORT
NATIONAL WEATHER SERVICE SAN FRANCISCO BAY AREA
445 PM PST SAT DEC 20 2014


...................................

...THE SALINAS AIRPORT CLIMATE SUMMARY FOR DECEMBER 20 2014...
VALID TODAY AS OF 0400 PM LOCAL TIME.

CLIMATE NORMAL PERIOD 1981 TO 2010
CLIMATE RECORD PERIOD 1930 TO 2014


WEATHER ITEM   OBSERVED TIME   RECORD YEAR NORMAL DEPARTURE LAST
                VALUE   (LST)  VALUE       VALUE  FROM      YEAR
                                                  NORMAL
..................................................................
TEMPERATURE (F)
 TODAY
  MAXIMUM         65    216 PM  75    1985  61      4       60
  MINIMUM         56    750 AM  29    1968  40     16       32
  AVERAGE         61                        50     11       46

PRECIPITATION (IN)
  TODAY            0.10          0.87 1938   0.06   0.04     0.00
  MONTH TO DATE    5.97                      1.16   4.81     0.21
  SINCE JUL 1      8.06                      3.34   4.72     0.94
  SINCE JAN 1     13.03                     12.06   0.97     3.27

DEGREE DAYS
 HEATING
  TODAY            4                        15    -11       19
  MONTH TO DATE  121                       275   -154      309
  SINCE DEC 1    121                       275   -154      309
  SINCE JUL 1    335                       893   -558      835

 COOLING
  TODAY            0                         0      0        0
  MONTH TO DATE    1                         0      1        0
  SINCE DEC 1      1                         0      1        0
  SINCE JAN 1    270                       130    140      155
..................................................................


WIND (MPH)
  RESULTANT WIND SPEED   4   RESULTANT WIND DIRECTION   E (110)
  HIGHEST WIND SPEED    17   HIGHEST WIND DIRECTION     E (90)
  HIGHEST GUST SPEED    21   HIGHEST GUST DIRECTION     E (100)
  AVERAGE WIND SPEED     5.6


SKY COVER
  POSSIBLE SUNSHINE  MM
  AVERAGE SKY COVER 0.9


WEATHER CONDITIONS
 THE FOLLOWING WEATHER WAS RECORDED TODAY.
  LIGHT RAIN
  FOG
  HAZE


RELATIVE HUMIDITY (PERCENT)
 HIGHEST    86           900 AM
 LOWEST     56           300 PM
 AVERAGE    71

..........................................................


THE SALINAS AIRPORT CLIMATE NORMALS FOR TOMORROW
                         NORMAL    RECORD    YEAR
 MAXIMUM TEMPERATURE (F)   61        74      1985
 MINIMUM TEMPERATURE (F)   40        24      1998


SUNRISE AND SUNSET
DECEMBER 20 2014......SUNRISE   714 AM PST   SUNSET   454 PM PST
DECEMBER 21 2014......SUNRISE   715 AM PST   SUNSET   454 PM PST


-  INDICATES NEGATIVE NUMBERS.
R  INDICATES RECORD WAS SET OR TIED.
MM INDICATES DATA IS MISSING.
T  INDICATES TRACE AMOUNT.




$$
