000
CDUS46 KMTR 110836
CLISNS


CLIMATE REPORT
NATIONAL WEATHER SERVICE SAN FRANCISCO BAY AREA
1236 AM PST THU FEB 11 2016


...................................

...THE SALINAS AIRPORT CLIMATE SUMMARY FOR FEBRUARY 10 2016...

CLIMATE NORMAL PERIOD 1981 TO 2010
CLIMATE RECORD PERIOD 1930 TO 2016


WEATHER ITEM   OBSERVED TIME   RECORD YEAR NORMAL DEPARTURE LAST
                VALUE   (LST)  VALUE       VALUE  FROM      YEAR
                                                  NORMAL
..................................................................
TEMPERATURE (F)
 YESTERDAY
  MAXIMUM         74    310 PM  76    2002  63     11       72
  MINIMUM         47    719 AM  29    1946  43      4       44
  AVERAGE         61                        53      8       58

PRECIPITATION (IN)
  YESTERDAY        0.00          1.17 1973   0.09  -0.09     0.00
  MONTH TO DATE    0.01                      0.91  -0.90     0.55
  SINCE OCT 1      8.95                      7.42   1.53     8.55
  SINCE JAN 1      4.05                      3.51   0.54     0.56

DEGREE DAYS
 HEATING
  YESTERDAY        4                        12     -8        7
  MONTH TO DATE   86                       126    -40       42
  SINCE DEC 1    926                       986    -60      528
  SINCE JUL 1   1286                      1604   -318      742

 COOLING
  YESTERDAY        0                         0      0        0
  MONTH TO DATE    1                         0      1        1
  SINCE DEC 1      1                         0      1        3
  SINCE JAN 1      1                         0      1        2
..................................................................


WIND (MPH)
  RESULTANT WIND SPEED   4   RESULTANT WIND DIRECTION   E (110)
  HIGHEST WIND SPEED    17   HIGHEST WIND DIRECTION     E (100)
  HIGHEST GUST SPEED    20   HIGHEST GUST DIRECTION     E (100)
  AVERAGE WIND SPEED     6.7


SKY COVER
  POSSIBLE SUNSHINE  MM
  AVERAGE SKY COVER 0.0


WEATHER CONDITIONS
 THE FOLLOWING WEATHER WAS RECORDED YESTERDAY.
  NO SIGNIFICANT WEATHER WAS OBSERVED.


RELATIVE HUMIDITY (PERCENT)
 HIGHEST    83           900 PM
 LOWEST     41           100 PM
 AVERAGE    62

..........................................................


THE SALINAS AIRPORT CLIMATE NORMALS FOR TODAY
                         NORMAL    RECORD    YEAR
 MAXIMUM TEMPERATURE (F)   63        81      1971
 MINIMUM TEMPERATURE (F)   43        30      1966


SUNRISE AND SUNSET
FEBRUARY 11 2016......SUNRISE   659 AM PST   SUNSET   542 PM PST
FEBRUARY 12 2016......SUNRISE   658 AM PST   SUNSET   543 PM PST


-  INDICATES NEGATIVE NUMBERS.
R  INDICATES RECORD WAS SET OR TIED.
MM INDICATES DATA IS MISSING.
T  INDICATES TRACE AMOUNT.




$$
