000
CDUS46 KMTR 230828
CLISNS


CLIMATE REPORT
NATIONAL WEATHER SERVICE SAN FRANCISCO BAY AREA
127 AM PDT WED AUG 23 2017


...................................

...THE SALINAS AIRPORT CLIMATE SUMMARY FOR AUGUST 22 2017...

CLIMATE NORMAL PERIOD 1981 TO 2010
CLIMATE RECORD PERIOD 1930 TO 2017


WEATHER ITEM   OBSERVED TIME   RECORD YEAR NORMAL DEPARTURE LAST
                VALUE   (LST)  VALUE       VALUE  FROM      YEAR
                                                  NORMAL
..................................................................
TEMPERATURE (F)
 YESTERDAY
  MAXIMUM         74   1120 AM  85    1972  73      1       69
  MINIMUM         55    443 AM  42    1931  56     -1       58
  AVERAGE         65                        64      1       64

PRECIPITATION (IN)
  YESTERDAY        0.00          0.01 1976   0.00   0.00      T
  MONTH TO DATE    T                         0.02  -0.02      T
  SINCE OCT 1     16.45                     12.65   3.80    13.47
  SINCE JAN 1     12.45                      8.74   3.71     8.57

DEGREE DAYS
 HEATING
  YESTERDAY        0                         2     -2        1
  MONTH TO DATE   11                        44    -33       51
  SINCE JUN 1    153                       235    -82      219
  SINCE JUL 1     83                       122    -39      143

 COOLING
  YESTERDAY        0                         1     -1        0
  MONTH TO DATE   29                        19     10        0
  SINCE JUN 1     48                        49     -1        8
  SINCE JAN 1     66                        65      1       31
..................................................................


WIND (MPH)
  RESULTANT WIND SPEED   6   RESULTANT WIND DIRECTION   W (280)
  HIGHEST WIND SPEED    18   HIGHEST WIND DIRECTION     W (280)
  HIGHEST GUST SPEED    23   HIGHEST GUST DIRECTION     W (280)
  AVERAGE WIND SPEED     7.8


SKY COVER
  POSSIBLE SUNSHINE  MM
  AVERAGE SKY COVER 0.3


WEATHER CONDITIONS
 THE FOLLOWING WEATHER WAS RECORDED YESTERDAY.
  NO SIGNIFICANT WEATHER WAS OBSERVED.


RELATIVE HUMIDITY (PERCENT)
 HIGHEST    93           300 AM
 LOWEST     61          1000 AM
 AVERAGE    77

..........................................................


THE SALINAS AIRPORT CLIMATE NORMALS FOR TODAY
                         NORMAL    RECORD    YEAR
 MAXIMUM TEMPERATURE (F)   73        91      2010
 MINIMUM TEMPERATURE (F)   56        45      1931


SUNRISE AND SUNSET
AUGUST 23 2017........SUNRISE   631 AM PDT   SUNSET   747 PM PDT
AUGUST 24 2017........SUNRISE   631 AM PDT   SUNSET   745 PM PDT


-  INDICATES NEGATIVE NUMBERS.
R  INDICATES RECORD WAS SET OR TIED.
MM INDICATES DATA IS MISSING.
T  INDICATES TRACE AMOUNT.




$$
