000
CDUS45 KPIH 192322
CLISNT


CLIMATE REPORT
NATIONAL WEATHER SERVICE POCATELLO ID
521 PM MDT TUE SEP 19 2017


...................................

...THE STANLEY ID CLIMATE SUMMARY FOR SEPTEMBER 19 2017...
VALID TODAY AS OF 0500 PM LOCAL TIME.

CLIMATE NORMAL PERIOD 1981 TO 2010
CLIMATE RECORD PERIOD 1916 TO 2017


WEATHER ITEM   OBSERVED TIME   RECORD YEAR NORMAL DEPARTURE LAST
                VALUE   (LST)  VALUE       VALUE  FROM      YEAR
                                                  NORMAL
..................................................................
TEMPERATURE (F)
 TODAY
  MAXIMUM         40    143 PM  86    1922  66    -26       70
  MINIMUM         33    756 AM  11    1926  28      5       37
  AVERAGE         37                        47    -10       54

PRECIPITATION (IN)
  TODAY            0.16          0.20 2007   0.04   0.12     0.00
  MONTH TO DATE    1.26                      0.66   0.60     0.89
  SINCE OCT 1     30.24                     16.80  13.44    18.04
  SINCE JAN 1     18.91                     11.95   6.96    10.47

SNOWFALL (IN)
  TODAY           MM
  MONTH TO DATE   MM
  SINCE SEP 1     MM
  SINCE JUL 1     MM
  SNOW DEPTH      MM

DEGREE DAYS
 HEATING
  TODAY           28                        18     10       11
  MONTH TO DATE  167                       302   -135      309
  SINCE SEP 1    167                       302   -135      309
  SINCE JUL 1    382                       822   -440      787

 COOLING
  TODAY            0                         0      0        0
  MONTH TO DATE    0                         0      0        0
  SINCE SEP 1      0                         0      0        0
  SINCE JAN 1     25                         3     22        4
..................................................................


WIND (MPH)
  HIGHEST WIND SPEED    13   HIGHEST WIND DIRECTION     S (170)
  HIGHEST GUST SPEED    20   HIGHEST GUST DIRECTION    SE (130)
  AVERAGE WIND SPEED     3.9


SKY COVER
  POSSIBLE SUNSHINE  MM
  AVERAGE SKY COVER 0.0


WEATHER CONDITIONS
 THE FOLLOWING WEATHER WAS RECORDED TODAY.
  NO SIGNIFICANT WEATHER WAS OBSERVED.


RELATIVE HUMIDITY (PERCENT)
 HIGHEST   100           200 AM
 LOWEST     76           200 PM
 AVERAGE    88

..........................................................


THE STANLEY ID CLIMATE NORMALS FOR TOMORROW
                         NORMAL    RECORD    YEAR
 MAXIMUM TEMPERATURE (F)   65        85      1922
 MINIMUM TEMPERATURE (F)   27        13      1983


SUNRISE AND SUNSET
SEPTEMBER 19 2017.....SUNRISE   724 AM MDT   SUNSET   742 PM MDT
SEPTEMBER 20 2017.....SUNRISE   725 AM MDT   SUNSET   740 PM MDT


-  INDICATES NEGATIVE NUMBERS.
R  INDICATES RECORD WAS SET OR TIED.
MM INDICATES DATA IS MISSING.
T  INDICATES TRACE AMOUNT.




$$
