000
CDUS45 KPIH 020731
CLISNT


CLIMATE REPORT
NATIONAL WEATHER SERVICE POCATELLO ID
1230 AM MST MON MAR 2 2015


...................................

...THE STANLEY ID CLIMATE SUMMARY FOR MARCH 1 2015...

CLIMATE NORMAL PERIOD 1981 TO 2010
CLIMATE RECORD PERIOD 1916 TO 2015


WEATHER ITEM   OBSERVED TIME   RECORD YEAR NORMAL DEPARTURE LAST
                VALUE   (LST)  VALUE       VALUE  FROM      YEAR
                                                  NORMAL
..................................................................
TEMPERATURE (F)
 YESTERDAY
  MAXIMUM         37    505 PM  54    1924  38     -1       36
  MINIMUM          0    802 AM -34    1917   8     -8       24
  AVERAGE         19                        23     -4       30

PRECIPITATION (IN)
  YESTERDAY        0.00          0.39 1970   0.04  -0.04     0.07
  MONTH TO DATE    0.00                      0.04  -0.04     0.07
  SINCE OCT 1      9.98                      8.20   1.78    10.22
  SINCE JAN 1      3.27                      3.35  -0.08     6.61

SNOWFALL (IN)
  YESTERDAY       MM
  MONTH TO DATE   MM
  SINCE MAR 1     MM
  SINCE JUL 1     MM
  SNOW DEPTH      MM

DEGREE DAYS
 HEATING
  YESTERDAY       46                        42      4       35
  MONTH TO DATE   46                        42      4       35
  SINCE MAR 1     46                        42      4       35
  SINCE JUL 1   6424                      7576  -1152     7203

 COOLING
  YESTERDAY        0                         0      0        0
  MONTH TO DATE    0                         0      0        0
  SINCE MAR 1      0                         0      0        0
  SINCE JAN 1      0                         0      0        0
..................................................................


WIND (MPH)
  HIGHEST WIND SPEED     8   HIGHEST WIND DIRECTION    SE (150)
  HIGHEST GUST SPEED    10   HIGHEST GUST DIRECTION    SE (150)
  AVERAGE WIND SPEED     3.4


SKY COVER
  POSSIBLE SUNSHINE  MM
  AVERAGE SKY COVER 0.0


WEATHER CONDITIONS
 THE FOLLOWING WEATHER WAS RECORDED YESTERDAY.
  NO SIGNIFICANT WEATHER WAS OBSERVED.


RELATIVE HUMIDITY (PERCENT)
 HIGHEST    83           400 AM
 LOWEST     32           500 PM
 AVERAGE    58

..........................................................


THE STANLEY ID CLIMATE NORMALS FOR TODAY
                         NORMAL    RECORD    YEAR
 MAXIMUM TEMPERATURE (F)   38        53      1994
 MINIMUM TEMPERATURE (F)    8       -28      1971


SUNRISE AND SUNSET
MARCH  2 2015.........SUNRISE   715 AM MST   SUNSET   629 PM MST
MARCH  3 2015.........SUNRISE   714 AM MST   SUNSET   630 PM MST


-  INDICATES NEGATIVE NUMBERS.
R  INDICATES RECORD WAS SET OR TIED.
MM INDICATES DATA IS MISSING.
T  INDICATES TRACE AMOUNT.




$$
