000
CDUS45 KCYS 290327
CLISNY


CLIMATE REPORT
NATIONAL WEATHER SERVICE CHEYENNE WY
927 PM MDT SAT MAY 28 2016


...................................

...THE SIDNEY NE AIRPORT CLIMATE SUMMARY FOR MAY 28 2016...
VALID TODAY AS OF 0900 PM LOCAL TIME.

CLIMATE NORMAL PERIOD 1981 TO 2010
CLIMATE RECORD PERIOD 1948 TO 2016


WEATHER ITEM   OBSERVED TIME   RECORD YEAR NORMAL DEPARTURE LAST
                VALUE   (LST)  VALUE       VALUE  FROM      YEAR
                                                  NORMAL
..................................................................
TEMPERATURE (F)
 TODAY
  MAXIMUM         73    225 PM  95    2000  75     -2       76
  MINIMUM         38    440 AM  30    2005  47     -9       49
  AVERAGE         56                        61     -5       63

PRECIPITATION (IN)
  TODAY            0.05          1.26 2013   0.11  -0.06     0.22
  MONTH TO DATE    1.94                      2.76  -0.82     7.97
  SINCE JAN 1      6.39                      6.43  -0.04    14.50

DEGREE DAYS
 HEATING
  TODAY            9                         5      4        2
  MONTH TO DATE  325                       236     89      371
  SINCE MAR 1   1629                      1566     63     1547
  SINCE JUL 1   6195                      6148     47     6279

 COOLING
  TODAY            0                         1     -1        0
  MONTH TO DATE    3                        19    -16        0
  SINCE MAR 1      3                        20    -17        0
  SINCE JAN 1      3                        20    -17        0
..................................................................


WIND (MPH)
  HIGHEST WIND SPEED    17   HIGHEST WIND DIRECTION    SW (230)
  HIGHEST GUST SPEED    20   HIGHEST GUST DIRECTION    SW (240)
  AVERAGE WIND SPEED     7.6


SKY COVER
  AVERAGE SKY COVER 0.1


WEATHER CONDITIONS
 THE FOLLOWING WEATHER WAS RECORDED TODAY.
  THUNDERSTORM
  LIGHT RAIN


RELATIVE HUMIDITY (PERCENT)
 HIGHEST    96           100 AM
 LOWEST     35           200 PM
 AVERAGE    66

..........................................................


THE SIDNEY NE AIRPORT CLIMATE NORMALS FOR TOMORROW
                         NORMAL    RECORD    YEAR
 MAXIMUM TEMPERATURE (F)   75        96      2003
                                             2000
 MINIMUM TEMPERATURE (F)   48        32      1954


SUNRISE AND SUNSET
MAY 28 2016...........SUNRISE   524 AM MDT   SUNSET   815 PM MDT
MAY 29 2016...........SUNRISE   523 AM MDT   SUNSET   816 PM MDT


-  INDICATES NEGATIVE NUMBERS.
R  INDICATES RECORD WAS SET OR TIED.
MM INDICATES DATA IS MISSING.
T  INDICATES TRACE AMOUNT.




$$
