000
CDUS45 KCYS 210728
CLISNY


CLIMATE REPORT
NATIONAL WEATHER SERVICE CHEYENNE WY
128 AM MDT SUN SEP 21 2014


...................................

...THE SIDNEY NE AIRPORT CLIMATE SUMMARY FOR SEPTEMBER 20 2014...

CLIMATE NORMAL PERIOD 1981 TO 2010
CLIMATE RECORD PERIOD 1948 TO 2014


WEATHER ITEM   OBSERVED TIME   RECORD YEAR NORMAL DEPARTURE LAST
                VALUE   (LST)  VALUE       VALUE  FROM      YEAR
                                                  NORMAL
..................................................................
TEMPERATURE (F)
 YESTERDAY
  MAXIMUM         84    149 PM  98    2010  77      7       75
  MINIMUM         54    608 AM  24    1983  46      8       39
  AVERAGE         69                        61      8       57

PRECIPITATION (IN)
  YESTERDAY        0.00          1.56 1990   0.04  -0.04     0.00
  MONTH TO DATE    0.67                      0.92  -0.25     4.37
  SINCE JAN 1     12.35                     16.08  -3.73    12.54

DEGREE DAYS
 HEATING
  YESTERDAY        0                         5     -5        8
  MONTH TO DATE   96                        54     42       33
  SINCE SEP 1     96                        54     42       33
  SINCE JUL 1    108                        65     43       42

 COOLING
  YESTERDAY        4                         2      2        0
  MONTH TO DATE   56                        73    -17      146
  SINCE SEP 1     56                        73    -17      146
  SINCE JAN 1    614                       815   -201      909
..................................................................


WIND (MPH)
  HIGHEST WIND SPEED    16   HIGHEST WIND DIRECTION     N (10)
  HIGHEST GUST SPEED    20   HIGHEST GUST DIRECTION     N (360)
  AVERAGE WIND SPEED     9.2


SKY COVER
  AVERAGE SKY COVER 0.1


WEATHER CONDITIONS
 THE FOLLOWING WEATHER WAS RECORDED YESTERDAY.
  NO SIGNIFICANT WEATHER WAS OBSERVED.


RELATIVE HUMIDITY (PERCENT)
 HIGHEST    83           600 AM
 LOWEST     26           300 PM
 AVERAGE    55

..........................................................


THE SIDNEY NE AIRPORT CLIMATE NORMALS FOR TODAY
                         NORMAL    RECORD    YEAR
 MAXIMUM TEMPERATURE (F)   76        94      2005
 MINIMUM TEMPERATURE (F)   46        15      1983


SUNRISE AND SUNSET
SEPTEMBER 21 2014.....SUNRISE   638 AM MDT   SUNSET   651 PM MDT
SEPTEMBER 22 2014.....SUNRISE   639 AM MDT   SUNSET   649 PM MDT


-  INDICATES NEGATIVE NUMBERS.
R  INDICATES RECORD WAS SET OR TIED.
MM INDICATES DATA IS MISSING.
T  INDICATES TRACE AMOUNT.




$$
