000
CDUS45 KCYS 120728
CLISNY


CLIMATE REPORT
NATIONAL WEATHER SERVICE CHEYENNE WY
128 AM MDT SAT JUL 12 2014


...................................

...THE SIDNEY NE AIRPORT CLIMATE SUMMARY FOR JULY 11 2014...

CLIMATE NORMAL PERIOD 1981 TO 2010
CLIMATE RECORD PERIOD 1948 TO 2014


WEATHER ITEM   OBSERVED TIME   RECORD YEAR NORMAL DEPARTURE LAST
                VALUE   (LST)  VALUE       VALUE  FROM      YEAR
                                                  NORMAL
..................................................................
TEMPERATURE (F)
 YESTERDAY
  MAXIMUM         91    250 PM 107    1954  91      0       98
  MINIMUM         63    552 AM  47    1951  60      3       61
  AVERAGE         77                        75      2       80

PRECIPITATION (IN)
  YESTERDAY        0.04          1.21 2011   0.09  -0.05     0.00
  MONTH TO DATE    0.07                      1.00  -0.93     0.26
  SINCE JAN 1      8.49                     10.94  -2.45     6.29

DEGREE DAYS
 HEATING
  YESTERDAY        0                         0      0        0
  MONTH TO DATE    4                         0      4        0
  SINCE JUN 1     59                        59      0       37
  SINCE JUL 1      4                         0      4        0

 COOLING
  YESTERDAY       12                        10      2       15
  MONTH TO DATE   87                       103    -16      105
  SINCE JUN 1    155                       240    -85      273
  SINCE JAN 1    171                       262    -91      306
..................................................................


WIND (MPH)
  HIGHEST WIND SPEED    18   HIGHEST WIND DIRECTION     N (10)
  HIGHEST GUST SPEED    28   HIGHEST GUST DIRECTION     E (110)
  AVERAGE WIND SPEED     8.1


SKY COVER
  AVERAGE SKY COVER 0.2


WEATHER CONDITIONS
 THE FOLLOWING WEATHER WAS RECORDED YESTERDAY.
  THUNDERSTORM
  LIGHT RAIN


RELATIVE HUMIDITY (PERCENT)
 HIGHEST    93           500 AM
 LOWEST     38          1200 PM
 AVERAGE    66

..........................................................


THE SIDNEY NE AIRPORT CLIMATE NORMALS FOR TODAY
                         NORMAL    RECORD    YEAR
 MAXIMUM TEMPERATURE (F)   91       105      1954
 MINIMUM TEMPERATURE (F)   60        44      1987


SUNRISE AND SUNSET
JULY 12 2014..........SUNRISE   530 AM MDT   SUNSET   825 PM MDT
JULY 13 2014..........SUNRISE   531 AM MDT   SUNSET   824 PM MDT


-  INDICATES NEGATIVE NUMBERS.
R  INDICATES RECORD WAS SET OR TIED.
MM INDICATES DATA IS MISSING.
T  INDICATES TRACE AMOUNT.




$$
