000
CDUS45 KCYS 280726
CLISNY


CLIMATE REPORT
NATIONAL WEATHER SERVICE CHEYENNE WY
126 AM MDT SUN AUG 28 2016


...................................

...THE SIDNEY NE AIRPORT CLIMATE SUMMARY FOR AUGUST 27 2016...

CLIMATE NORMAL PERIOD 1981 TO 2010
CLIMATE RECORD PERIOD 1948 TO 2016


WEATHER ITEM   OBSERVED TIME   RECORD YEAR NORMAL DEPARTURE LAST
                VALUE   (LST)  VALUE       VALUE  FROM      YEAR
                                                  NORMAL
..................................................................
TEMPERATURE (F)
 YESTERDAY
  MAXIMUM         84    342 PM 101    2012  87     -3       89
                                      2010
  MINIMUM         50    600 AM  40    1964  56     -6       56
  AVERAGE         67                        71     -4       73

PRECIPITATION (IN)
  YESTERDAY        0.00          0.45 2006   0.06  -0.06     0.00
  MONTH TO DATE    2.22                      1.99   0.23     0.54
  SINCE JAN 1     11.42                     14.89  -3.47    19.27

DEGREE DAYS
 HEATING
  YESTERDAY        0                         0      0        0
  MONTH TO DATE   26                         0     26       31
  SINCE JUN 1     36                        62    -26       38
  SINCE JUL 1     26                         3     23       38

 COOLING
  YESTERDAY        2                         7     -5        8
  MONTH TO DATE  161                       239    -78      187
  SINCE JUN 1    682                       695    -13      536
  SINCE JAN 1    686                       717    -31      536
..................................................................


WIND (MPH)
  HIGHEST WIND SPEED    22   HIGHEST WIND DIRECTION    SE (150)
  HIGHEST GUST SPEED    26   HIGHEST GUST DIRECTION    SE (150)
  AVERAGE WIND SPEED     7.4


SKY COVER
  AVERAGE SKY COVER 0.3


WEATHER CONDITIONS
 THE FOLLOWING WEATHER WAS RECORDED YESTERDAY.
  FOG
  FOG W/VISIBILITY <= 1/4 MILE


RELATIVE HUMIDITY (PERCENT)
 HIGHEST   100           300 AM
 LOWEST     23           300 PM
 AVERAGE    62

..........................................................


THE SIDNEY NE AIRPORT CLIMATE NORMALS FOR TODAY
                         NORMAL    RECORD    YEAR
 MAXIMUM TEMPERATURE (F)   86       102      2012
                                             1948
 MINIMUM TEMPERATURE (F)   56        36      1964


SUNRISE AND SUNSET
AUGUST 28 2016........SUNRISE   615 AM MDT   SUNSET   730 PM MDT
AUGUST 29 2016........SUNRISE   616 AM MDT   SUNSET   728 PM MDT


-  INDICATES NEGATIVE NUMBERS.
R  INDICATES RECORD WAS SET OR TIED.
MM INDICATES DATA IS MISSING.
T  INDICATES TRACE AMOUNT.




$$
