531
CDUS45 KCYS 270728
CLISNY


CLIMATE REPORT
NATIONAL WEATHER SERVICE CHEYENNE WY
128 AM MDT TUE SEP 27 2016


...................................

...THE SIDNEY NE AIRPORT CLIMATE SUMMARY FOR SEPTEMBER 26 2016...

CLIMATE NORMAL PERIOD 1981 TO 2010
CLIMATE RECORD PERIOD 1948 TO 2016


WEATHER ITEM   OBSERVED TIME   RECORD YEAR NORMAL DEPARTURE LAST
                VALUE   (LST)  VALUE       VALUE  FROM      YEAR
                                                  NORMAL
..................................................................
TEMPERATURE (F)
 YESTERDAY
  MAXIMUM         74    345 PM  91    2008  74      0       80
  MINIMUM         35    405 AM  23    1972  43     -8       55
  AVERAGE         55                        58     -3       68

PRECIPITATION (IN)
  YESTERDAY        0.00          0.38 1973   0.04  -0.04     0.00
  MONTH TO DATE    0.60                      1.12  -0.52     0.25
  SINCE JAN 1     12.11                     16.28  -4.17    19.52

DEGREE DAYS
 HEATING
  YESTERDAY       10                         8      2        0
  MONTH TO DATE   92                        95     -3       41
  SINCE SEP 1     92                        95     -3       41
  SINCE JUL 1    118                       106     12       79

 COOLING
  YESTERDAY        0                         1     -1        3
  MONTH TO DATE   61                        81    -20       93
  SINCE SEP 1     61                        81    -20       93
  SINCE JAN 1    764                       823    -59      661
..................................................................


WIND (MPH)
  HIGHEST WIND SPEED    20   HIGHEST WIND DIRECTION     N (360)
  HIGHEST GUST SPEED    24   HIGHEST GUST DIRECTION     N (360)
  AVERAGE WIND SPEED     9.0


SKY COVER
  AVERAGE SKY COVER 0.0


WEATHER CONDITIONS
 THE FOLLOWING WEATHER WAS RECORDED YESTERDAY.
  LIGHT RAIN
  LIGHT SNOW


RELATIVE HUMIDITY (PERCENT)
 HIGHEST    92           200 AM
 LOWEST     27           100 PM
 AVERAGE    60

..........................................................


THE SIDNEY NE AIRPORT CLIMATE NORMALS FOR TODAY
                         NORMAL    RECORD    YEAR
 MAXIMUM TEMPERATURE (F)   73        94      1953
 MINIMUM TEMPERATURE (F)   43        21      1964


SUNRISE AND SUNSET
SEPTEMBER 27 2016.....SUNRISE   645 AM MDT   SUNSET   640 PM MDT
SEPTEMBER 28 2016.....SUNRISE   646 AM MDT   SUNSET   638 PM MDT


-  INDICATES NEGATIVE NUMBERS.
R  INDICATES RECORD WAS SET OR TIED.
MM INDICATES DATA IS MISSING.
T  INDICATES TRACE AMOUNT.




$$
