000
CDUS45 KCYS 280729
CLISNY


CLIMATE REPORT
NATIONAL WEATHER SERVICE CHEYENNE WY
128 AM MDT TUE JUL 28 2015


...................................

...THE SIDNEY NE AIRPORT CLIMATE SUMMARY FOR JULY 27 2015...

CLIMATE NORMAL PERIOD 1981 TO 2010
CLIMATE RECORD PERIOD 1948 TO 2015


WEATHER ITEM   OBSERVED TIME   RECORD YEAR NORMAL DEPARTURE LAST
                VALUE   (LST)  VALUE       VALUE  FROM      YEAR
                                                  NORMAL
..................................................................
TEMPERATURE (F)
 YESTERDAY
  MAXIMUM         96    451 PM 101    2012  91      5       88
                                      1949
  MINIMUM         58    325 AM  49    2005  61     -3       58
                                      1980
  AVERAGE         77                        76      1       73

PRECIPITATION (IN)
  YESTERDAY        0.00          2.57 1970   0.10  -0.10     0.00
  MONTH TO DATE    1.64                      2.60  -0.96     0.21
  SINCE JAN 1     18.73                     12.54   6.19     8.63

DEGREE DAYS
 HEATING
  YESTERDAY        0                         0      0        0
  MONTH TO DATE    7                         0      7        9
  SINCE JUN 1      7                        59    -52       64
  SINCE JUL 1      7                         0      7        9

 COOLING
  YESTERDAY       12                        11      1        8
  MONTH TO DATE  221                       277    -56      237
  SINCE JUN 1    330                       414    -84      305
  SINCE JAN 1    330                       436   -106      321
..................................................................


WIND (MPH)
  HIGHEST WIND SPEED    24   HIGHEST WIND DIRECTION    NW (320)
  HIGHEST GUST SPEED    31   HIGHEST GUST DIRECTION    NW (320)
  AVERAGE WIND SPEED    11.0


SKY COVER
  AVERAGE SKY COVER 0.0


WEATHER CONDITIONS
 THE FOLLOWING WEATHER WAS RECORDED YESTERDAY.
  NO SIGNIFICANT WEATHER WAS OBSERVED.


RELATIVE HUMIDITY (PERCENT)
 HIGHEST   100           300 AM
 LOWEST     21           400 PM
 AVERAGE    61

..........................................................


THE SIDNEY NE AIRPORT CLIMATE NORMALS FOR TODAY
                         NORMAL    RECORD    YEAR
 MAXIMUM TEMPERATURE (F)   91       100      1959
 MINIMUM TEMPERATURE (F)   61        46      1971


SUNRISE AND SUNSET
JULY 28 2015..........SUNRISE   544 AM MDT   SUNSET   813 PM MDT
JULY 29 2015..........SUNRISE   545 AM MDT   SUNSET   812 PM MDT


-  INDICATES NEGATIVE NUMBERS.
R  INDICATES RECORD WAS SET OR TIED.
MM INDICATES DATA IS MISSING.
T  INDICATES TRACE AMOUNT.




$$
