000
CDUS45 KPUB 031047
CLISPD


CLIMATE REPORT
NATIONAL WEATHER SERVICE PUEBLO
447 AM MDT MON AUG 3 2015


...................................

...THE SPRINGFIELD CO CLIMATE SUMMARY FOR AUGUST 2 2015...

CLIMATE NORMAL PERIOD 1981 TO 2010
CLIMATE RECORD PERIOD 9999 TO 9999


WEATHER ITEM   OBSERVED TIME   NORMAL DEPARTURE LAST
                VALUE   (LST)  VALUE  FROM      YEAR
                                      NORMAL
......................................................
TEMPERATURE (F)
 YESTERDAY
  MAXIMUM         94    135 PM  90      4       82
  MINIMUM         63    150 AM  62      1       59
  AVERAGE         79                            71

PRECIPITATION (IN)
  YESTERDAY        0.00          0.10  -0.10     0.00
  MONTH TO DATE    0.00          0.20  -0.20     0.00
  SINCE JUN 1      4.08          5.53  -1.45     5.52
  SINCE JAN 1     11.65         11.10   0.55     9.41

DEGREE DAYS
 HEATING
  YESTERDAY        0             0      0        0
  MONTH TO DATE    0             0      0        0
  SINCE JUN 1      0            23    -23       28
  SINCE JUL 1      0             2     -2        6

 COOLING
  YESTERDAY       14            11      3        6
  MONTH TO DATE   25            22      3       10
  SINCE JUN 1    605           579     26      547
  SINCE JAN 1    606           633    -27      605
......................................................


WIND (MPH)
  HIGHEST WIND SPEED    17   HIGHEST WIND DIRECTION     E (90)
  HIGHEST GUST SPEED    22   HIGHEST GUST DIRECTION    NE (60)
  AVERAGE WIND SPEED     7.7


SKY COVER
  POSSIBLE SUNSHINE  MM



RELATIVE HUMIDITY (PERCENT)
 HIGHEST   100           400 AM
 LOWEST     21           200 PM
 AVERAGE    61

..........................................................


THE SPRINGFIELD CO CLIMATE NORMALS FOR TODAY
                         NORMAL    RECORD    YEAR
 MAXIMUM TEMPERATURE (F)   89        MM        MM
 MINIMUM TEMPERATURE (F)   62        MM        MM


SUNRISE AND SUNSET
AUGUST  3 2015........SUNRISE   557 AM MDT   SUNSET   756 PM MDT
AUGUST  4 2015........SUNRISE   557 AM MDT   SUNSET   755 PM MDT


-  INDICATES NEGATIVE NUMBERS.
R  INDICATES RECORD WAS SET OR TIED.
MM INDICATES DATA IS MISSING.
T  INDICATES TRACE AMOUNT.




$$
