000
CDUS45 KPUB 171125
CLISPD


CLIMATE REPORT
NATIONAL WEATHER SERVICE PUEBLO
425 AM MST WED DEC 17 2014


...................................

...THE SPRINGFIELD CO CLIMATE SUMMARY FOR DECEMBER 16 2014...

CLIMATE NORMAL PERIOD 1981 TO 2010
CLIMATE RECORD PERIOD 9999 TO 9999


WEATHER ITEM   OBSERVED TIME   NORMAL DEPARTURE LAST
                VALUE   (LST)  VALUE  FROM      YEAR
                                      NORMAL
......................................................
TEMPERATURE (F)
 YESTERDAY
  MAXIMUM         48    146 PM  46      2       66
  MINIMUM         18    615 AM  18      0       30
  AVERAGE         33                            48

PRECIPITATION (IN)
  YESTERDAY        0.00          0.01  -0.01     0.00
  MONTH TO DATE    0.55          0.30   0.25     0.00
  SINCE DEC 1      0.55          0.30   0.25     0.00
  SINCE JAN 1     13.91         17.34  -3.43    14.25

DEGREE DAYS
 HEATING
  YESTERDAY       32            33     -1       17
  MONTH TO DATE  419           507    -88      571
  SINCE DEC 1    419           507    -88      571
  SINCE JUL 1   1551          1653   -102     1683

 COOLING
  YESTERDAY        0             0      0        0
  MONTH TO DATE    0             0      0        0
  SINCE DEC 1      0             0      0        0
  SINCE JAN 1   1042          1028     14     1358
......................................................


WIND (MPH)
  HIGHEST WIND SPEED    25   HIGHEST WIND DIRECTION     S (180)
  HIGHEST GUST SPEED    32   HIGHEST GUST DIRECTION     S (170)
  AVERAGE WIND SPEED    13.8


SKY COVER
  POSSIBLE SUNSHINE  MM



RELATIVE HUMIDITY (PERCENT)
 HIGHEST    92           100 AM
 LOWEST     39           100 PM
 AVERAGE    66

..........................................................


THE SPRINGFIELD CO CLIMATE NORMALS FOR TODAY
                         NORMAL    RECORD    YEAR
 MAXIMUM TEMPERATURE (F)   46        MM        MM
 MINIMUM TEMPERATURE (F)   18        MM        MM


SUNRISE AND SUNSET
DECEMBER 17 2014......SUNRISE   658 AM MST   SUNSET   435 PM MST
DECEMBER 18 2014......SUNRISE   659 AM MST   SUNSET   435 PM MST


-  INDICATES NEGATIVE NUMBERS.
R  INDICATES RECORD WAS SET OR TIED.
MM INDICATES DATA IS MISSING.
T  INDICATES TRACE AMOUNT.




$$
