000
CDUS45 KPUB 201203
CLISPD


CLIMATE REPORT
NATIONAL WEATHER SERVICE PUEBLO
502 AM MST FRI JAN 20 2017


...................................

...THE SPRINGFIELD CO CLIMATE SUMMARY FOR JANUARY 19 2017...

CLIMATE NORMAL PERIOD 1981 TO 2010
CLIMATE RECORD PERIOD 9999 TO 9999


WEATHER ITEM   OBSERVED TIME   NORMAL DEPARTURE LAST
                VALUE   (LST)  VALUE  FROM      YEAR
                                      NORMAL
......................................................
TEMPERATURE (F)
 YESTERDAY
  MAXIMUM         54    236 PM  47      7       45
  MINIMUM         24   1257 AM  18      6       17
  AVERAGE         39                            31

PRECIPITATION (IN)
  YESTERDAY        0.00          0.01  -0.01     0.00
  MONTH TO DATE    0.17          0.17   0.00     0.12
  SINCE DEC 1      0.24          0.68  -0.44     0.21
  SINCE JAN 1      0.17          0.17   0.00     0.12

DEGREE DAYS
 HEATING
  YESTERDAY       26            33     -7       34
  MONTH TO DATE  667           632     35      657
  SINCE DEC 1   1760          1644    116     1634
  SINCE JUL 1   2577          2790   -213     2639

 COOLING
  YESTERDAY        0             0      0        0
  MONTH TO DATE    0             0      0        0
  SINCE DEC 1      0             0      0        0
  SINCE JAN 1      0             0      0        0
......................................................


WIND (MPH)
  HIGHEST WIND SPEED    22   HIGHEST WIND DIRECTION    NW (310)
  HIGHEST GUST SPEED    26   HIGHEST GUST DIRECTION    NW (310)
  AVERAGE WIND SPEED     9.6


SKY COVER
  POSSIBLE SUNSHINE  MM



RELATIVE HUMIDITY (PERCENT)
 HIGHEST   100           800 PM
 LOWEST     24           400 PM
 AVERAGE    62

..........................................................


THE SPRINGFIELD CO CLIMATE NORMALS FOR TODAY
                         NORMAL    RECORD    YEAR
 MAXIMUM TEMPERATURE (F)   47        MM        MM
 MINIMUM TEMPERATURE (F)   18        MM        MM


SUNRISE AND SUNSET
JANUARY 20 2017.......SUNRISE   701 AM MST   SUNSET   502 PM MST
JANUARY 21 2017.......SUNRISE   701 AM MST   SUNSET   503 PM MST


-  INDICATES NEGATIVE NUMBERS.
R  INDICATES RECORD WAS SET OR TIED.
MM INDICATES DATA IS MISSING.
T  INDICATES TRACE AMOUNT.




$$
