000
CDUS45 KPUB 041051
CLISPD


CLIMATE REPORT
NATIONAL WEATHER SERVICE PUEBLO
451 AM MDT SAT JUL 4 2015


...................................

...THE SPRINGFIELD CO CLIMATE SUMMARY FOR JULY 3 2015...

CLIMATE NORMAL PERIOD 1981 TO 2010
CLIMATE RECORD PERIOD 9999 TO 9999


WEATHER ITEM   OBSERVED TIME   NORMAL DEPARTURE LAST
                VALUE   (LST)  VALUE  FROM      YEAR
                                      NORMAL
......................................................
TEMPERATURE (F)
 YESTERDAY
  MAXIMUM         89   1206 PM  91     -2       86
  MINIMUM         61    517 AM  60      1       61
  AVERAGE         75                            74

PRECIPITATION (IN)
  YESTERDAY        0.00          0.09  -0.09     0.00
  MONTH TO DATE    0.11          0.27  -0.16     0.05
  SINCE JUN 1      0.97          2.77  -1.80     1.98
  SINCE JAN 1      8.54          8.34   0.20     5.87

DEGREE DAYS
 HEATING
  YESTERDAY        0             0      0        0
  MONTH TO DATE    0             0      0        0
  SINCE JUN 1      0            21    -21       22
  SINCE JUL 1      0             0      0        0

 COOLING
  YESTERDAY       10            11     -1        9
  MONTH TO DATE   35            31      4       15
  SINCE JUN 1    282           239     43      234
  SINCE JAN 1    283           293    -10      292
......................................................


WIND (MPH)
  HIGHEST WIND SPEED    25   HIGHEST WIND DIRECTION    SE (150)
  HIGHEST GUST SPEED    32   HIGHEST GUST DIRECTION    SE (150)
  AVERAGE WIND SPEED    10.1


SKY COVER
  POSSIBLE SUNSHINE  MM



RELATIVE HUMIDITY (PERCENT)
 HIGHEST   100           100 AM
 LOWEST     31           100 PM
 AVERAGE    66

..........................................................


THE SPRINGFIELD CO CLIMATE NORMALS FOR TODAY
                         NORMAL    RECORD    YEAR
 MAXIMUM TEMPERATURE (F)   91        MM        MM
 MINIMUM TEMPERATURE (F)   60        MM        MM


SUNRISE AND SUNSET
JULY  4 2015..........SUNRISE   535 AM MDT   SUNSET   814 PM MDT
JULY  5 2015..........SUNRISE   536 AM MDT   SUNSET   814 PM MDT


-  INDICATES NEGATIVE NUMBERS.
R  INDICATES RECORD WAS SET OR TIED.
MM INDICATES DATA IS MISSING.
T  INDICATES TRACE AMOUNT.




$$
