000
CDUS43 KILX 010631
CLISPI


CLIMATE REPORT
NATIONAL WEATHER SERVICE LINCOLN IL
130 AM CDT MON SEP 1 2014


...................................

...THE SPRINGFIELD IL CLIMATE SUMMARY FOR AUGUST 31 2014...

CLIMATE NORMAL PERIOD 1981 TO 2010
CLIMATE RECORD PERIOD 1879 TO 2014


WEATHER ITEM   OBSERVED TIME   RECORD YEAR NORMAL DEPARTURE LAST
                VALUE   (LST)  VALUE       VALUE  FROM      YEAR
                                                  NORMAL
..................................................................
TEMPERATURE (F)
 YESTERDAY
  MAXIMUM         87    442 PM  99    2011  84      3       93
                                      1943
  MINIMUM         72    628 AM  46    1967  61     11       72
                                      1915
  AVERAGE         80                        72      8       83

PRECIPITATION (IN)
  YESTERDAY        0.00          3.28 2003   0.11  -0.11     0.00
  MONTH TO DATE    6.64                      3.24   3.40     0.34
  SINCE JUN 1     18.04                     11.64   6.40     5.65
  SINCE JAN 1     32.33                     25.65   6.68    30.67

SNOWFALL (IN)
  YESTERDAY        0.0           0.0    MM   0.0    0.0      0.0
  MONTH TO DATE    0.0                       0.0    0.0      0.0
  SINCE JUN 1      0.0                       0.0    0.0      0.0
  SINCE JUL 1      0.0                       0.0    0.0      0.0
  SNOW DEPTH       0

DEGREE DAYS
 HEATING
  YESTERDAY        0                         0      0        0
  MONTH TO DATE    0                         0      0        5
  SINCE JUN 1      3                        20    -17       23
  SINCE JUL 1      3                         5     -2       11

 COOLING
  YESTERDAY       15                         8      7       18
  MONTH TO DATE  339                       291     48      266
  SINCE JUN 1    857                       866     -9      814
  SINCE JAN 1   1033                       970     63      940
..................................................................


WIND (MPH)
  HIGHEST WIND SPEED    13   HIGHEST WIND DIRECTION     S (170)
  HIGHEST GUST SPEED    17   HIGHEST GUST DIRECTION     S (170)
  AVERAGE WIND SPEED     7.1


SKY COVER
  POSSIBLE SUNSHINE  MM
  AVERAGE SKY COVER 0.4


WEATHER CONDITIONS
 THE FOLLOWING WEATHER WAS RECORDED YESTERDAY.
  FOG


RELATIVE HUMIDITY (PERCENT)
 HIGHEST    93          1200 AM
 LOWEST     57           400 PM
 AVERAGE    75

..........................................................


THE SPRINGFIELD IL CLIMATE NORMALS FOR TODAY
                         NORMAL    RECORD    YEAR
 MAXIMUM TEMPERATURE (F)   84       102      2011
 MINIMUM TEMPERATURE (F)   61        43      1967


SUNRISE AND SUNSET
SEPTEMBER  1 2014.....SUNRISE   627 AM CDT   SUNSET   730 PM CDT
SEPTEMBER  2 2014.....SUNRISE   628 AM CDT   SUNSET   728 PM CDT


-  INDICATES NEGATIVE NUMBERS.
R  INDICATES RECORD WAS SET OR TIED.
MM INDICATES DATA IS MISSING.
T  INDICATES TRACE AMOUNT.




$$
