000
CDUS43 KILX 290703
CLISPI


CLIMATE REPORT
NATIONAL WEATHER SERVICE LINCOLN IL
202 AM CDT SAT AUG 29 2015


...................................

...THE SPRINGFIELD IL CLIMATE SUMMARY FOR AUGUST 28 2015...

CLIMATE NORMAL PERIOD 1981 TO 2010
CLIMATE RECORD PERIOD 1879 TO 2015


WEATHER ITEM   OBSERVED TIME   RECORD YEAR NORMAL DEPARTURE LAST
                VALUE   (LST)  VALUE       VALUE  FROM      YEAR
                                                  NORMAL
..................................................................
TEMPERATURE (F)
 YESTERDAY
  MAXIMUM         82   1225 PM  97    2007  84     -2       88
                                      1984
  MINIMUM         57    459 AM  44    1986  62     -5       69
  AVERAGE         70                        73     -3       79

PRECIPITATION (IN)
  YESTERDAY        0.00          2.49 2014   0.10  -0.10     2.49
                                      1974
  MONTH TO DATE    1.54                      2.93  -1.39     6.61
  SINCE JUN 1     14.84                     11.33   3.51    18.01
  SINCE JAN 1     27.75                     25.34   2.41    32.30

SNOWFALL (IN)
  YESTERDAY        0.0           0.0    MM   0.0    0.0      0.0
  MONTH TO DATE    0.0                       0.0    0.0      0.0
  SINCE JUN 1      0.0                       0.0    0.0      0.0
  SINCE JUL 1      0.0                       0.0    0.0      0.0
  SNOW DEPTH       0

DEGREE DAYS
 HEATING
  YESTERDAY        0                         0      0        0
  MONTH TO DATE    2                         0      2        0
  SINCE JUN 1      9                        16     -7        3
  SINCE JUL 1      6                         1      5        3

 COOLING
  YESTERDAY        5                         8     -3       14
  MONTH TO DATE  229                       267    -38      294
  SINCE JUN 1    891                       842     49      812
  SINCE JAN 1   1057                       946    111      988
..................................................................


WIND (MPH)
  HIGHEST WIND SPEED    18   HIGHEST WIND DIRECTION     S (160)
  HIGHEST GUST SPEED    23   HIGHEST GUST DIRECTION    SE (130)
  AVERAGE WIND SPEED     7.6


SKY COVER
  POSSIBLE SUNSHINE  MM
  AVERAGE SKY COVER 0.0


WEATHER CONDITIONS
 THE FOLLOWING WEATHER WAS RECORDED YESTERDAY.
  NO SIGNIFICANT WEATHER WAS OBSERVED.


RELATIVE HUMIDITY (PERCENT)
 HIGHEST    93           100 AM
 LOWEST     49           100 PM
 AVERAGE    71

..........................................................


THE SPRINGFIELD IL CLIMATE NORMALS FOR TODAY
                         NORMAL    RECORD    YEAR
 MAXIMUM TEMPERATURE (F)   84        99      1984
 MINIMUM TEMPERATURE (F)   62        43      1986


SUNRISE AND SUNSET
AUGUST 29 2015........SUNRISE   624 AM CDT   SUNSET   735 PM CDT
AUGUST 30 2015........SUNRISE   625 AM CDT   SUNSET   734 PM CDT


-  INDICATES NEGATIVE NUMBERS.
R  INDICATES RECORD WAS SET OR TIED.
MM INDICATES DATA IS MISSING.
T  INDICATES TRACE AMOUNT.




$$
