000
CDUS43 KILX 250635
CLISPI


CLIMATE REPORT
NATIONAL WEATHER SERVICE LINCOLN IL
130 AM CDT TUE JUL 25 2017


...................................

...THE SPRINGFIELD IL CLIMATE SUMMARY FOR JULY 24 2017...

CLIMATE NORMAL PERIOD 1981 TO 2010
CLIMATE RECORD PERIOD 1879 TO 2017


WEATHER ITEM   OBSERVED TIME   RECORD YEAR NORMAL DEPARTURE LAST
                VALUE   (LST)  VALUE       VALUE  FROM      YEAR
                                                  NORMAL
..................................................................
TEMPERATURE (F)
 YESTERDAY
  MAXIMUM         83    429 PM 107    1934  86     -3       94
  MINIMUM         68    536 AM  50    2000  65      3       74
  AVERAGE         76                        76      0       84

PRECIPITATION (IN)
  YESTERDAY        0.00          3.27 2016   0.13  -0.13     3.27
  MONTH TO DATE    3.03                      3.12  -0.09     8.54
  SINCE JUN 1      4.60                      7.58  -2.98    10.47
  SINCE JAN 1     21.32                     21.59  -0.27    24.06

SNOWFALL (IN)
  YESTERDAY        0.0           0.0    MM   0.0    0.0      0.0
  MONTH TO DATE    0.0                       0.0    0.0      0.0
  SINCE JUN 1      0.0                       0.0    0.0      0.0
  SINCE JUL 1      0.0                       0.0    0.0      0.0
  SNOW DEPTH       0

DEGREE DAYS
 HEATING
  YESTERDAY        0                         0      0        0
  MONTH TO DATE    0                         0      0        1
  SINCE JUN 1      2                        15    -13        1
  SINCE JUL 1      0                         0      0        1

 COOLING
  YESTERDAY       11                        11      0       19
  MONTH TO DATE  354                       264     90      304
  SINCE JUN 1    673                       504    169      671
  SINCE JAN 1    817                       608    209      796
..................................................................


WIND (MPH)
  HIGHEST WIND SPEED    16   HIGHEST WIND DIRECTION    NE (30)
  HIGHEST GUST SPEED    18   HIGHEST GUST DIRECTION    NE (30)
  AVERAGE WIND SPEED     7.7


SKY COVER
  POSSIBLE SUNSHINE  MM
  AVERAGE SKY COVER 0.3


WEATHER CONDITIONS
 THE FOLLOWING WEATHER WAS RECORDED YESTERDAY.
  NO SIGNIFICANT WEATHER WAS OBSERVED.


RELATIVE HUMIDITY (PERCENT)
 HIGHEST    93           400 AM
 LOWEST     65           200 PM
 AVERAGE    79

..........................................................


THE SPRINGFIELD IL CLIMATE NORMALS FOR TODAY
                         NORMAL    RECORD    YEAR
 MAXIMUM TEMPERATURE (F)   86       103      2012
                                             1936
 MINIMUM TEMPERATURE (F)   65        54      2013
                                             2000
                                             1991


SUNRISE AND SUNSET
JULY 25 2017..........SUNRISE   551 AM CDT   SUNSET   819 PM CDT
JULY 26 2017..........SUNRISE   552 AM CDT   SUNSET   818 PM CDT


-  INDICATES NEGATIVE NUMBERS.
R  INDICATES RECORD WAS SET OR TIED.
MM INDICATES DATA IS MISSING.
T  INDICATES TRACE AMOUNT.




$$
