000
CDUS43 KILX 290646
CLISPI


CLIMATE REPORT
NATIONAL WEATHER SERVICE LINCOLN IL
144 AM CDT FRI AUG 29 2014


...................................

...THE SPRINGFIELD IL CLIMATE SUMMARY FOR AUGUST 28 2014...

CLIMATE NORMAL PERIOD 1981 TO 2010
CLIMATE RECORD PERIOD 1879 TO 2014


WEATHER ITEM   OBSERVED TIME   RECORD YEAR NORMAL DEPARTURE LAST
                VALUE   (LST)  VALUE       VALUE  FROM      YEAR
                                                  NORMAL
..................................................................
TEMPERATURE (F)
 YESTERDAY
  MAXIMUM         88    310 PM  97    2007  84      4       92
                                      1984
  MINIMUM         69    545 AM  44    1986  62      7       69
  AVERAGE         79                        73      6       81

PRECIPITATION (IN)
  YESTERDAY        2.49R         2.49 1974   0.10   2.39     0.00
  MONTH TO DATE    6.61                      2.93   3.68     0.34
  SINCE JUN 1     18.01                     11.33   6.68     5.65
  SINCE JAN 1     32.30                     25.34   6.96    30.67

SNOWFALL (IN)
  YESTERDAY        0.0           0.0    MM   0.0    0.0      0.0
  MONTH TO DATE    0.0                       0.0    0.0      0.0
  SINCE JUN 1      0.0                       0.0    0.0      0.0
  SINCE JUL 1      0.0                       0.0    0.0      0.0
  SNOW DEPTH       0

DEGREE DAYS
 HEATING
  YESTERDAY        0                         0      0        0
  MONTH TO DATE    0                         0      0        5
  SINCE JUN 1      3                        16    -13       23
  SINCE JUL 1      3                         1      2       11

 COOLING
  YESTERDAY       14                         8      6       16
  MONTH TO DATE  294                       267     27      215
  SINCE JUN 1    812                       842    -30      763
  SINCE JAN 1    988                       946     42      889
..................................................................


WIND (MPH)
  HIGHEST WIND SPEED    23   HIGHEST WIND DIRECTION    NE (30)
  HIGHEST GUST SPEED    33   HIGHEST GUST DIRECTION    NE (40)
  AVERAGE WIND SPEED     8.4


SKY COVER
  POSSIBLE SUNSHINE  MM
  AVERAGE SKY COVER 0.4


WEATHER CONDITIONS
 THE FOLLOWING WEATHER WAS RECORDED YESTERDAY.
  THUNDERSTORM
  HEAVY RAIN
  RAIN
  LIGHT RAIN
  FOG
  HAZE


RELATIVE HUMIDITY (PERCENT)
 HIGHEST   100           900 PM
 LOWEST     61           100 PM
 AVERAGE    81

..........................................................


THE SPRINGFIELD IL CLIMATE NORMALS FOR TODAY
                         NORMAL    RECORD    YEAR
 MAXIMUM TEMPERATURE (F)   84        99      1984
 MINIMUM TEMPERATURE (F)   62        43      1986


SUNRISE AND SUNSET
AUGUST 29 2014........SUNRISE   624 AM CDT   SUNSET   735 PM CDT
AUGUST 30 2014........SUNRISE   625 AM CDT   SUNSET   733 PM CDT


-  INDICATES NEGATIVE NUMBERS.
R  INDICATES RECORD WAS SET OR TIED.
MM INDICATES DATA IS MISSING.
T  INDICATES TRACE AMOUNT.




$$
