000
CDUS43 KILX 262303
CLISPI


CLIMATE REPORT
NATIONAL WEATHER SERVICE LINCOLN IL
502 PM CST MON JAN 26 2015


...................................

...THE SPRINGFIELD IL CLIMATE SUMMARY FOR JANUARY 26 2015...
VALID TODAY AS OF 0400 PM LOCAL TIME.

CLIMATE NORMAL PERIOD 1981 TO 2010
CLIMATE RECORD PERIOD 1879 TO 2015


WEATHER ITEM   OBSERVED TIME   RECORD YEAR NORMAL DEPARTURE LAST
                VALUE   (LST)  VALUE       VALUE  FROM      YEAR
                                                  NORMAL
..................................................................
TEMPERATURE (F)
 TODAY
  MAXIMUM         32    359 PM  66    1911  35     -3       49
  MINIMUM         20    539 AM  -9    1897  19      1       17
  AVERAGE         26                        27     -1       33

PRECIPITATION (IN)
  TODAY            0.03          1.31 1967   0.05  -0.02      T
  MONTH TO DATE    1.17                      1.55  -0.38     2.11
  SINCE DEC 1      3.12                      4.07  -0.95     3.71
  SINCE JAN 1      1.17                      1.55  -0.38     2.11

SNOWFALL (IN)
  TODAY            0.2           3.5  1997   0.2    0.0       T
  MONTH TO DATE    3.3                       5.3   -2.0     15.9
  SINCE DEC 1      3.8                      10.9   -7.1     24.1
  SINCE JUL 1      7.5                      11.5   -4.0     24.8
  SNOW DEPTH       0

DEGREE DAYS
 HEATING
  TODAY           39                        38      1       32
  MONTH TO DATE 1002                       995      7     1115
  SINCE DEC 1   1938                      2067   -129     2279
  SINCE JUL 1   3174                      3135     39     3461

 COOLING
  TODAY            0                         0      0        0
  MONTH TO DATE    0                         0      0        0
  SINCE DEC 1      0                         0      0        0
  SINCE JAN 1      0                         0      0        0
..................................................................


WIND (MPH)
  HIGHEST WIND SPEED    14   HIGHEST WIND DIRECTION    NW (330)
  HIGHEST GUST SPEED    17   HIGHEST GUST DIRECTION    NW (330)
  AVERAGE WIND SPEED     7.6


SKY COVER
  POSSIBLE SUNSHINE  MM
  AVERAGE SKY COVER 0.5


WEATHER CONDITIONS
 THE FOLLOWING WEATHER WAS RECORDED TODAY.
  HEAVY SNOW
  SNOW
  LIGHT SNOW
  FOG
  FOG W/VISIBILITY <= 1/4 MILE


RELATIVE HUMIDITY (PERCENT)
 HIGHEST    85           100 PM
 LOWEST     74           200 AM
 AVERAGE    80

..........................................................


THE SPRINGFIELD IL CLIMATE NORMALS FOR TOMORROW
                         NORMAL    RECORD    YEAR
 MAXIMUM TEMPERATURE (F)   35        65      1944
 MINIMUM TEMPERATURE (F)   19       -10      1963
                                             1936


SUNRISE AND SUNSET
JANUARY 26 2015.......SUNRISE   712 AM CST   SUNSET   511 PM CST
JANUARY 27 2015.......SUNRISE   711 AM CST   SUNSET   512 PM CST


-  INDICATES NEGATIVE NUMBERS.
R  INDICATES RECORD WAS SET OR TIED.
MM INDICATES DATA IS MISSING.
T  INDICATES TRACE AMOUNT.




$$
