000
CDUS43 KILX 210633
CLISPI


CLIMATE REPORT
NATIONAL WEATHER SERVICE LINCOLN IL
1233 AM CST TUE NOV 21 2017


...................................

...THE SPRINGFIELD IL CLIMATE SUMMARY FOR NOVEMBER 20 2017...

CLIMATE NORMAL PERIOD 1981 TO 2010
CLIMATE RECORD PERIOD 1879 TO 2017


WEATHER ITEM   OBSERVED TIME   RECORD YEAR NORMAL DEPARTURE LAST
                VALUE   (LST)  VALUE       VALUE  FROM      YEAR
                                                  NORMAL
..................................................................
TEMPERATURE (F)
 YESTERDAY
  MAXIMUM         59    145 PM  76    1942  50      9       43
  MINIMUM         33    114 AM  10    1914  32      1       24
  AVERAGE         46                        41      5       34

PRECIPITATION (IN)
  YESTERDAY        0.00          1.23 1931   0.12  -0.12     0.00
  MONTH TO DATE    0.71                      2.13  -1.42     0.69
  SINCE SEP 1      5.96                      8.18  -2.22     4.56
  SINCE JAN 1     31.00                     33.83  -2.83    40.41

SNOWFALL (IN)
  YESTERDAY        0.0           0.3  1895   0.0    0.0      0.0
  MONTH TO DATE    T                         0.2   -0.2      0.0
  SINCE SEP 1      T                         0.2   -0.2      0.0
  SINCE JUL 1      T                         0.2   -0.2      0.0
  SNOW DEPTH       0

DEGREE DAYS
 HEATING
  YESTERDAY       19                        24     -5       31
  MONTH TO DATE  408                       390     18      259
  SINCE SEP 1    669                       795   -126      432
  SINCE JUL 1    669                       800   -131      433

 COOLING
  YESTERDAY        0                         0      0        0
  MONTH TO DATE    0                         0      0       18
  SINCE SEP 1    289                       151    138      350
  SINCE JAN 1   1401                      1121    280     1626
..................................................................


WIND (MPH)
  HIGHEST WIND SPEED    26   HIGHEST WIND DIRECTION     S (180)
  HIGHEST GUST SPEED    34   HIGHEST GUST DIRECTION    SW (210)
  AVERAGE WIND SPEED    16.5


SKY COVER
  POSSIBLE SUNSHINE  MM
  AVERAGE SKY COVER 0.0


WEATHER CONDITIONS
 THE FOLLOWING WEATHER WAS RECORDED YESTERDAY.
  NO SIGNIFICANT WEATHER WAS OBSERVED.


RELATIVE HUMIDITY (PERCENT)
 HIGHEST    69           200 AM
 LOWEST     38           400 PM
 AVERAGE    54

..........................................................


THE SPRINGFIELD IL CLIMATE NORMALS FOR TODAY
                         NORMAL    RECORD    YEAR
 MAXIMUM TEMPERATURE (F)   49        75      1913
 MINIMUM TEMPERATURE (F)   32         6      1880


SUNRISE AND SUNSET
NOVEMBER 21 2017......SUNRISE   651 AM CST   SUNSET   438 PM CST
NOVEMBER 22 2017......SUNRISE   652 AM CST   SUNSET   438 PM CST


-  INDICATES NEGATIVE NUMBERS.
R  INDICATES RECORD WAS SET OR TIED.
MM INDICATES DATA IS MISSING.
T  INDICATES TRACE AMOUNT.




$$
