000
CDUS43 KILX 240654
CLISPI


CLIMATE REPORT
NATIONAL WEATHER SERVICE LINCOLN IL
152 AM CDT THU JUL 24 2014


...................................

...THE SPRINGFIELD IL CLIMATE SUMMARY FOR JULY 23 2014...

CLIMATE NORMAL PERIOD 1981 TO 2010
CLIMATE RECORD PERIOD 1879 TO 2014


WEATHER ITEM   OBSERVED TIME   RECORD YEAR NORMAL DEPARTURE LAST
                VALUE   (LST)  VALUE       VALUE  FROM      YEAR
                                                  NORMAL
..................................................................
TEMPERATURE (F)
 YESTERDAY
  MAXIMUM         82    238 PM 104    1934  86     -4       87
  MINIMUM         60   1159 PM  54    2007  65     -5       66
                                      1985
                                      1947
  AVERAGE         71                        76     -5       77

PRECIPITATION (IN)
  YESTERDAY        0.00          2.62 1917   0.13  -0.13     0.03
  MONTH TO DATE    1.07                      2.99  -1.92     1.30
  SINCE JUN 1      9.94                      7.45   2.49     3.35
  SINCE JAN 1     24.23                     21.46   2.77    28.37

SNOWFALL (IN)
  YESTERDAY        0.0           0.0    MM   0.0    0.0      0.0
  MONTH TO DATE    0.0                       0.0    0.0      0.0
  SINCE JUN 1      0.0                       0.0    0.0      0.0
  SINCE JUL 1      0.0                       0.0    0.0      0.0
  SNOW DEPTH       0

DEGREE DAYS
 HEATING
  YESTERDAY        0                         0      0        0
  MONTH TO DATE    3                         0      3        0
  SINCE JUN 1      3                        15    -12       12
  SINCE JUL 1      3                         0      3        0

 COOLING
  YESTERDAY        6                        11     -5       12
  MONTH TO DATE  168                       253    -85      272
  SINCE JUN 1    474                       493    -19      530
  SINCE JAN 1    650                       597     53      656
..................................................................


WIND (MPH)
  HIGHEST WIND SPEED    22   HIGHEST WIND DIRECTION    NE (50)
  HIGHEST GUST SPEED    27   HIGHEST GUST DIRECTION    NE (50)
  AVERAGE WIND SPEED    10.0


SKY COVER
  POSSIBLE SUNSHINE  MM
  AVERAGE SKY COVER 0.4


WEATHER CONDITIONS
 THE FOLLOWING WEATHER WAS RECORDED YESTERDAY.
  NO SIGNIFICANT WEATHER WAS OBSERVED.


RELATIVE HUMIDITY (PERCENT)
 HIGHEST    94           500 AM
 LOWEST     51           100 PM
 AVERAGE    73

..........................................................


THE SPRINGFIELD IL CLIMATE NORMALS FOR TODAY
                         NORMAL    RECORD    YEAR
 MAXIMUM TEMPERATURE (F)   86       107      1934
 MINIMUM TEMPERATURE (F)   65        50      2000


SUNRISE AND SUNSET
JULY 24 2014..........SUNRISE   550 AM CDT   SUNSET   820 PM CDT
JULY 25 2014..........SUNRISE   551 AM CDT   SUNSET   819 PM CDT


-  INDICATES NEGATIVE NUMBERS.
R  INDICATES RECORD WAS SET OR TIED.
MM INDICATES DATA IS MISSING.
T  INDICATES TRACE AMOUNT.




$$
