000
CDUS44 KOUN 300640
CLISPS

OUNCLISPS 000
TTAA00 KOUN 300637


CLIMATE REPORT
NATIONAL WEATHER SERVICE NORMAN OK
137 AM CDT SAT JUL 30 2016


...................................

...THE WICHITA FALLS CLIMATE SUMMARY FOR JULY 29 2016...

CLIMATE NORMAL PERIOD 1981 TO 2010
CLIMATE RECORD PERIOD 1897 TO 2016


WEATHER ITEM   OBSERVED TIME   RECORD YEAR NORMAL DEPARTURE LAST
                VALUE   (LST)  VALUE       VALUE  FROM      YEAR
                                                  NORMAL
..................................................................
TEMPERATURE (F)
 YESTERDAY
  MAXIMUM         96    457 PM 108    1986  98     -2      101
                                      1980
  MINIMUM         72    613 AM  63    1969  73     -1       73
  AVERAGE         84                        85     -1       87

PRECIPITATION (IN)
  YESTERDAY        0.00          1.92 1973   0.04  -0.04     0.00
  MONTH TO DATE    1.82                      1.48   0.34     2.75
  SINCE JAN 1     21.60                     17.12   4.48    32.05

DEGREE DAYS
 COOLING
  YESTERDAY       19                        20     -1       22
  MONTH TO DATE  598                       560     38      561
  SINCE JAN 1   1315                      1315      0     1253
..................................................................


WIND (MPH)
  HIGHEST WIND SPEED    31   HIGHEST WIND DIRECTION     N (20)
  HIGHEST GUST SPEED    37   HIGHEST GUST DIRECTION     N (20)
  AVERAGE WIND SPEED     9.5


SKY COVER
  AVERAGE SKY COVER 0.1


WEATHER CONDITIONS
 THE FOLLOWING WEATHER WAS RECORDED YESTERDAY.
  NO SIGNIFICANT WEATHER WAS OBSERVED.


RELATIVE HUMIDITY (PERCENT)
 HIGHEST    87           200 AM
 LOWEST     33           100 PM
 AVERAGE    60

..........................................................


THE WICHITA FALLS CLIMATE NORMALS FOR TODAY
                         NORMAL    RECORD    YEAR
 MAXIMUM TEMPERATURE (F)   98       110      1986
                                             1980
 MINIMUM TEMPERATURE (F)   73        58      1965


SUNRISE AND SUNSET
JULY 30 2016..........SUNRISE   644 AM CDT   SUNSET   836 PM CDT
JULY 31 2016..........SUNRISE   645 AM CDT   SUNSET   835 PM CDT


-  INDICATES NEGATIVE NUMBERS.
R  INDICATES RECORD WAS SET OR TIED.
MM INDICATES DATA IS MISSING.
T  INDICATES TRACE AMOUNT.




$$
