000
CDUS44 KOUN 210635
CLISPS

CLIMATE REPORT
NATIONAL WEATHER SERVICE NORMAN OK
130 AM CDT MON APR 21 2014


...................................

...THE WICHITA FALLS CLIMATE SUMMARY FOR APRIL 20 2014...

CLIMATE NORMAL PERIOD 1981 TO 2010
CLIMATE RECORD PERIOD 1897 TO 2014


WEATHER ITEM   OBSERVED TIME   RECORD YEAR NORMAL DEPARTURE LAST
                VALUE   (LST)  VALUE       VALUE  FROM      YEAR
                                                  NORMAL
..................................................................
TEMPERATURE (F)
 YESTERDAY
  MAXIMUM         69    505 PM  95    1925  77     -8       72
  MINIMUM         60    915 PM  36    1953  51      9       43
  AVERAGE         65                        64      1       58

PRECIPITATION (IN)
  YESTERDAY        0.39          1.94 1957   0.09   0.30     0.00
  MONTH TO DATE    1.07                      1.49  -0.42     2.43
  SINCE JAN 1      3.60                      6.58  -2.98     5.64

SNOWFALL (IN)
  YESTERDAY        0.0                       0.0    0.0      0.0
  MONTH TO DATE    0.0                       0.0    0.0       T
  SINCE JUL 1      5.0                       3.9    1.1      3.5
  SNOW DEPTH       0

DEGREE DAYS
 HEATING
  YESTERDAY        0                         4     -4        7
  MONTH TO DATE  111                       115     -4      175
  SINCE JUL 1   3329                      2918    411     2752

 COOLING
  YESTERDAY        0                         3     -3        0
  MONTH TO DATE   45                        37      8       29
  SINCE JAN 1     61                        59      2       49
..................................................................


WIND (MPH)
  HIGHEST WIND SPEED    22   HIGHEST WIND DIRECTION     E (100)
  HIGHEST GUST SPEED    26   HIGHEST GUST DIRECTION    SE (150)
  AVERAGE WIND SPEED    10.0


SKY COVER
  AVERAGE SKY COVER 0.6


WEATHER CONDITIONS
 THE FOLLOWING WEATHER WAS RECORDED YESTERDAY.
  HEAVY RAIN
  RAIN
  LIGHT RAIN
  FOG


RELATIVE HUMIDITY (PERCENT)
 HIGHEST    97           900 PM
 LOWEST     63          1200 AM
 AVERAGE    80

..........................................................


THE WICHITA FALLS CLIMATE NORMALS FOR TODAY
                         NORMAL    RECORD    YEAR
 MAXIMUM TEMPERATURE (F)   77        97      1925
 MINIMUM TEMPERATURE (F)   51        34      1966


SUNRISE AND SUNSET
APRIL 21 2014.........SUNRISE   656 AM CDT   SUNSET   810 PM CDT
APRIL 22 2014.........SUNRISE   655 AM CDT   SUNSET   811 PM CDT


-  INDICATES NEGATIVE NUMBERS.
R  INDICATES RECORD WAS SET OR TIED.
MM INDICATES DATA IS MISSING.
T  INDICATES TRACE AMOUNT.




$$
