000
CDUS44 KOUN 270634
CLISPS

CLIMATE REPORT
NATIONAL WEATHER SERVICE NORMAN OK
131 AM CDT THU JUL 27 2017


...................................

...THE WICHITA FALLS CLIMATE SUMMARY FOR JULY 26 2017...

CLIMATE NORMAL PERIOD 1981 TO 2010
CLIMATE RECORD PERIOD 1897 TO 2017


WEATHER ITEM   OBSERVED TIME   RECORD YEAR NORMAL DEPARTURE LAST
                VALUE   (LST)  VALUE       VALUE  FROM      YEAR
                                                  NORMAL
..................................................................
TEMPERATURE (F)
 YESTERDAY
  MAXIMUM        101    252 PM 109    2011  98      3       97
                                      1964
  MINIMUM         75    610 AM  63    2004  73      2       74
  AVERAGE         88                        85      3       86

PRECIPITATION (IN)
  YESTERDAY        0.00          2.99 1962   0.05  -0.05      T
  MONTH TO DATE    3.14                      1.34   1.80     1.72
  SINCE JUN 1      5.60                      5.49   0.11     5.01
  SINCE JAN 1     15.92                     16.98  -1.06    21.50

SNOWFALL (IN)
  YESTERDAY        0.0

DEGREE DAYS
 HEATING
  YESTERDAY        0                         0      0        0
  MONTH TO DATE    0                         0      0        0
  SINCE JUN 1      0                         1     -1        0
  SINCE JUL 1      0                         0      0        0

 COOLING
  YESTERDAY       23                        20      3       21
  MONTH TO DATE  496                       500     -4      538
  SINCE JUN 1    911                       936    -25     1002
  SINCE JAN 1   1260                      1255      5     1255
..................................................................


WIND (MPH)
  HIGHEST WIND SPEED    21   HIGHEST WIND DIRECTION    SW (210)
  HIGHEST GUST SPEED    25   HIGHEST GUST DIRECTION     S (170)
  AVERAGE WIND SPEED    12.7


SKY COVER
  AVERAGE SKY COVER 0.3


WEATHER CONDITIONS
 THE FOLLOWING WEATHER WAS RECORDED YESTERDAY.
  NO SIGNIFICANT WEATHER WAS OBSERVED.


RELATIVE HUMIDITY (PERCENT)
 HIGHEST    74           500 AM
 LOWEST     31           300 PM
 AVERAGE    53

..........................................................


THE WICHITA FALLS CLIMATE NORMALS FOR TODAY
                         NORMAL    RECORD    YEAR
 MAXIMUM TEMPERATURE (F)   98       110      1944
 MINIMUM TEMPERATURE (F)   73        61      1994


SUNRISE AND SUNSET
JULY 27 2017..........SUNRISE   642 AM CDT   SUNSET   838 PM CDT
JULY 28 2017..........SUNRISE   643 AM CDT   SUNSET   838 PM CDT


-  INDICATES NEGATIVE NUMBERS.
R  INDICATES RECORD WAS SET OR TIED.
MM INDICATES DATA IS MISSING.
T  INDICATES TRACE AMOUNT.




$$
