000
CDUS44 KOUN 230639
CLISPS

OUNCLISPS 000
TTAA00 KOUN 230635


CLIMATE REPORT
NATIONAL WEATHER SERVICE NORMAN OK
135 AM CDT WED APR 23 2014


...................................

...THE WICHITA FALLS CLIMATE SUMMARY FOR APRIL 22 2014...

CLIMATE NORMAL PERIOD 1981 TO 2010
CLIMATE RECORD PERIOD 1897 TO 2014


WEATHER ITEM   OBSERVED TIME   RECORD YEAR NORMAL DEPARTURE LAST
                VALUE   (LST)  VALUE       VALUE  FROM      YEAR
                                                  NORMAL
..................................................................
TEMPERATURE (F)
 YESTERDAY
  MAXIMUM         80    454 PM 100    2009  78      2       81
  MINIMUM         55    615 AM  35    1931  51      4       49
  AVERAGE         68                        64      4       65

PRECIPITATION (IN)
  YESTERDAY        0.00          2.80 1915   0.10  -0.10     0.00
  MONTH TO DATE    1.41                      1.70  -0.29     2.43
  SINCE JAN 1      3.94                      6.79  -2.85     5.64

SNOWFALL (IN)
  YESTERDAY        0.0                       0.0    0.0      0.0
  MONTH TO DATE    0.0                       0.0    0.0       T
  SINCE JUL 1      5.0                       3.9    1.1      3.5
  SNOW DEPTH       0

DEGREE DAYS
 HEATING
  YESTERDAY        0                         3     -3        0
  MONTH TO DATE  111                       122    -11      179
  SINCE JUL 1   3329                      2925    404     2756

 COOLING
  YESTERDAY        3                         3      0        0
  MONTH TO DATE   54                        43     11       29
  SINCE JAN 1     70                        65      5       49
..................................................................


WIND (MPH)
  HIGHEST WIND SPEED    13   HIGHEST WIND DIRECTION     E (110)
  HIGHEST GUST SPEED    18   HIGHEST GUST DIRECTION    NE (50)
  AVERAGE WIND SPEED     7.3


SKY COVER
  AVERAGE SKY COVER 0.0


WEATHER CONDITIONS
 THE FOLLOWING WEATHER WAS RECORDED YESTERDAY.
  NO SIGNIFICANT WEATHER WAS OBSERVED.


RELATIVE HUMIDITY (PERCENT)
 HIGHEST    93           300 AM
 LOWEST     36           300 PM
 AVERAGE    65

..........................................................


THE WICHITA FALLS CLIMATE NORMALS FOR TODAY
                         NORMAL    RECORD    YEAR
 MAXIMUM TEMPERATURE (F)   78        94      2009
 MINIMUM TEMPERATURE (F)   52        36      2013


SUNRISE AND SUNSET
APRIL 23 2014.........SUNRISE   653 AM CDT   SUNSET   811 PM CDT
APRIL 24 2014.........SUNRISE   652 AM CDT   SUNSET   812 PM CDT


-  INDICATES NEGATIVE NUMBERS.
R  INDICATES RECORD WAS SET OR TIED.
MM INDICATES DATA IS MISSING.
T  INDICATES TRACE AMOUNT.




$$
