498
CDUS44 KOUN 270629 RRA
CLISPS

OUNCLISPS 000
TTAA00 KOUN 270627


CLIMATE REPORT
NATIONAL WEATHER SERVICE NORMAN OK
126 AM CDT SAT AUG 27 2016


...................................

...THE WICHITA FALLS CLIMATE SUMMARY FOR AUGUST 26 2016...

CLIMATE NORMAL PERIOD 1981 TO 2010
CLIMATE RECORD PERIOD 1897 TO 2016


WEATHER ITEM   OBSERVED TIME   RECORD YEAR NORMAL DEPARTURE LAST
                VALUE   (LST)  VALUE       VALUE  FROM      YEAR
                                                  NORMAL
..................................................................
TEMPERATURE (F)
 YESTERDAY
  MAXIMUM         96    512 PM 107    2011  95      1       95
                                      2009
  MINIMUM         69    632 AM  54    1962  70     -1       69
  AVERAGE         83                        83      0       82

PRECIPITATION (IN)
  YESTERDAY        0.00          2.57 1975   0.09  -0.09     0.00
  MONTH TO DATE    0.74                      2.03  -1.29     1.49
  SINCE JAN 1     22.34                     19.26   3.08    33.58

DEGREE DAYS
 COOLING
  YESTERDAY       18                        18      0       17
  MONTH TO DATE  487                       504    -17      495
  SINCE JAN 1   1849                      1860    -11     1792
..................................................................


WIND (MPH)
  HIGHEST WIND SPEED    30   HIGHEST WIND DIRECTION    SE (150)
  HIGHEST GUST SPEED    34   HIGHEST GUST DIRECTION    SE (150)
  AVERAGE WIND SPEED     9.6


SKY COVER
  AVERAGE SKY COVER 0.3


WEATHER CONDITIONS
 THE FOLLOWING WEATHER WAS RECORDED YESTERDAY.
  THUNDERSTORM


RELATIVE HUMIDITY (PERCENT)
 HIGHEST    90           500 AM
 LOWEST     31           200 PM
 AVERAGE    61

..........................................................


THE WICHITA FALLS CLIMATE NORMALS FOR TODAY
                         NORMAL    RECORD    YEAR
 MAXIMUM TEMPERATURE (F)   95       109      2011
 MINIMUM TEMPERATURE (F)   70        59      1962


SUNRISE AND SUNSET
AUGUST 27 2016........SUNRISE   704 AM CDT   SUNSET   805 PM CDT
AUGUST 28 2016........SUNRISE   705 AM CDT   SUNSET   804 PM CDT


-  INDICATES NEGATIVE NUMBERS.
R  INDICATES RECORD WAS SET OR TIED.
MM INDICATES DATA IS MISSING.
T  INDICATES TRACE AMOUNT.




$$
