000
CDUS44 KOUN 300640
CLISPS

CLIMATE REPORT
NATIONAL WEATHER SERVICE NORMAN OK
136 AM CDT THU JUL 30 2015


...................................

...THE WICHITA FALLS CLIMATE SUMMARY FOR JULY 29 2015...

CLIMATE NORMAL PERIOD 1981 TO 2010
CLIMATE RECORD PERIOD 1897 TO 2015


WEATHER ITEM   OBSERVED TIME   RECORD YEAR NORMAL DEPARTURE LAST
                VALUE   (LST)  VALUE       VALUE  FROM      YEAR
                                                  NORMAL
..................................................................
TEMPERATURE (F)
 YESTERDAY
  MAXIMUM        101    357 PM 108    1986  98      3       80
                                      1980
  MINIMUM         73    545 AM  63    1969  73      0       72
  AVERAGE         87                        85      2       76

PRECIPITATION (IN)
  YESTERDAY        0.00          1.92 1973   0.04  -0.04     0.02
  MONTH TO DATE    2.75                      1.48   1.27     5.11
  SINCE JAN 1     32.05                     17.12  14.93    13.35

DEGREE DAYS
 COOLING
  YESTERDAY       22                        20      2       11
  MONTH TO DATE  561                       560      1      478
  SINCE JAN 1   1253                      1315    -62     1368
..................................................................


WIND (MPH)
  HIGHEST WIND SPEED    20   HIGHEST WIND DIRECTION     E (110)
  HIGHEST GUST SPEED    22   HIGHEST GUST DIRECTION    SE (120)
  AVERAGE WIND SPEED     7.1


SKY COVER
  AVERAGE SKY COVER 0.1


WEATHER CONDITIONS
 THE FOLLOWING WEATHER WAS RECORDED YESTERDAY.
  NO SIGNIFICANT WEATHER WAS OBSERVED.


RELATIVE HUMIDITY (PERCENT)
 HIGHEST    84           600 AM
 LOWEST     33           300 PM
 AVERAGE    59

..........................................................


THE WICHITA FALLS CLIMATE NORMALS FOR TODAY
                         NORMAL    RECORD    YEAR
 MAXIMUM TEMPERATURE (F)   98       110      1986
                                             1980
 MINIMUM TEMPERATURE (F)   73        58      1965


SUNRISE AND SUNSET
JULY 30 2015..........SUNRISE   644 AM CDT   SUNSET   836 PM CDT
JULY 31 2015..........SUNRISE   645 AM CDT   SUNSET   836 PM CDT


-  INDICATES NEGATIVE NUMBERS.
R  INDICATES RECORD WAS SET OR TIED.
MM INDICATES DATA IS MISSING.
T  INDICATES TRACE AMOUNT.




$$
