000
CDUS44 KOUN 060628 RRA
CLISPS

CLIMATE REPORT
NATIONAL WEATHER SERVICE NORMAN OK
127 AM CDT FRI MAY 6 2016


...................................

...THE WICHITA FALLS CLIMATE SUMMARY FOR MAY 5 2016...

CLIMATE NORMAL PERIOD 1981 TO 2010
CLIMATE RECORD PERIOD 1897 TO 2016


WEATHER ITEM   OBSERVED TIME   RECORD YEAR NORMAL DEPARTURE LAST
                VALUE   (LST)  VALUE       VALUE  FROM      YEAR
                                                  NORMAL
..................................................................
TEMPERATURE (F)
 YESTERDAY
  MAXIMUM         83    343 PM 102    2014  81      2       68
  MINIMUM         53    618 AM  39    1979  56     -3       59
  AVERAGE         68                        68      0       64

PRECIPITATION (IN)
  YESTERDAY        0.00          4.37 1902   0.11  -0.11     2.58
  MONTH TO DATE    0.30                      0.56  -0.26     2.58
  SINCE JAN 1     10.66                      8.26   2.40    10.69

DEGREE DAYS
 COOLING
  YESTERDAY        3                         5     -2        0
  MONTH TO DATE    6                        22    -16       14
  SINCE JAN 1     74                       114    -40       94
..................................................................


WIND (MPH)
  HIGHEST WIND SPEED    12   HIGHEST WIND DIRECTION     E (100)
  HIGHEST GUST SPEED    13   HIGHEST GUST DIRECTION     E (70)
  AVERAGE WIND SPEED     4.6


SKY COVER
  AVERAGE SKY COVER 0.0


WEATHER CONDITIONS
 THE FOLLOWING WEATHER WAS RECORDED YESTERDAY.
  NO SIGNIFICANT WEATHER WAS OBSERVED.


RELATIVE HUMIDITY (PERCENT)
 HIGHEST    83           400 AM
 LOWEST     28           100 PM
 AVERAGE    56

..........................................................


THE WICHITA FALLS CLIMATE NORMALS FOR TODAY
                         NORMAL    RECORD    YEAR
 MAXIMUM TEMPERATURE (F)   81        97      2014
 MINIMUM TEMPERATURE (F)   56        42      1944
                                             1935


SUNRISE AND SUNSET
MAY  6 2016...........SUNRISE   640 AM CDT   SUNSET   822 PM CDT
MAY  7 2016...........SUNRISE   639 AM CDT   SUNSET   823 PM CDT


-  INDICATES NEGATIVE NUMBERS.
R  INDICATES RECORD WAS SET OR TIED.
MM INDICATES DATA IS MISSING.
T  INDICATES TRACE AMOUNT.




$$
