000
CDUS44 KOUN 270652 RRA
CLISPS

OUNCLISPS 000
TTAA00 KOUN 270635


CLIMATE REPORT
NATIONAL WEATHER SERVICE NORMAN OK
1235 AM CST TUE JAN 27 2015


...................................

...THE WICHITA FALLS CLIMATE SUMMARY FOR JANUARY 26 2015...

CLIMATE NORMAL PERIOD 1981 TO 2010
CLIMATE RECORD PERIOD 1897 TO 2015


WEATHER ITEM   OBSERVED TIME   RECORD YEAR NORMAL DEPARTURE LAST
                VALUE   (LST)  VALUE       VALUE  FROM      YEAR
                                                  NORMAL
..................................................................
TEMPERATURE (F)
 YESTERDAY
  MAXIMUM         74    433 PM  80    1969  55     19       68
                                      1953
  MINIMUM         33    556 AM  11    1940  30      3       39
  AVERAGE         54                        43     11       54

PRECIPITATION (IN)
  YESTERDAY        0.00          0.65 1944   0.04  -0.04     0.00
  MONTH TO DATE    1.44                      0.94   0.50      T
  SINCE JAN 1      1.44                      0.94   0.50      T

SNOWFALL (IN)
  YESTERDAY        0.0                       0.1   -0.1      0.0
  MONTH TO DATE    T                         1.2   -1.2      0.0
  SINCE JUL 1      2.3                       2.5   -0.2      0.7
  SNOW DEPTH       0

DEGREE DAYS
 HEATING
  YESTERDAY       11                        22    -11       11
  MONTH TO DATE  650                       604     46      583
  SINCE JUL 1   1752                      1801    -49     1956
..................................................................


WIND (MPH)
  HIGHEST WIND SPEED    17   HIGHEST WIND DIRECTION    SW (220)
  HIGHEST GUST SPEED    22   HIGHEST GUST DIRECTION     W (260)
  AVERAGE WIND SPEED     8.0


SKY COVER
  AVERAGE SKY COVER 0.0


WEATHER CONDITIONS
 THE FOLLOWING WEATHER WAS RECORDED YESTERDAY.
  NO SIGNIFICANT WEATHER WAS OBSERVED.


RELATIVE HUMIDITY (PERCENT)
 HIGHEST    82           600 AM
 LOWEST     27           400 PM
 AVERAGE    55

..........................................................


THE WICHITA FALLS CLIMATE NORMALS FOR TODAY
                         NORMAL    RECORD    YEAR
 MAXIMUM TEMPERATURE (F)   55        80      1969
 MINIMUM TEMPERATURE (F)   30        10      1963


SUNRISE AND SUNSET
JANUARY 27 2015.......SUNRISE   734 AM CST   SUNSET   559 PM CST
JANUARY 28 2015.......SUNRISE   734 AM CST   SUNSET   600 PM CST


-  INDICATES NEGATIVE NUMBERS.
R  INDICATES RECORD WAS SET OR TIED.
MM INDICATES DATA IS MISSING.
T  INDICATES TRACE AMOUNT.




$$
