000
CDUS44 KOUN 050041 CCA
CLISPS

CLIMATE REPORT...UPDATED SNOWFALL
NATIONAL WEATHER SERVICE NORMAN OK
516 PM CST WED MAR 4 2015


...................................

...THE WICHITA FALLS CLIMATE SUMMARY FOR MARCH 4 2015...
VALID TODAY AS OF 0500 PM LOCAL TIME.

CLIMATE NORMAL PERIOD 1981 TO 2010
CLIMATE RECORD PERIOD 1897 TO 2015


WEATHER ITEM   OBSERVED TIME   RECORD YEAR NORMAL DEPARTURE LAST
                VALUE   (LST)  VALUE       VALUE  FROM      YEAR
                                                  NORMAL
..................................................................
TEMPERATURE (F)
 TODAY
  MAXIMUM         50   1214 AM  88    1938  63    -13       54
  MINIMUM         26    515 PM  17    1978  38    -12       18
  AVERAGE         38                        51    -13       36

PRECIPITATION (IN)
  TODAY            0.17          1.15 1914   0.08   0.09     0.00
  MONTH TO DATE    0.18                      0.31  -0.13     0.04
  SINCE JAN 1      2.78                      3.20  -0.42     0.39

SNOWFALL (IN)
  TODAY            1.0                       0.0    1.0      0.0
  MONTH TO DATE    1.0                       0.1    0.9       T
  SINCE JUL 1      5.7                       3.5    2.2      5.0
  SNOW DEPTH       0

DEGREE DAYS
 HEATING
  TODAY           27                        15     12       29
  MONTH TO DATE  106                        61     45      141
  SINCE JUL 1   2545                      2507     38     2911

 COOLING
  TODAY            0                         0      0        0
  MONTH TO DATE    0                         0      0        0
  SINCE JAN 1      0                         3     -3        0
..................................................................


WIND (MPH)
  HIGHEST WIND SPEED    32   HIGHEST WIND DIRECTION     N (10)
  HIGHEST GUST SPEED    40   HIGHEST GUST DIRECTION     N (10)
  AVERAGE WIND SPEED    18.1


SKY COVER
  AVERAGE SKY COVER 1.0


WEATHER CONDITIONS
 THE FOLLOWING WEATHER WAS RECORDED TODAY.
  LIGHT RAIN
  FREEZING RAIN
  LT FREEZING RAIN
  SNOW
  LIGHT SNOW
  SLEET
  FOG
  FOG W/VISIBILITY <= 1/4 MILE
  HAZE


RELATIVE HUMIDITY (PERCENT)
 HIGHEST   100          1200 AM
 LOWEST     78          1100 AM
 AVERAGE    89

..........................................................


THE WICHITA FALLS CLIMATE NORMALS FOR TOMORROW
                         NORMAL    RECORD    YEAR
 MAXIMUM TEMPERATURE (F)   63        95      1991
 MINIMUM TEMPERATURE (F)   38        16      1989


SUNRISE AND SUNSET
MARCH  4 2015.........SUNRISE   659 AM CST   SUNSET   633 PM CST
MARCH  5 2015.........SUNRISE   658 AM CST   SUNSET   634 PM CST


-  INDICATES NEGATIVE NUMBERS.
R  INDICATES RECORD WAS SET OR TIED.
MM INDICATES DATA IS MISSING.
T  INDICATES TRACE AMOUNT.

$$
