000
CDUS44 KOUN 250631
CLISPS

CLIMATE REPORT
NATIONAL WEATHER SERVICE NORMAN OK
1229 AM CST SUN FEB 25 2018


...................................

...THE WICHITA FALLS CLIMATE SUMMARY FOR FEBRUARY 24 2018...

CLIMATE NORMAL PERIOD 1981 TO 2010
CLIMATE RECORD PERIOD 1897 TO 2018


WEATHER ITEM   OBSERVED TIME   RECORD YEAR NORMAL DEPARTURE LAST
                VALUE   (LST)  VALUE       VALUE  FROM      YEAR
                                                  NORMAL
..................................................................
TEMPERATURE (F)
 YESTERDAY
  MAXIMUM         62    604 PM  87    1956  61      1       70
  MINIMUM         38    713 AM  15    1965  36      2       37
  AVERAGE         50                        48      2       54

PRECIPITATION (IN)
  YESTERDAY        0.25          0.70 2007   0.07   0.18     0.00
  MONTH TO DATE    2.75                      1.44   1.31     2.10
  SINCE DEC 1      3.73                      4.20  -0.47     4.80
  SINCE JAN 1      2.76                      2.58   0.18     3.97

SNOWFALL (IN)
  YESTERDAY        0.0           2.2  1960   0.0    0.0      0.0
  MONTH TO DATE    1.0                       0.6    0.4      0.0
  SINCE DEC 1      1.0                       3.0   -2.0       T
  SINCE JUL 1      1.0                       3.3   -2.3       T

DEGREE DAYS
 HEATING
  YESTERDAY       15                        17     -2       11
  MONTH TO DATE  540                       472     68      268
  SINCE DEC 1   1930                      1875     55     1545
  SINCE JUL 1   2344                      2382    -38     1796

 COOLING
  YESTERDAY        0                         0      0        0
  MONTH TO DATE    9                         0      9       14
  SINCE DEC 1     10                         2      8       17
  SINCE JAN 1      9                         1      8       14
..................................................................


WIND (MPH)
  HIGHEST WIND SPEED    22   HIGHEST WIND DIRECTION     W (280)
  HIGHEST GUST SPEED    26   HIGHEST GUST DIRECTION     W (280)
  AVERAGE WIND SPEED     7.8


SKY COVER
  AVERAGE SKY COVER 0.6


WEATHER CONDITIONS
 THE FOLLOWING WEATHER WAS RECORDED YESTERDAY.
  THUNDERSTORM
  HEAVY RAIN
  RAIN
  LIGHT RAIN
  FOG


RELATIVE HUMIDITY (PERCENT)
 HIGHEST   100          1200 AM
 LOWEST     35           700 PM
 AVERAGE    68

..........................................................


THE WICHITA FALLS CLIMATE NORMALS FOR TODAY
                         NORMAL    RECORD    YEAR
 MAXIMUM TEMPERATURE (F)   61        87      2008
 MINIMUM TEMPERATURE (F)   36         7      1960


SUNRISE AND SUNSET
FEBRUARY 25 2018......SUNRISE   707 AM CST   SUNSET   627 PM CST
FEBRUARY 26 2018......SUNRISE   706 AM CST   SUNSET   628 PM CST


-  INDICATES NEGATIVE NUMBERS.
R  INDICATES RECORD WAS SET OR TIED.
MM INDICATES DATA IS MISSING.
T  INDICATES TRACE AMOUNT.




$$
