000
CDUS42 KTBW 172218
CLISRQ


CLIMATE REPORT
NATIONAL WEATHER SERVICE TAMPA BAY FL
516 PM EST TUE JAN 17 2017


...................................

...THE SARASOTA BRADENTON CLIMATE SUMMARY FOR JANUARY 17 2017...
VALID TODAY AS OF 0500 PM LOCAL TIME.

CLIMATE NORMAL PERIOD 1981 TO 2010
CLIMATE RECORD PERIOD 1911 TO 2017


WEATHER ITEM   OBSERVED TIME   RECORD YEAR NORMAL DEPARTURE LAST
                VALUE   (LST)  VALUE       VALUE  FROM      YEAR
                                                  NORMAL
..................................................................
TEMPERATURE (F)
 TODAY
  MAXIMUM         80   1228 PM  84    1999  71      9       72
  MINIMUM         58    739 AM  30    1992  52      6       53
  AVERAGE         69                        61      8       63

PRECIPITATION (IN)
  TODAY            0.00          0.85 2016   0.06  -0.06     0.85
  MONTH TO DATE    1.31                      1.69  -0.38     2.47
  SINCE DEC 1      2.56                      4.22  -1.66     3.76
  SINCE JAN 1      1.31                      1.69  -0.38     2.47

DEGREE DAYS
 HEATING
  TODAY            0                         5     -5        2
  MONTH TO DATE   41                        94    -53       59
  SINCE DEC 1     65                       216   -151       66
  SINCE JUL 1     76                       249   -173       70

 COOLING
  TODAY            4                         2      2        0
  MONTH TO DATE   56                        34     22       22
  SINCE DEC 1    219                       108    111      281
  SINCE JAN 1     56                        34     22       22
..................................................................


WIND (MPH)
  RESULTANT WIND SPEED   5   RESULTANT WIND DIRECTION  SE (150)
  HIGHEST WIND SPEED    15   HIGHEST WIND DIRECTION    SE (130)
  HIGHEST GUST SPEED    21   HIGHEST GUST DIRECTION    SE (130)
  AVERAGE WIND SPEED     7.7


SKY COVER
  POSSIBLE SUNSHINE  MM
  AVERAGE SKY COVER 0.0


WEATHER CONDITIONS
 THE FOLLOWING WEATHER WAS RECORDED TODAY.
  NO SIGNIFICANT WEATHER WAS OBSERVED.


RELATIVE HUMIDITY (PERCENT)
 HIGHEST    93           500 AM
 LOWEST     54          1200 PM

..........................................................


THE SARASOTA BRADENTON CLIMATE NORMALS FOR TOMORROW
                         NORMAL    RECORD    YEAR
 MAXIMUM TEMPERATURE (F)   71        84      1990
 MINIMUM TEMPERATURE (F)   52        29      1977


SUNRISE AND SUNSET
JANUARY 17 2017.......SUNRISE   721 AM EST   SUNSET   600 PM EST
JANUARY 18 2017.......SUNRISE   721 AM EST   SUNSET   601 PM EST


-  INDICATES NEGATIVE NUMBERS.
R  INDICATES RECORD WAS SET OR TIED.
MM INDICATES DATA IS MISSING.
T  INDICATES TRACE AMOUNT.




$$


&&
------------------------------------------------------------------
******************** SUPPLEMENTAL DATA ***************************

...GULF WATER TEMPERATURE AT VENICE 68 DEGREES
