000
CDUS42 KTBW 092235
CLISRQ


CLIMATE REPORT
NATIONAL WEATHER SERVICE TAMPA BAY FL
532 PM EST FRI DEC 9 2016


...................................

...THE SARASOTA BRADENTON CLIMATE SUMMARY FOR DECEMBER 9 2016...
VALID TODAY AS OF 0500 PM LOCAL TIME.

CLIMATE NORMAL PERIOD 1981 TO 2010
CLIMATE RECORD PERIOD 1911 TO 2016


WEATHER ITEM   OBSERVED TIME   RECORD YEAR NORMAL DEPARTURE LAST
                VALUE   (LST)  VALUE       VALUE  FROM      YEAR
                                                  NORMAL
..................................................................
TEMPERATURE (F)
 TODAY
  MAXIMUM         63    417 PM  86    1978  74    -11       80
  MINIMUM         52   1019 AM  30    1984  55     -3       62
  AVERAGE         58                        64     -6       71

PRECIPITATION (IN)
  TODAY            0.03          3.88 1977   0.07  -0.04     0.00
  MONTH TO DATE    1.21                      0.61   0.60     0.77
  SINCE DEC 1      1.21                      0.61   0.60     0.77
  SINCE JAN 1     49.07                     51.09  -2.02    39.13

DEGREE DAYS
 HEATING
  TODAY            7                         3      4        0
  MONTH TO DATE    7                        24    -17        0
  SINCE DEC 1      7                        24    -17        0
  SINCE JUL 1     18                        57    -39        4

 COOLING
  TODAY            0                         3     -3        6
  MONTH TO DATE   47                        27     20       60
  SINCE DEC 1     47                        27     20       60
  SINCE JAN 1   4073                      3327    746     3904
..................................................................


WIND (MPH)
  RESULTANT WIND SPEED  10   RESULTANT WIND DIRECTION  NE (40)
  HIGHEST WIND SPEED    17   HIGHEST WIND DIRECTION    NE (40)
  HIGHEST GUST SPEED    23   HIGHEST GUST DIRECTION    NE (30)
  AVERAGE WIND SPEED     9.9


SKY COVER
  POSSIBLE SUNSHINE  MM
  AVERAGE SKY COVER 0.6


WEATHER CONDITIONS
 THE FOLLOWING WEATHER WAS RECORDED TODAY.
  LIGHT RAIN


RELATIVE HUMIDITY (PERCENT)
 HIGHEST    78          1200 AM
 LOWEST     51           500 PM

..........................................................


THE SARASOTA BRADENTON CLIMATE NORMALS FOR TOMORROW
                         NORMAL    RECORD    YEAR
 MAXIMUM TEMPERATURE (F)   74        86      1998
                                             1972
 MINIMUM TEMPERATURE (F)   55        29      1917


SUNRISE AND SUNSET
DECEMBER  9 2016......SUNRISE   709 AM EST   SUNSET   536 PM EST
DECEMBER 10 2016......SUNRISE   710 AM EST   SUNSET   537 PM EST


-  INDICATES NEGATIVE NUMBERS.
R  INDICATES RECORD WAS SET OR TIED.
MM INDICATES DATA IS MISSING.
T  INDICATES TRACE AMOUNT.




$$


&&
------------------------------------------------------------------
******************** SUPPLEMENTAL DATA ***************************

...GULF WATER TEMPERATURE AT VENICE 70 DEGREES
