000
CDUS42 KTBW 162217
CLISRQ


CLIMATE REPORT
NATIONAL WEATHER SERVICE TAMPA BAY FL
515 PM EST SAT DEC 16 2017


...................................

...THE SARASOTA BRADENTON CLIMATE SUMMARY FOR DECEMBER 16 2017...
VALID TODAY AS OF 0500 PM LOCAL TIME.

CLIMATE NORMAL PERIOD 1981 TO 2010
CLIMATE RECORD PERIOD 1911 TO 2017


WEATHER ITEM   OBSERVED TIME   RECORD YEAR NORMAL DEPARTURE LAST
                VALUE   (LST)  VALUE       VALUE  FROM      YEAR
                                                  NORMAL
..................................................................
TEMPERATURE (F)
 TODAY
  MAXIMUM         77    353 PM  86    2001  73      4       79
  MINIMUM         56    456 AM  27    1968  54      2       54
  AVERAGE         67                        63      4       67

PRECIPITATION (IN)
  TODAY            0.00          1.18 1974   0.08  -0.08     0.00
  MONTH TO DATE    1.05                      1.19  -0.14     1.22
  SINCE DEC 1      1.05                      1.19  -0.14     1.22
  SINCE JAN 1     65.24                     51.67  13.57    49.08

DEGREE DAYS
 HEATING
  TODAY            0                         4     -4        0
  MONTH TO DATE   51                        51      0        9
  SINCE DEC 1     51                        51      0        9
  SINCE JUL 1     64                        84    -20       20

 COOLING
  TODAY            2                         2      0        2
  MONTH TO DATE   58                        46     12       71
  SINCE DEC 1     58                        46     12       71
  SINCE JAN 1   3761                      3346    415     4097
..................................................................


WIND (MPH)
  RESULTANT WIND SPEED   2   RESULTANT WIND DIRECTION   E (100)
  HIGHEST WIND SPEED    10   HIGHEST WIND DIRECTION     W (280)
  HIGHEST GUST SPEED    12   HIGHEST GUST DIRECTION    NW (310)
  AVERAGE WIND SPEED     4.8


SKY COVER
  POSSIBLE SUNSHINE  MM
  AVERAGE SKY COVER 0.2


WEATHER CONDITIONS
 THE FOLLOWING WEATHER WAS RECORDED TODAY.
  FOG
  HAZE


RELATIVE HUMIDITY (PERCENT)
 HIGHEST   100           100 AM
 LOWEST     60           100 PM

..........................................................


THE SARASOTA BRADENTON CLIMATE NORMALS FOR TOMORROW
                         NORMAL    RECORD    YEAR
 MAXIMUM TEMPERATURE (F)   73        88      1965
 MINIMUM TEMPERATURE (F)   53        29      1968


SUNRISE AND SUNSET
DECEMBER 16 2017......SUNRISE   713 AM EST   SUNSET   539 PM EST
DECEMBER 17 2017......SUNRISE   714 AM EST   SUNSET   539 PM EST


-  INDICATES NEGATIVE NUMBERS.
R  INDICATES RECORD WAS SET OR TIED.
MM INDICATES DATA IS MISSING.
T  INDICATES TRACE AMOUNT.




$$


&&
------------------------------------------------------------------
******************** SUPPLEMENTAL DATA ***************************

...GULF WATER TEMPERATURE AT VENICE 68 DEGREES
