000
CDUS42 KTBW 202140
CLISRQ


CLIMATE REPORT
NATIONAL WEATHER SERVICE TAMPA BAY FL
520 PM EDT WED AUG 20 2014


...................................

...THE SARASOTA BRADENTON CLIMATE SUMMARY FOR AUGUST 20 2014...
VALID TODAY AS OF 0500 PM LOCAL TIME.

CLIMATE NORMAL PERIOD 1981 TO 2010
CLIMATE RECORD PERIOD 1911 TO 2014


WEATHER ITEM   OBSERVED TIME   RECORD YEAR NORMAL DEPARTURE LAST
                VALUE   (LST)  VALUE       VALUE  FROM      YEAR
                                                  NORMAL
..................................................................
TEMPERATURE (F)
 TODAY
  MAXIMUM         96R   203 PM  96    2007  90      6       93
                                      1973
  MINIMUM         76    521 AM  65    1971  74      2       75
  AVERAGE         86                        82      4       84

PRECIPITATION (IN)
  TODAY            0.00          4.20 1949   0.31  -0.31     0.28
  MONTH TO DATE    1.33                      5.88  -4.55     5.50
  SINCE JUN 1     10.46                     21.37 -10.91    24.65
  SINCE JAN 1     28.84                     35.07  -6.23    32.79

DEGREE DAYS
 HEATING
  TODAY            0                         0      0        0
  MONTH TO DATE    0                         0      0        0
  SINCE JUN 1      0                         0      0        0
  SINCE JUL 1      0                         0      0        0

 COOLING
  TODAY           21                        17      4       19
  MONTH TO DATE  403                       340     63      378
  SINCE JUN 1   1510                      1351    159     1440
  SINCE JAN 1   2322                      2102    220     2308
..................................................................


WIND (MPH)
  RESULTANT WIND SPEED   4   RESULTANT WIND DIRECTION  NW (310)
  HIGHEST WIND SPEED    17   HIGHEST WIND DIRECTION     W (280)
  HIGHEST GUST SPEED    21   HIGHEST GUST DIRECTION     W (280)
  AVERAGE WIND SPEED     5.7


SKY COVER
  POSSIBLE SUNSHINE  MM
  AVERAGE SKY COVER 0.1


WEATHER CONDITIONS
 THE FOLLOWING WEATHER WAS RECORDED TODAY.
  NO SIGNIFICANT WEATHER WAS OBSERVED.


RELATIVE HUMIDITY (PERCENT)
 HIGHEST    85           200 AM
 LOWEST     49          1100 AM

..........................................................


THE SARASOTA BRADENTON CLIMATE NORMALS FOR TOMORROW
                         NORMAL    RECORD    YEAR
 MAXIMUM TEMPERATURE (F)   90        97      1919
 MINIMUM TEMPERATURE (F)   74        68      1927


SUNRISE AND SUNSET
AUGUST 20 2014........SUNRISE   704 AM EDT   SUNSET   803 PM EDT
AUGUST 21 2014........SUNRISE   704 AM EDT   SUNSET   802 PM EDT


-  INDICATES NEGATIVE NUMBERS.
R  INDICATES RECORD WAS SET OR TIED.
MM INDICATES DATA IS MISSING.
T  INDICATES TRACE AMOUNT.




$$


&&
------------------------------------------------------------------
******************** SUPPLEMENTAL DATA ***************************

...GULF WATER TEMPERATURE AT NEW PASS 88
