000
CDUS42 KTBW 272118
CLISRQ


CLIMATE REPORT
NATIONAL WEATHER SERVICE TAMPA BAY FL
516 PM EDT SAT AUG 27 2016


...................................

...THE SARASOTA BRADENTON CLIMATE SUMMARY FOR AUGUST 27 2016...
VALID TODAY AS OF 0500 PM LOCAL TIME.

CLIMATE NORMAL PERIOD 1981 TO 2010
CLIMATE RECORD PERIOD 1911 TO 2016


WEATHER ITEM   OBSERVED TIME   RECORD YEAR NORMAL DEPARTURE LAST
                VALUE   (LST)  VALUE       VALUE  FROM      YEAR
                                                  NORMAL
..................................................................
TEMPERATURE (F)
 TODAY
  MAXIMUM         95    218 PM  97    1923  90      5       85
  MINIMUM         74    148 AM  65    1930  75     -1       74
  AVERAGE         85                        82      3       80

PRECIPITATION (IN)
  TODAY            0.47          3.69 2002   0.29   0.18     0.12
  MONTH TO DATE    6.46                      7.98  -1.52     4.38
  SINCE JUN 1     19.40                     23.47  -4.07    14.92
  SINCE JAN 1     31.68                     37.17  -5.49    27.24

DEGREE DAYS
 HEATING
  TODAY            0                         0      0        0
  MONTH TO DATE    0                         0      0        0
  SINCE JUN 1      0                         0      0        0
  SINCE JUL 1      0                         0      0        0

 COOLING
  TODAY           20                        17      3       15
  MONTH TO DATE  544                       459     85      480
  SINCE JUN 1   1741                      1470    271     1528
  SINCE JAN 1   2705                      2221    484     2568
..................................................................


WIND (MPH)
  RESULTANT WIND SPEED   8   RESULTANT WIND DIRECTION   E (80)
  HIGHEST WIND SPEED    29   HIGHEST WIND DIRECTION     E (80)
  HIGHEST GUST SPEED    37   HIGHEST GUST DIRECTION     E (80)
  AVERAGE WIND SPEED     8.3


SKY COVER
  POSSIBLE SUNSHINE  MM
  AVERAGE SKY COVER 0.2


WEATHER CONDITIONS
 THE FOLLOWING WEATHER WAS RECORDED TODAY.
  THUNDERSTORM
  HEAVY RAIN
  RAIN
  LIGHT RAIN
  FOG


RELATIVE HUMIDITY (PERCENT)
 HIGHEST    91           700 AM
 LOWEST     52           100 PM

..........................................................


THE SARASOTA BRADENTON CLIMATE NORMALS FOR TOMORROW
                         NORMAL    RECORD    YEAR
 MAXIMUM TEMPERATURE (F)   90        98      1938
 MINIMUM TEMPERATURE (F)   75        65      1984


SUNRISE AND SUNSET
AUGUST 27 2016........SUNRISE   707 AM EDT   SUNSET   755 PM EDT
AUGUST 28 2016........SUNRISE   708 AM EDT   SUNSET   754 PM EDT


-  INDICATES NEGATIVE NUMBERS.
R  INDICATES RECORD WAS SET OR TIED.
MM INDICATES DATA IS MISSING.
T  INDICATES TRACE AMOUNT.




$$


&&
------------------------------------------------------------------
******************** SUPPLEMENTAL DATA ***************************

...GULF WATER TEMPERATURE AT VENICE 84 DEGREES
