000
CDUS42 KTBW 010932
CLISRQ


CLIMATE REPORT
NATIONAL WEATHER SERVICE TAMPA BAY FL
430 AM EST SUN FEB 1 2015


...................................

...THE SARASOTA BRADENTON CLIMATE SUMMARY FOR JANUARY 31 2015...

CLIMATE NORMAL PERIOD 1981 TO 2010
CLIMATE RECORD PERIOD 1911 TO 2015


WEATHER ITEM   OBSERVED TIME   RECORD YEAR NORMAL DEPARTURE LAST
                VALUE   (LST)  VALUE       VALUE  FROM      YEAR
                                                  NORMAL
..................................................................
TEMPERATURE (F)
 YESTERDAY
  MAXIMUM         73    433 PM  85    2002  72      1       69
  MINIMUM         46    740 AM  26    1966  52     -6       52
  AVERAGE         60                        62     -2       61

PRECIPITATION (IN)
  YESTERDAY        0.00          0.68 2004   0.06  -0.06     0.42
  MONTH TO DATE    1.07                      2.49  -1.42     2.10
  SINCE DEC 1      1.54                      5.02  -3.48     2.31
  SINCE JAN 1      1.07                      2.49  -1.42     2.10

DEGREE DAYS
 HEATING
  YESTERDAY        5                         4      1        4
  MONTH TO DATE  122                       163    -41      211
  SINCE DEC 1    221                       287    -66      235
  SINCE JUL 1    306                       320    -14      253

 COOLING
  YESTERDAY        0                         2     -2        0
  MONTH TO DATE   59                        52      7       31
  SINCE DEC 1    148                       126     22      188
  SINCE JAN 1     59                        52      7       31
..................................................................


WIND (MPH)
  HIGHEST WIND SPEED    16   HIGHEST WIND DIRECTION    SE (130)
  HIGHEST GUST SPEED    21   HIGHEST GUST DIRECTION     E (110)
  AVERAGE WIND SPEED    10.1


SKY COVER
  POSSIBLE SUNSHINE  MM
  AVERAGE SKY COVER 0.0


WEATHER CONDITIONS
 THE FOLLOWING WEATHER WAS RECORDED YESTERDAY.
  NO SIGNIFICANT WEATHER WAS OBSERVED.


RELATIVE HUMIDITY (PERCENT)
 HIGHEST    83          1200 AM
 LOWEST     35           400 PM

..........................................................


THE SARASOTA BRADENTON CLIMATE NORMALS FOR TODAY
                         NORMAL    RECORD    YEAR
 MAXIMUM TEMPERATURE (F)   72        85      1991
 MINIMUM TEMPERATURE (F)   53        32      1936


SUNRISE AND SUNSET
FEBRUARY  1 2015......SUNRISE   716 AM EST   SUNSET   611 PM EST
FEBRUARY  2 2015......SUNRISE   716 AM EST   SUNSET   612 PM EST


-  INDICATES NEGATIVE NUMBERS.
R  INDICATES RECORD WAS SET OR TIED.
MM INDICATES DATA IS MISSING.
T  INDICATES TRACE AMOUNT.




$$


&&
------------------------------------------------------------------
******************** SUPPLEMENTAL DATA ***************************

...GULF WATER TEMPERATURE AT NEW PASS 62.
