000
CDUS42 KJAX 250534
CLISSI


CLIMATE REPORT
NATIONAL WEATHER SERVICE JACKSONVILLE FL
1232 AM EST SAT FEB 25 2017


...................................

...THE ST SIMONS ISLAND CLIMATE SUMMARY FOR FEBRUARY 24 2017...

CLIMATE NORMAL PERIOD 1981 TO 2010
CLIMATE RECORD PERIOD 1948 TO 2017


WEATHER ITEM   OBSERVED TIME   RECORD YEAR NORMAL DEPARTURE LAST
                VALUE   (LST)  VALUE       VALUE  FROM      YEAR
                                                  NORMAL
..................................................................
TEMPERATURE (F)
 YESTERDAY
  MAXIMUM         75    225 PM  84    2012  65     10       80
  MINIMUM         63    730 AM  26    1989  48     15       53
  AVERAGE         69                        56     13       67

PRECIPITATION (IN)
  YESTERDAY        0.00          1.66 1963   0.13  -0.13     0.05
  MONTH TO DATE    0.86                      2.95  -2.09     3.99
  SINCE DEC 1      8.88                      8.81   0.07     8.49
  SINCE JAN 1      5.86                      6.17  -0.31     7.14

SNOWFALL (IN)
  YESTERDAY        0.0           0.0    MM                   0.0
  MONTH TO DATE    0.0                                       0.0
  SINCE DEC 1      0.0                                       0.0
  SINCE JUL 1      0.0                                       0.0
  SNOW DEPTH       0

DEGREE DAYS
 HEATING
  YESTERDAY        0                         9     -9        0
  MONTH TO DATE   98                       266   -168      248
  SINCE DEC 1    501                      1037   -536      780
  SINCE JUL 1    606                      1217   -611      845

 COOLING
  YESTERDAY        4                         0      4        2
  MONTH TO DATE   24                         0     24        4
  SINCE DEC 1     68                        16     52       94
  SINCE JAN 1     43                         3     40        4
..................................................................


WIND (MPH)
  HIGHEST WIND SPEED    16   HIGHEST WIND DIRECTION    NE (50)
  HIGHEST GUST SPEED    21   HIGHEST GUST DIRECTION    NE (50)
  AVERAGE WIND SPEED     9.5


SKY COVER
  POSSIBLE SUNSHINE  MM
  AVERAGE SKY COVER 0.2


WEATHER CONDITIONS
 THE FOLLOWING WEATHER WAS RECORDED YESTERDAY.
  NO SIGNIFICANT WEATHER WAS OBSERVED.


RELATIVE HUMIDITY (PERCENT)
 HIGHEST    93           600 AM
 LOWEST     68          1100 AM
 AVERAGE    81

..........................................................


THE ST SIMONS ISLAND CLIMATE NORMALS FOR TODAY
                         NORMAL    RECORD    YEAR
 MAXIMUM TEMPERATURE (F)   65        80      1956
 MINIMUM TEMPERATURE (F)   48        26      1989


SUNRISE AND SUNSET
FEBRUARY 25 2017......SUNRISE   656 AM EST   SUNSET   621 PM EST
FEBRUARY 26 2017......SUNRISE   655 AM EST   SUNSET   622 PM EST


-  INDICATES NEGATIVE NUMBERS.
R  INDICATES RECORD WAS SET OR TIED.
MM INDICATES DATA IS MISSING.
T  INDICATES TRACE AMOUNT.




$$
