000
CDUS42 KJAX 300531
CLISSI


CLIMATE REPORT
NATIONAL WEATHER SERVICE JACKSONVILLE FL
130 AM EDT TUE SEP 30 2014


...................................

...THE ST SIMONS ISLAND CLIMATE SUMMARY FOR SEPTEMBER 29 2014...

CLIMATE NORMAL PERIOD 1981 TO 2010
CLIMATE RECORD PERIOD 1948 TO 2014


WEATHER ITEM   OBSERVED TIME   RECORD YEAR NORMAL DEPARTURE LAST
                VALUE   (LST)  VALUE       VALUE  FROM      YEAR
                                                  NORMAL
..................................................................
TEMPERATURE (F)
 YESTERDAY
  MAXIMUM         79   1214 PM  92    1974  82     -3       78
  MINIMUM         72    924 PM  53    1962  68      4       65
  AVERAGE         76                        75      1       72

PRECIPITATION (IN)
  YESTERDAY        1.01          3.46 1965   0.18   0.83     0.00
  MONTH TO DATE    5.64                      5.58   0.06    10.89
  SINCE SEP 1      5.64                      5.58   0.06    10.89
  SINCE JAN 1     36.39                     35.69   0.70    45.83

SNOWFALL (IN)
  YESTERDAY        0.0           0.0    MM                   0.0
  MONTH TO DATE    0.0                                       0.0
  SINCE SEP 1      0.0                                       0.0
  SINCE JUL 1      0.0                                       0.0
  SNOW DEPTH       0

DEGREE DAYS
 HEATING
  YESTERDAY        0                         0      0        0
  MONTH TO DATE    0                         0      0        0
  SINCE SEP 1      0                         0      0        0
  SINCE JUL 1      0                         0      0        0

 COOLING
  YESTERDAY       11                        10      1        7
  MONTH TO DATE  375                       386    -11      405
  SINCE SEP 1    375                       386    -11      405
  SINCE JAN 1   2380                      2362     18     2350
..................................................................


WIND (MPH)
  HIGHEST WIND SPEED    13   HIGHEST WIND DIRECTION    NE (50)
  HIGHEST GUST SPEED    17   HIGHEST GUST DIRECTION    NE (60)
  AVERAGE WIND SPEED     6.6


SKY COVER
  POSSIBLE SUNSHINE  MM
  AVERAGE SKY COVER 0.8


WEATHER CONDITIONS
 THE FOLLOWING WEATHER WAS RECORDED YESTERDAY.
  HEAVY RAIN
  RAIN
  LIGHT RAIN
  FOG


RELATIVE HUMIDITY (PERCENT)
 HIGHEST   100           800 AM
 LOWEST     82           100 PM
 AVERAGE    91

..........................................................


THE ST SIMONS ISLAND CLIMATE NORMALS FOR TODAY
                         NORMAL    RECORD    YEAR
 MAXIMUM TEMPERATURE (F)   82        90      1971
 MINIMUM TEMPERATURE (F)   68        49      1967


SUNRISE AND SUNSET
SEPTEMBER 30 2014.....SUNRISE   719 AM EDT   SUNSET   712 PM EDT
OCTOBER  1 2014.......SUNRISE   719 AM EDT   SUNSET   711 PM EDT


-  INDICATES NEGATIVE NUMBERS.
R  INDICATES RECORD WAS SET OR TIED.
MM INDICATES DATA IS MISSING.
T  INDICATES TRACE AMOUNT.




$$
