158
CDUS42 KJAX 090531
CLISSI


CLIMATE REPORT
NATIONAL WEATHER SERVICE JACKSONVILLE FL
1231 AM EST TUE FEB 9 2016


...................................

...THE ST SIMONS ISLAND CLIMATE SUMMARY FOR FEBRUARY 8 2016...

CLIMATE NORMAL PERIOD 1981 TO 2010
CLIMATE RECORD PERIOD 1948 TO 2016


WEATHER ITEM   OBSERVED TIME   RECORD YEAR NORMAL DEPARTURE LAST
                VALUE   (LST)  VALUE       VALUE  FROM      YEAR
                                                  NORMAL
..................................................................
TEMPERATURE (F)
 YESTERDAY
  MAXIMUM         63    342 PM  80    1999  62      1       69
  MINIMUM         39    650 AM  27    1951  45     -6       42
  AVERAGE         51                        53     -2       56

PRECIPITATION (IN)
  YESTERDAY        0.12          1.61 1971   0.11   0.01     0.00
  MONTH TO DATE    3.39                      0.94   2.45     0.83
  SINCE DEC 1      7.89                      6.80   1.09     5.18
  SINCE JAN 1      6.54                      4.16   2.38     3.86

SNOWFALL (IN)
  YESTERDAY       MM             0.0    MM                   0.0
  MONTH TO DATE    0.0                                       0.0
  SINCE DEC 1      0.0                                       0.0
  SINCE JUL 1      0.0                                       0.0
  SNOW DEPTH       0

DEGREE DAYS
 HEATING
  YESTERDAY       14                        12      2        9
  MONTH TO DATE   82                        98    -16      121
  SINCE DEC 1    614                       869   -255      778
  SINCE JUL 1    679                      1049   -370     1064

 COOLING
  YESTERDAY        0                         0      0        0
  MONTH TO DATE    0                         0      0        0
  SINCE DEC 1     90                        16     74       12
  SINCE JAN 1      0                         3     -3        6
..................................................................


WIND (MPH)
  HIGHEST WIND SPEED    26   HIGHEST WIND DIRECTION    SW (230)
  HIGHEST GUST SPEED    36   HIGHEST GUST DIRECTION    NW (310)
  AVERAGE WIND SPEED    10.4


SKY COVER
  POSSIBLE SUNSHINE  MM
  AVERAGE SKY COVER 0.2


WEATHER CONDITIONS
 THE FOLLOWING WEATHER WAS RECORDED YESTERDAY.
  THUNDERSTORM
  HEAVY RAIN
  RAIN
  LIGHT RAIN
  FOG


RELATIVE HUMIDITY (PERCENT)
 HIGHEST   100           900 PM
 LOWEST     29           100 PM
 AVERAGE    65

..........................................................


THE ST SIMONS ISLAND CLIMATE NORMALS FOR TODAY
                         NORMAL    RECORD    YEAR
 MAXIMUM TEMPERATURE (F)   62        83      1949
 MINIMUM TEMPERATURE (F)   45        21      1995


SUNRISE AND SUNSET
FEBRUARY  9 2016......SUNRISE   712 AM EST   SUNSET   608 PM EST
FEBRUARY 10 2016......SUNRISE   711 AM EST   SUNSET   608 PM EST


-  INDICATES NEGATIVE NUMBERS.
R  INDICATES RECORD WAS SET OR TIED.
MM INDICATES DATA IS MISSING.
T  INDICATES TRACE AMOUNT.




$$
