882
CDUS42 KJAX 292135
CLISSI


CLIMATE REPORT
NATIONAL WEATHER SERVICE JACKSONVILLE FL
534 PM EDT SAT APR 29 2017


...................................

...THE ST SIMONS ISLAND CLIMATE SUMMARY FOR APRIL 29 2017...
VALID TODAY AS OF 0500 PM LOCAL TIME.

CLIMATE NORMAL PERIOD 1981 TO 2010
CLIMATE RECORD PERIOD 1948 TO 2017


WEATHER ITEM   OBSERVED TIME   RECORD YEAR NORMAL DEPARTURE LAST
                VALUE   (LST)  VALUE       VALUE  FROM      YEAR
                                                  NORMAL
..................................................................
TEMPERATURE (F)
 TODAY
  MAXIMUM         83    314 PM  90    2002  78      5       84
  MINIMUM         76    656 AM  44    1967  62     14       69
  AVERAGE         80                        70     10       77

PRECIPITATION (IN)
  TODAY            0.00          0.60 1958   0.07  -0.07     0.00
  MONTH TO DATE    1.59                      2.43  -0.84     2.65
  SINCE MAR 1      2.25                      6.31  -4.06     4.21
  SINCE JAN 1      8.11                     13.00  -4.89    11.35

SNOWFALL (IN)
  TODAY            0.0           0.0    MM                   0.0
  MONTH TO DATE    0.0                                       0.0
  SINCE MAR 1      0.0                                       0.0
  SINCE JUL 1      0.0                                       0.0

DEGREE DAYS
 HEATING
  TODAY            0                         1     -1        0
  MONTH TO DATE   12                        56    -44       30
  SINCE MAR 1    166                       233    -67      111
  SINCE JUL 1    781                      1484   -703     1017

 COOLING
  TODAY           15                         6      9       12
  MONTH TO DATE  188                        98     90      104
  SINCE MAR 1    273                       129    144      192
  SINCE JAN 1    325                       138    187      196
..................................................................


WIND (MPH)
  HIGHEST WIND SPEED    16   HIGHEST WIND DIRECTION    SE (130)
  HIGHEST GUST SPEED    21   HIGHEST GUST DIRECTION    SE (150)
  AVERAGE WIND SPEED    11.0


SKY COVER
  POSSIBLE SUNSHINE  MM
  AVERAGE SKY COVER 0.5


WEATHER CONDITIONS
 THE FOLLOWING WEATHER WAS RECORDED TODAY.
  NO SIGNIFICANT WEATHER WAS OBSERVED.


RELATIVE HUMIDITY (PERCENT)
 HIGHEST    94          1200 AM
 LOWEST     69          1200 PM
 AVERAGE    82

..........................................................


THE ST SIMONS ISLAND CLIMATE NORMALS FOR TOMORROW
                         NORMAL    RECORD    YEAR
 MAXIMUM TEMPERATURE (F)   78        89      1990
 MINIMUM TEMPERATURE (F)   62        48      2008


SUNRISE AND SUNSET
APRIL 29 2017.........SUNRISE   643 AM EDT   SUNSET   804 PM EDT
APRIL 30 2017.........SUNRISE   642 AM EDT   SUNSET   804 PM EDT


-  INDICATES NEGATIVE NUMBERS.
R  INDICATES RECORD WAS SET OR TIED.
MM INDICATES DATA IS MISSING.
T  INDICATES TRACE AMOUNT.




$$
