000
CDUS43 KMPX 270645
CLISTC


CLIMATE REPORT
NATIONAL WEATHER SERVICE CHANHASSEN MN
1245 AM CST TUE JAN 27 2015


...................................

...THE ST CLOUD MN CLIMATE SUMMARY FOR JANUARY 26 2015...

CLIMATE NORMAL PERIOD 1981 TO 2010
CLIMATE RECORD PERIOD 1893 TO 2015


WEATHER ITEM   OBSERVED TIME   RECORD YEAR NORMAL DEPARTURE LAST
                VALUE   (LST)  VALUE       VALUE  FROM      YEAR
                                                  NORMAL
..................................................................
TEMPERATURE (F)
 YESTERDAY
  MAXIMUM         43    125 PM  49    1931  22     21       14
  MINIMUM         24    130 AM -28    1950   2     22      -11
  AVERAGE         34                        12     22        2

PRECIPITATION (IN)
  YESTERDAY        T             0.29 1958   0.02  -0.02     0.05
  MONTH TO DATE    0.23                      0.56  -0.33     1.14
  SINCE DEC 1      0.98                      1.38  -0.40     2.91
  SINCE JAN 1      0.23                      0.56  -0.33     1.14

SNOWFALL (IN)
  YESTERDAY       MM             5.6  2004   0.2   MM        0.6
  MONTH TO DATE    2.4                       7.4   -5.0     15.4
  SINCE DEC 1      4.9                      16.8  -11.9     35.8
  SINCE JUL 1     22.5                      26.0   -3.5     39.4
  SNOW DEPTH       0

DEGREE DAYS
 HEATING
  YESTERDAY       31                        53    -22       63
  MONTH TO DATE 1295                      1393    -98     1524
  SINCE DEC 1   2557                      2915   -358     3339
  SINCE JUL 1   4489                      4840   -351     5212

 COOLING
  YESTERDAY        0                         0      0        0
  MONTH TO DATE    0                         0      0        0
  SINCE DEC 1      0                         0      0        0
  SINCE JAN 1      0                         0      0        0
..................................................................


WIND (MPH)
  HIGHEST WIND SPEED    24   HIGHEST WIND DIRECTION    NW (300)
  HIGHEST GUST SPEED    29   HIGHEST GUST DIRECTION    NW (300)
  AVERAGE WIND SPEED    10.4


SKY COVER
  POSSIBLE SUNSHINE  MM
  AVERAGE SKY COVER 0.8


WEATHER CONDITIONS
 THE FOLLOWING WEATHER WAS RECORDED YESTERDAY.
  LIGHT SNOW
  FOG


RELATIVE HUMIDITY (PERCENT)
 HIGHEST   100           700 AM
 LOWEST     64           400 PM
 AVERAGE    82

..........................................................


THE ST CLOUD MN CLIMATE NORMALS FOR TODAY
                         NORMAL    RECORD    YEAR
 MAXIMUM TEMPERATURE (F)   22        47      1906
 MINIMUM TEMPERATURE (F)    2       -30      1895


SUNRISE AND SUNSET
JANUARY 27 2015.......SUNRISE   743 AM CST   SUNSET   515 PM CST
JANUARY 28 2015.......SUNRISE   742 AM CST   SUNSET   517 PM CST


-  INDICATES NEGATIVE NUMBERS.
R  INDICATES RECORD WAS SET OR TIED.
MM INDICATES DATA IS MISSING.
T  INDICATES TRACE AMOUNT.




$$
