000
CDUS43 KMPX 250640
CLISTC


CLIMATE REPORT
NATIONAL WEATHER SERVICE CHANHASSEN MN
139 AM CDT SUN JUN 25 2017


...................................

...THE ST CLOUD MN CLIMATE SUMMARY FOR JUNE 24 2017...

CLIMATE NORMAL PERIOD 1981 TO 2010
CLIMATE RECORD PERIOD 1893 TO 2017


WEATHER ITEM   OBSERVED TIME   RECORD YEAR NORMAL DEPARTURE LAST
                VALUE   (LST)  VALUE       VALUE  FROM      YEAR
                                                  NORMAL
..................................................................
TEMPERATURE (F)
 YESTERDAY
  MAXIMUM         65    306 PM 102    1988  80    -15       80
  MINIMUM         49    458 AM  40    1972  56     -7       53
  AVERAGE         57                        68    -11       67

PRECIPITATION (IN)
  YESTERDAY        0.03          2.35 1923   0.14  -0.11     0.00
  MONTH TO DATE    1.41                      3.35  -1.94     2.94
  SINCE JUN 1      1.41                      3.35  -1.94     2.94
  SINCE JAN 1     11.11                     11.66  -0.55     9.29

SNOWFALL (IN)
  YESTERDAY        0.0           0.0    MM   0.0    0.0      0.0
  MONTH TO DATE    0.0                       0.0    0.0      0.0
  SINCE JUN 1      0.0                       0.0    0.0      0.0
  SINCE JUL 1     31.9                      45.7  -13.8     30.3
  SNOW DEPTH       0

DEGREE DAYS
 HEATING
  YESTERDAY        8                         1      7        0
  MONTH TO DATE   22                        72    -50       30
  SINCE JUN 1     22                        72    -50       30
  SINCE JUL 1   7308                      8526  -1218     7167

 COOLING
  YESTERDAY        0                         4     -4        2
  MONTH TO DATE   74                        65      9       86
  SINCE JUN 1     74                        65      9       86
  SINCE JAN 1     77                        90    -13      117
..................................................................


WIND (MPH)
  HIGHEST WIND SPEED    28   HIGHEST WIND DIRECTION     W (290)
  HIGHEST GUST SPEED    36   HIGHEST GUST DIRECTION     W (280)
  AVERAGE WIND SPEED    12.2


SKY COVER
  POSSIBLE SUNSHINE  MM
  AVERAGE SKY COVER 0.6


WEATHER CONDITIONS
 THE FOLLOWING WEATHER WAS RECORDED YESTERDAY.
  THUNDERSTORM
  HAZE


RELATIVE HUMIDITY (PERCENT)
 HIGHEST    93          1000 PM
 LOWEST     46          1100 AM
 AVERAGE    70

..........................................................


THE ST CLOUD MN CLIMATE NORMALS FOR TODAY
                         NORMAL    RECORD    YEAR
 MAXIMUM TEMPERATURE (F)   80        97      1964
 MINIMUM TEMPERATURE (F)   56        40      1958


SUNRISE AND SUNSET
JUNE 25 2017..........SUNRISE   529 AM CDT   SUNSET   909 PM CDT
JUNE 26 2017..........SUNRISE   529 AM CDT   SUNSET   909 PM CDT


-  INDICATES NEGATIVE NUMBERS.
R  INDICATES RECORD WAS SET OR TIED.
MM INDICATES DATA IS MISSING.
T  INDICATES TRACE AMOUNT.




$$
