000
CDUS43 KMPX 230834
CLISTC


CLIMATE REPORT
NATIONAL WEATHER SERVICE CHANHASSEN MN
333 AM CDT MON OCT 23 2017


...................................

...THE ST CLOUD MN CLIMATE SUMMARY FOR OCTOBER 22 2017...

CLIMATE NORMAL PERIOD 1981 TO 2010
CLIMATE RECORD PERIOD 1893 TO 2017


WEATHER ITEM   OBSERVED TIME   RECORD YEAR NORMAL DEPARTURE LAST
                VALUE   (LST)  VALUE       VALUE  FROM      YEAR
                                                  NORMAL
..................................................................
TEMPERATURE (F)
 YESTERDAY
  MAXIMUM         62    326 PM  81    1992  54      8       64
  MINIMUM         42    754 AM  13    1976  33      9       30
  AVERAGE         52                        43      9       47

PRECIPITATION (IN)
  YESTERDAY        0.00          0.86 1951   0.07  -0.07     0.00
  MONTH TO DATE    4.84                      1.93   2.91     1.76
  SINCE SEP 1      7.77                      5.39   2.38     4.84
  SINCE JAN 1     28.70                     24.97   3.73    29.66

SNOWFALL (IN)
  YESTERDAY        0.0           1.5  1925   0.0    0.0      0.0
  MONTH TO DATE    0.0                       0.3   -0.3      0.0
  SINCE SEP 1      0.0                       0.3   -0.3      0.0
  SINCE JUL 1      0.0                       0.3   -0.3      0.0
  SNOW DEPTH       0

DEGREE DAYS
 HEATING
  YESTERDAY       13                        22     -9       18
  MONTH TO DATE  299                       385    -86      319
  SINCE SEP 1    438                       613   -175      437
  SINCE JUL 1    478                       671   -193      459

 COOLING
  YESTERDAY        0                         0      0        0
  MONTH TO DATE    0                         0      0        0
  SINCE SEP 1     71                        34     37       28
  SINCE JAN 1    361                       463   -102      506
..................................................................


WIND (MPH)
  HIGHEST WIND SPEED    20   HIGHEST WIND DIRECTION     W (270)
  HIGHEST GUST SPEED    27   HIGHEST GUST DIRECTION     W (250)
  AVERAGE WIND SPEED    10.1


SKY COVER
  POSSIBLE SUNSHINE  MM
  AVERAGE SKY COVER 0.1


WEATHER CONDITIONS
 THE FOLLOWING WEATHER WAS RECORDED YESTERDAY.
  NO SIGNIFICANT WEATHER WAS OBSERVED.


RELATIVE HUMIDITY (PERCENT)
 HIGHEST    92           200 AM
 LOWEST     32           300 PM
 AVERAGE    62

..........................................................


THE ST CLOUD MN CLIMATE NORMALS FOR TODAY
                         NORMAL    RECORD    YEAR
 MAXIMUM TEMPERATURE (F)   53        79      1899
 MINIMUM TEMPERATURE (F)   33         9      1936


SUNRISE AND SUNSET
OCTOBER 23 2017.......SUNRISE   744 AM CDT   SUNSET   617 PM CDT
OCTOBER 24 2017.......SUNRISE   745 AM CDT   SUNSET   615 PM CDT


-  INDICATES NEGATIVE NUMBERS.
R  INDICATES RECORD WAS SET OR TIED.
MM INDICATES DATA IS MISSING.
T  INDICATES TRACE AMOUNT.




$$
