191
CDUS43 KMPX 240632
CLISTC


CLIMATE REPORT
NATIONAL WEATHER SERVICE CHANHASSEN MN
131 AM CDT FRI MAR 24 2017


...................................

...THE ST CLOUD MN CLIMATE SUMMARY FOR MARCH 23 2017...

CLIMATE NORMAL PERIOD 1981 TO 2010
CLIMATE RECORD PERIOD 1893 TO 2017


WEATHER ITEM   OBSERVED TIME   RECORD YEAR NORMAL DEPARTURE LAST
                VALUE   (LST)  VALUE       VALUE  FROM      YEAR
                                                  NORMAL
..................................................................
TEMPERATURE (F)
 YESTERDAY
  MAXIMUM         40    122 PM  81    1910  43     -3       38
  MINIMUM         35   1159 PM -16    1965  23     12       29
  AVERAGE         38                        33      5       34

PRECIPITATION (IN)
  YESTERDAY        0.14          2.49 2009   0.06   0.08     0.00
  MONTH TO DATE    0.64                      1.07  -0.43     0.57
  SINCE MAR 1      0.64                      1.07  -0.43     0.57
  SINCE JAN 1      1.96                      2.31  -0.35     1.51

SNOWFALL (IN)
  YESTERDAY        0.0           5.5  2011   0.3   -0.3      0.0
  MONTH TO DATE    2.0                       7.0   -5.0      2.7
  SINCE MAR 1      2.0                       7.0   -5.0      2.7
  SINCE JUL 1     30.9                      41.2  -10.3     28.4
  SNOW DEPTH       0

DEGREE DAYS
 HEATING
  YESTERDAY       27                        32     -5       31
  MONTH TO DATE  870                       862      8      626
  SINCE MAR 1    870                       862      8      626
  SINCE JUL 1   6226                      7308  -1082     6077

 COOLING
  YESTERDAY        0                         0      0        0
  MONTH TO DATE    0                         0      0        0
  SINCE MAR 1      0                         0      0        0
  SINCE JAN 1      0                         0      0        0
..................................................................


WIND (MPH)
  HIGHEST WIND SPEED    22   HIGHEST WIND DIRECTION    SE (150)
  HIGHEST GUST SPEED    26   HIGHEST GUST DIRECTION    SE (150)
  AVERAGE WIND SPEED    10.2


SKY COVER
  POSSIBLE SUNSHINE  MM
  AVERAGE SKY COVER 1.0


WEATHER CONDITIONS
 THE FOLLOWING WEATHER WAS RECORDED YESTERDAY.
  THUNDERSTORM
  LIGHT RAIN
  FOG
  HAZE


RELATIVE HUMIDITY (PERCENT)
 HIGHEST   100           700 PM
 LOWEST     47          1200 AM
 AVERAGE    74

..........................................................


THE ST CLOUD MN CLIMATE NORMALS FOR TODAY
                         NORMAL    RECORD    YEAR
 MAXIMUM TEMPERATURE (F)   43        78      1910
 MINIMUM TEMPERATURE (F)   23       -22      1965


SUNRISE AND SUNSET
MARCH 24 2017.........SUNRISE   711 AM CDT   SUNSET   734 PM CDT
MARCH 25 2017.........SUNRISE   709 AM CDT   SUNSET   736 PM CDT


-  INDICATES NEGATIVE NUMBERS.
R  INDICATES RECORD WAS SET OR TIED.
MM INDICATES DATA IS MISSING.
T  INDICATES TRACE AMOUNT.




$$
