000
CDUS43 KMPX 300651
CLISTC


CLIMATE REPORT
NATIONAL WEATHER SERVICE CHANHASSEN MN
150 AM CDT SAT MAY 30 2015


...................................

...THE ST CLOUD MN CLIMATE SUMMARY FOR MAY 29 2015...

CLIMATE NORMAL PERIOD 1981 TO 2010
CLIMATE RECORD PERIOD 1893 TO 2015


WEATHER ITEM   OBSERVED TIME   RECORD YEAR NORMAL DEPARTURE LAST
                VALUE   (LST)  VALUE       VALUE  FROM      YEAR
                                                  NORMAL
..................................................................
TEMPERATURE (F)
 YESTERDAY
  MAXIMUM         67   1207 AM  92    2006  72     -5       84
                                      1934
  MINIMUM         49   1159 PM  31    1947  48      1       53
  AVERAGE         58                        60     -2       69

PRECIPITATION (IN)
  YESTERDAY        0.18          1.37 2008   0.10   0.08     0.00
  MONTH TO DATE    6.03                      2.74   3.29     4.96
  SINCE MAR 1      8.08                      6.86   1.22    12.06
  SINCE JAN 1      8.67                      8.10   0.57    14.57

SNOWFALL (IN)
  YESTERDAY        0.0           0.0    MM   0.0    0.0      0.0
  MONTH TO DATE    0.0                       0.0    0.0      0.0
  SINCE MAR 1      4.3                      11.5   -7.2     21.2
  SINCE JUL 1     31.1                      45.7  -14.6     75.5
  SNOW DEPTH       0

DEGREE DAYS
 HEATING
  YESTERDAY        7                         6      1        0
  MONTH TO DATE  279                       276      3      266
  SINCE MAR 1   1831                      1997   -166     2289
  SINCE JUL 1   8089                      8443   -354     9498

 COOLING
  YESTERDAY        0                         1     -1        4
  MONTH TO DATE    5                        21    -16       30
  SINCE MAR 1      5                        23    -18       30
  SINCE JAN 1      5                        23    -18       30
..................................................................


WIND (MPH)
  HIGHEST WIND SPEED    20   HIGHEST WIND DIRECTION     N (360)
  HIGHEST GUST SPEED    27   HIGHEST GUST DIRECTION     N (360)
  AVERAGE WIND SPEED     9.6


SKY COVER
  POSSIBLE SUNSHINE  MM
  AVERAGE SKY COVER 0.6


WEATHER CONDITIONS
 THE FOLLOWING WEATHER WAS RECORDED YESTERDAY.
  LIGHT RAIN
  FOG


RELATIVE HUMIDITY (PERCENT)
 HIGHEST    97           500 AM
 LOWEST     73          1200 AM
 AVERAGE    85

..........................................................


THE ST CLOUD MN CLIMATE NORMALS FOR TODAY
                         NORMAL    RECORD    YEAR
 MAXIMUM TEMPERATURE (F)   73        99      1934
 MINIMUM TEMPERATURE (F)   49        34      1947
                                             1910


SUNRISE AND SUNSET
MAY 30 2015...........SUNRISE   532 AM CDT   SUNSET   856 PM CDT
MAY 31 2015...........SUNRISE   532 AM CDT   SUNSET   857 PM CDT


-  INDICATES NEGATIVE NUMBERS.
R  INDICATES RECORD WAS SET OR TIED.
MM INDICATES DATA IS MISSING.
T  INDICATES TRACE AMOUNT.




$$
