000
CDUS43 KEAX 180638
CLISTJ


CLIMATE REPORT
NATIONAL WEATHER SERVICE KANSAS CITY/PLEASANT HILL MO
137 AM CDT THU SEP 18 2014


...................................

...THE ST. JOSEPH MO CLIMATE SUMMARY FOR SEPTEMBER 17 2014...

CLIMATE NORMAL PERIOD 1981 TO 2010
CLIMATE RECORD PERIOD 1892 TO 2014


WEATHER ITEM   OBSERVED TIME   RECORD YEAR NORMAL DEPARTURE LAST
                VALUE   (LST)  VALUE       VALUE  FROM      YEAR
                                                  NORMAL
..................................................................
TEMPERATURE (F)
 YESTERDAY
  MAXIMUM         79    351 PM 102    1953  79      0       79
  MINIMUM         59   1053 PM  38    1981  53      6       61
  AVERAGE         69                        66      3       70

PRECIPITATION (IN)
  YESTERDAY        0.00          4.24 1978   0.10  -0.10     0.27
  MONTH TO DATE    1.67                      2.17  -0.50     2.29
  SINCE SEP 1      1.67                      2.17  -0.50     2.29
  SINCE JAN 1     24.22                     28.47  -4.25    21.96

DEGREE DAYS
 HEATING
  YESTERDAY        0                         2     -2        0
  MONTH TO DATE   64                        20     44        7
  SINCE SEP 1     64                        20     44        7
  SINCE JUL 1     70                        25     45        9

 COOLING
  YESTERDAY        4                         3      1        5
  MONTH TO DATE   77                        88    -11      142
  SINCE SEP 1     77                        88    -11      142
  SINCE JAN 1   1126                      1165    -39     1212
..................................................................


WIND (MPH)
  HIGHEST WIND SPEED     8   HIGHEST WIND DIRECTION    SE (150)
  HIGHEST GUST SPEED    11   HIGHEST GUST DIRECTION    SE (130)
  AVERAGE WIND SPEED     3.0


SKY COVER
  POSSIBLE SUNSHINE  MM
  AVERAGE SKY COVER 0.8


WEATHER CONDITIONS
 THE FOLLOWING WEATHER WAS RECORDED YESTERDAY.
  FOG


RELATIVE HUMIDITY (PERCENT)
 HIGHEST   100           900 PM
 LOWEST     62           300 PM
 AVERAGE    81

..........................................................


THE ST. JOSEPH MO CLIMATE NORMALS FOR TODAY
                         NORMAL    RECORD    YEAR
 MAXIMUM TEMPERATURE (F)   78        98      1925
 MINIMUM TEMPERATURE (F)   53        36      1981


SUNRISE AND SUNSET
SEPTEMBER 18 2014.....SUNRISE   703 AM CDT   SUNSET   723 PM CDT
SEPTEMBER 19 2014.....SUNRISE   704 AM CDT   SUNSET   722 PM CDT


-  INDICATES NEGATIVE NUMBERS.
R  INDICATES RECORD WAS SET OR TIED.
MM INDICATES DATA IS MISSING.
T  INDICATES TRACE AMOUNT.




$$
