640
CDUS43 KEAX 100033
CLISTJ


CLIMATE REPORT
NATIONAL WEATHER SERVICE KANSAS CITY/PLEASANT HILL MO
633 PM CST TUE FEB 9 2016


...................................

...THE ST. JOSEPH MO CLIMATE SUMMARY FOR FEBRUARY 9 2016...
VALID TODAY AS OF 0600 PM LOCAL TIME.

CLIMATE NORMAL PERIOD 1981 TO 2010
CLIMATE RECORD PERIOD 1892 TO 2016


WEATHER ITEM   OBSERVED TIME   RECORD YEAR NORMAL DEPARTURE LAST
                VALUE   (LST)  VALUE       VALUE  FROM      YEAR
                                                  NORMAL
..................................................................
TEMPERATURE (F)
 TODAY
  MAXIMUM         28    444 PM  64    1932  41    -13       39
  MINIMUM         14    713 AM -21    1979  20     -6       31
  AVERAGE         21                        30     -9       35

PRECIPITATION (IN)
  TODAY            0.00          0.44 2001   0.03  -0.03     0.00
  MONTH TO DATE    0.32                      0.26   0.06     0.25
  SINCE DEC 1      3.16                      2.34   0.82     2.36
  SINCE JAN 1      0.91                      0.82   0.09     1.40

DEGREE DAYS
 HEATING
  TODAY           44                        35      9       30
  MONTH TO DATE  291                       319    -28      352
  SINCE DEC 1   2280                      2591   -311     2443
  SINCE JUL 1   3116                      3702   -586     3689

 COOLING
  TODAY            0                         0      0        0
  MONTH TO DATE    0                         0      0        0
  SINCE DEC 1      0                         0      0        0
  SINCE JAN 1      0                         0      0        0
..................................................................


WIND (MPH)
  HIGHEST WIND SPEED    32   HIGHEST WIND DIRECTION    NW (330)
  HIGHEST GUST SPEED    39   HIGHEST GUST DIRECTION    NW (330)
  AVERAGE WIND SPEED    20.0


SKY COVER
  AVERAGE SKY COVER 0.1


WEATHER CONDITIONS
 THE FOLLOWING WEATHER WAS RECORDED TODAY.
  NO SIGNIFICANT WEATHER WAS OBSERVED.


RELATIVE HUMIDITY (PERCENT)
 HIGHEST    68          1200 AM
 LOWEST     33           400 PM
 AVERAGE    51

..........................................................


THE ST. JOSEPH MO CLIMATE NORMALS FOR TOMORROW
                         NORMAL    RECORD    YEAR
 MAXIMUM TEMPERATURE (F)   41        74      1932
 MINIMUM TEMPERATURE (F)   20       -12      1982


SUNRISE AND SUNSET
FEBRUARY  9 2016......SUNRISE   720 AM CST   SUNSET   548 PM CST
FEBRUARY 10 2016......SUNRISE   719 AM CST   SUNSET   550 PM CST


-  INDICATES NEGATIVE NUMBERS.
R  INDICATES RECORD WAS SET OR TIED.
MM INDICATES DATA IS MISSING.
T  INDICATES TRACE AMOUNT.




$$
