000
CDUS43 KEAX 260033
CLISTJ


CLIMATE REPORT
NATIONAL WEATHER SERVICE KANSAS CITY/PLEASANT HILL MO
732 PM CDT FRI JUL 25 2014


...................................

...THE ST. JOSEPH MO CLIMATE SUMMARY FOR JULY 25 2014...
VALID TODAY AS OF 0700 PM LOCAL TIME.

CLIMATE NORMAL PERIOD 1981 TO 2010
CLIMATE RECORD PERIOD 1892 TO 2014


WEATHER ITEM   OBSERVED TIME   RECORD YEAR NORMAL DEPARTURE LAST
                VALUE   (LST)  VALUE       VALUE  FROM      YEAR
                                                  NORMAL
..................................................................
TEMPERATURE (F)
 TODAY
  MAXIMUM         95    452 PM 108    1936  87      8       82
  MINIMUM         69   1255 AM  53    1975  67      2       63
  AVERAGE         82                        77      5       73

PRECIPITATION (IN)
  TODAY            0.00          2.18 1981   0.19  -0.19     0.06
  MONTH TO DATE    4.41                      4.15   0.26     0.25
  SINCE JUN 1     12.32                      8.33   3.99     2.34
  SINCE JAN 1     20.09                     21.28  -1.19    16.39

DEGREE DAYS
 HEATING
  TODAY            0                         0      0        0
  MONTH TO DATE    6                         0      6        0
  SINCE JUN 1      7                         8     -1       15
  SINCE JUL 1      6                         0      6        0

 COOLING
  TODAY           17                        12      5        8
  MONTH TO DATE  221                       298    -77      321
  SINCE JUN 1    500                       565    -65      596
  SINCE JAN 1    661                       678    -17      722
..................................................................


WIND (MPH)
  HIGHEST WIND SPEED    21   HIGHEST WIND DIRECTION     S (190)
  HIGHEST GUST SPEED    25   HIGHEST GUST DIRECTION     S (190)
  AVERAGE WIND SPEED    12.1


SKY COVER
  AVERAGE SKY COVER 0.0


WEATHER CONDITIONS
 THE FOLLOWING WEATHER WAS RECORDED TODAY.
  NO SIGNIFICANT WEATHER WAS OBSERVED.


RELATIVE HUMIDITY (PERCENT)
 HIGHEST    82           800 AM
 LOWEST     53           400 PM
 AVERAGE    68

..........................................................


THE ST. JOSEPH MO CLIMATE NORMALS FOR TOMORROW
                         NORMAL    RECORD    YEAR
 MAXIMUM TEMPERATURE (F)   87       106      1936
 MINIMUM TEMPERATURE (F)   67        51      1971


SUNRISE AND SUNSET
JULY 25 2014..........SUNRISE   612 AM CDT   SUNSET   839 PM CDT
JULY 26 2014..........SUNRISE   613 AM CDT   SUNSET   839 PM CDT


-  INDICATES NEGATIVE NUMBERS.
R  INDICATES RECORD WAS SET OR TIED.
MM INDICATES DATA IS MISSING.
T  INDICATES TRACE AMOUNT.




$$
