471
CDUS43 KEAX 290647
CLISTJ


CLIMATE REPORT
NATIONAL WEATHER SERVICE KANSAS CITY/PLEASANT HILL MO
147 AM CDT FRI APR 29 2016


...................................

...THE ST. JOSEPH MO CLIMATE SUMMARY FOR APRIL 28 2016...

CLIMATE NORMAL PERIOD 1981 TO 2010
CLIMATE RECORD PERIOD 1892 TO 2016


WEATHER ITEM   OBSERVED TIME   RECORD YEAR NORMAL DEPARTURE LAST
                VALUE   (LST)  VALUE       VALUE  FROM      YEAR
                                                  NORMAL
..................................................................
TEMPERATURE (F)
 YESTERDAY
  MAXIMUM         56    407 PM  96    1970  69    -13       74
  MINIMUM         47    507 AM  28    1965  47      0       38
  AVERAGE         52                        58     -6       56

PRECIPITATION (IN)
  YESTERDAY        0.00          1.24 1956   0.18  -0.18     0.00
  MONTH TO DATE    5.52                      3.42   2.10     2.85
  SINCE MAR 1      6.39                      5.67   0.72     4.18
  SINCE JAN 1      7.30                      7.16   0.14     5.93

DEGREE DAYS
 HEATING
  YESTERDAY       13                         8      5        9
  MONTH TO DATE  251                       330    -79      260
  SINCE MAR 1    754                      1015   -261      867
  SINCE JUL 1   4372                      5323   -951     5391

 COOLING
  YESTERDAY        0                         1     -1        0
  MONTH TO DATE   17                        21     -4        4
  SINCE MAR 1     19                        23     -4        5
  SINCE JAN 1     19                        23     -4        5
..................................................................


WIND (MPH)
  HIGHEST WIND SPEED    20   HIGHEST WIND DIRECTION     W (250)
  HIGHEST GUST SPEED    24   HIGHEST GUST DIRECTION     W (260)
  AVERAGE WIND SPEED    10.6


SKY COVER
  POSSIBLE SUNSHINE  MM
  AVERAGE SKY COVER 1.0


WEATHER CONDITIONS
 THE FOLLOWING WEATHER WAS RECORDED YESTERDAY.
  FOG


RELATIVE HUMIDITY (PERCENT)
 HIGHEST    93           500 AM
 LOWEST     66           400 PM
 AVERAGE    80

..........................................................


THE ST. JOSEPH MO CLIMATE NORMALS FOR TODAY
                         NORMAL    RECORD    YEAR
 MAXIMUM TEMPERATURE (F)   70        94      1987
 MINIMUM TEMPERATURE (F)   47        31      1958


SUNRISE AND SUNSET
APRIL 29 2016.........SUNRISE   622 AM CDT   SUNSET   812 PM CDT
APRIL 30 2016.........SUNRISE   621 AM CDT   SUNSET   813 PM CDT


-  INDICATES NEGATIVE NUMBERS.
R  INDICATES RECORD WAS SET OR TIED.
MM INDICATES DATA IS MISSING.
T  INDICATES TRACE AMOUNT.




$$
