000
CDUS43 KEAX 230032
CLISTJ


CLIMATE REPORT
NATIONAL WEATHER SERVICE KANSAS CITY/PLEASANT HILL MO
732 PM CDT WED MAR 22 2017


...................................

...THE ST. JOSEPH MO CLIMATE SUMMARY FOR MARCH 22 2017...
VALID TODAY AS OF 0700 PM LOCAL TIME.

CLIMATE NORMAL PERIOD 1981 TO 2010
CLIMATE RECORD PERIOD 1892 TO 2017


WEATHER ITEM   OBSERVED TIME   RECORD YEAR NORMAL DEPARTURE LAST
                VALUE   (LST)  VALUE       VALUE  FROM      YEAR
                                                  NORMAL
..................................................................
TEMPERATURE (F)
 TODAY
  MAXIMUM         58    255 PM  89    1910  58      0       72
  MINIMUM         35    557 AM   8    2002  34      1       51
  AVERAGE         47                        46      1       62

PRECIPITATION (IN)
  TODAY            0.00          0.74 1979   0.08  -0.08     0.00
  MONTH TO DATE    0.06                      1.47  -1.41     0.66
  SINCE MAR 1      0.06                      1.47  -1.41     0.66
  SINCE JAN 1      1.08                      2.96  -1.88     1.57

DEGREE DAYS
 HEATING
  TODAY           18                        19     -1        3
  MONTH TO DATE  448                       527    -79      362
  SINCE MAR 1    448                       527    -79      362
  SINCE JUL 1   3745                      4835  -1090     3980

 COOLING
  TODAY            0                         0      0        0
  MONTH TO DATE    4                         0      4        1
  SINCE MAR 1      4                         0      4        1
  SINCE JAN 1      4                         0      4        1
..................................................................


WIND (MPH)
  HIGHEST WIND SPEED    20   HIGHEST WIND DIRECTION    SE (120)
  HIGHEST GUST SPEED    25   HIGHEST GUST DIRECTION     E (110)
  AVERAGE WIND SPEED    11.4


SKY COVER
  AVERAGE SKY COVER 0.1


WEATHER CONDITIONS
 THE FOLLOWING WEATHER WAS RECORDED TODAY.
  NO SIGNIFICANT WEATHER WAS OBSERVED.


RELATIVE HUMIDITY (PERCENT)
 HIGHEST    59           500 AM
 LOWEST     30           200 PM
 AVERAGE    45

..........................................................


THE ST. JOSEPH MO CLIMATE NORMALS FOR TOMORROW
                         NORMAL    RECORD    YEAR
 MAXIMUM TEMPERATURE (F)   58        87      1910
 MINIMUM TEMPERATURE (F)   34        12      1965


SUNRISE AND SUNSET
MARCH 22 2017.........SUNRISE   719 AM CDT   SUNSET   734 PM CDT
MARCH 23 2017.........SUNRISE   718 AM CDT   SUNSET   735 PM CDT


-  INDICATES NEGATIVE NUMBERS.
R  INDICATES RECORD WAS SET OR TIED.
MM INDICATES DATA IS MISSING.
T  INDICATES TRACE AMOUNT.




$$
