000
CDUS43 KEAX 232126
CLISTJ


CLIMATE REPORT
NATIONAL WEATHER SERVICE KANSAS CITY/PLEASANT HILL MO
426 PM CDT SAT JUL 23 2016


...................................

...THE ST. JOSEPH MO CLIMATE SUMMARY FOR JULY 23 2016...
VALID AS OF 0400 PM LOCAL TIME.

CLIMATE NORMAL PERIOD 1981 TO 2010
CLIMATE RECORD PERIOD 1892 TO 2016


WEATHER ITEM   OBSERVED TIME   RECORD YEAR NORMAL DEPARTURE LAST
                VALUE   (LST)  VALUE       VALUE  FROM      YEAR
                                                  NORMAL
..................................................................
TEMPERATURE (F)
 TODAY
  MAXIMUM         94    259 PM 103    1941  87      7       88
  MINIMUM         79    542 AM  53    2003  67     12       66
  AVERAGE         87                        77     10       77

PRECIPITATION (IN)
  TODAY            0.00          1.15 1932   0.19  -0.19     0.00
  MONTH TO DATE    8.31                      3.77   4.54     4.01
  SINCE JUN 1      9.02                      7.95   1.07    10.91
  SINCE JAN 1     23.15                     20.90   2.25    26.60

DEGREE DAYS
 HEATING
  TODAY            0                         0      0        0
  MONTH TO DATE    2                         0      2        0
  SINCE JUN 1      2                         8     -6        1
  SINCE JUL 1      2                         0      2        0

 COOLING
  TODAY           22                        12     10       12
  MONTH TO DATE  323                       274     49      266
  SINCE JUN 1    750                       541    209      580
  SINCE JAN 1    833                       654    179      648
..................................................................


WIND (MPH)
  HIGHEST WIND SPEED    17   HIGHEST WIND DIRECTION     S (200)
  HIGHEST GUST SPEED    24   HIGHEST GUST DIRECTION    SW (220)
  AVERAGE WIND SPEED     9.0


SKY COVER
  AVERAGE SKY COVER 0.0


WEATHER CONDITIONS
 THE FOLLOWING WEATHER WAS RECORDED TODAY.
  NO SIGNIFICANT WEATHER WAS OBSERVED.


RELATIVE HUMIDITY (PERCENT)
 HIGHEST    79          1200 AM
 LOWEST     56           100 PM
 AVERAGE    68

..........................................................


THE ST. JOSEPH MO CLIMATE NORMALS FOR TOMORROW
                         NORMAL    RECORD    YEAR
 MAXIMUM TEMPERATURE (F)   87       108      1934
 MINIMUM TEMPERATURE (F)   67        54      2003


SUNRISE AND SUNSET
JULY 23 2016..........SUNRISE   611 AM CDT   SUNSET   841 PM CDT
JULY 24 2016..........SUNRISE   612 AM CDT   SUNSET   840 PM CDT


-  INDICATES NEGATIVE NUMBERS.
R  INDICATES RECORD WAS SET OR TIED.
MM INDICATES DATA IS MISSING.
T  INDICATES TRACE AMOUNT.




$$
