055
CDUS43 KEAX 190042
CLISTJ


CLIMATE REPORT
NATIONAL WEATHER SERVICE KANSAS CITY/PLEASANT HILL MO
641 PM CST WED JAN 18 2017


...................................

...THE ST. JOSEPH MO CLIMATE SUMMARY FOR JANUARY 18 2017...
VALID TODAY AS OF 0600 PM LOCAL TIME.

CLIMATE NORMAL PERIOD 1981 TO 2010
CLIMATE RECORD PERIOD 1892 TO 2017


WEATHER ITEM   OBSERVED TIME   RECORD YEAR NORMAL DEPARTURE LAST
                VALUE   (LST)  VALUE       VALUE  FROM      YEAR
                                                  NORMAL
..................................................................
TEMPERATURE (F)
 TODAY
  MAXIMUM         49    405 PM  69    1951  37     12       20
  MINIMUM         23   1233 AM -15    1940  17      6      -10
  AVERAGE         36                        27      9        5

PRECIPITATION (IN)
  TODAY            0.00          0.82 1979   0.01  -0.01     0.00
  MONTH TO DATE    0.91                      0.30   0.61     0.54
  SINCE DEC 1      2.01                      1.82   0.19     2.79
  SINCE JAN 1      0.91                      0.30   0.61     0.54

DEGREE DAYS
 HEATING
  TODAY           29                        38     -9       60
  MONTH TO DATE  452                       687   -235      715
  SINCE DEC 1   1597                      1789   -192     1541
  SINCE JUL 1   2272                      2900   -628     2377

 COOLING
  TODAY            0                         0      0        0
  MONTH TO DATE    0                         0      0        0
  SINCE DEC 1      0                         0      0        0
  SINCE JAN 1      0                         0      0        0
..................................................................


WIND (MPH)
  HIGHEST WIND SPEED    13   HIGHEST WIND DIRECTION     S (160)
  HIGHEST GUST SPEED    16   HIGHEST GUST DIRECTION     S (200)
  AVERAGE WIND SPEED     5.1


SKY COVER
  AVERAGE SKY COVER 0.5


WEATHER CONDITIONS
 THE FOLLOWING WEATHER WAS RECORDED TODAY.
  FOG
  FOG W/VISIBILITY <= 1/4 MILE


RELATIVE HUMIDITY (PERCENT)
 HIGHEST   100          1200 AM
 LOWEST     71           300 PM
 AVERAGE    86

..........................................................


THE ST. JOSEPH MO CLIMATE NORMALS FOR TOMORROW
                         NORMAL    RECORD    YEAR
 MAXIMUM TEMPERATURE (F)   37        64      2015
 MINIMUM TEMPERATURE (F)   17       -15      1943


SUNRISE AND SUNSET
JANUARY 18 2017.......SUNRISE   738 AM CST   SUNSET   523 PM CST
JANUARY 19 2017.......SUNRISE   737 AM CST   SUNSET   524 PM CST


-  INDICATES NEGATIVE NUMBERS.
R  INDICATES RECORD WAS SET OR TIED.
MM INDICATES DATA IS MISSING.
T  INDICATES TRACE AMOUNT.




$$
