000
CDUS43 KEAX 210637
CLISTJ


CLIMATE REPORT
NATIONAL WEATHER SERVICE KANSAS CITY/PLEASANT HILL MO
137 AM CDT MON APR 21 2014


...................................

...THE ST. JOSEPH MO CLIMATE SUMMARY FOR APRIL 20 2014...

CLIMATE NORMAL PERIOD 1981 TO 2010
CLIMATE RECORD PERIOD 1892 TO 2014


WEATHER ITEM   OBSERVED TIME   RECORD YEAR NORMAL DEPARTURE LAST
                VALUE   (LST)  VALUE       VALUE  FROM      YEAR
                                                  NORMAL
..................................................................
TEMPERATURE (F)
 YESTERDAY
  MAXIMUM         82    106 PM  89    1987  67     15       55
  MINIMUM         54    431 AM  24    2013  44     10       24
  AVERAGE         68                        56     12       40

PRECIPITATION (IN)
  YESTERDAY        0.00          1.72 1933   0.14  -0.14     0.00
  MONTH TO DATE    2.04                      2.18  -0.14     2.91
  SINCE MAR 1      2.45                      4.43  -1.98     4.99
  SINCE JAN 1      3.27                      5.92  -2.65     6.00

DEGREE DAYS
 HEATING
  YESTERDAY        0                        10    -10       25
  MONTH TO DATE  306                       259     47      362
  SINCE MAR 1   1132                       944    188     1211
  SINCE JUL 1   6072                      5252    820     5315

 COOLING
  YESTERDAY        3                         1      2        0
  MONTH TO DATE    6                        13     -7        0
  SINCE MAR 1      6                        15     -9        0
  SINCE JAN 1      6                        15     -9        0
..................................................................


WIND (MPH)
  HIGHEST WIND SPEED    23   HIGHEST WIND DIRECTION     S (200)
  HIGHEST GUST SPEED    29   HIGHEST GUST DIRECTION     S (180)
  AVERAGE WIND SPEED    10.7


SKY COVER
  POSSIBLE SUNSHINE  MM
  AVERAGE SKY COVER 0.1


WEATHER CONDITIONS
 THE FOLLOWING WEATHER WAS RECORDED YESTERDAY.
  NO SIGNIFICANT WEATHER WAS OBSERVED.


RELATIVE HUMIDITY (PERCENT)
 HIGHEST    77           400 AM
 LOWEST     37           100 PM
 AVERAGE    57

..........................................................


THE ST. JOSEPH MO CLIMATE NORMALS FOR TODAY
                         NORMAL    RECORD    YEAR
 MAXIMUM TEMPERATURE (F)   67        91      1980
 MINIMUM TEMPERATURE (F)   44        20      1966


SUNRISE AND SUNSET
APRIL 21 2014.........SUNRISE   633 AM CDT   SUNSET   804 PM CDT
APRIL 22 2014.........SUNRISE   632 AM CDT   SUNSET   805 PM CDT


-  INDICATES NEGATIVE NUMBERS.
R  INDICATES RECORD WAS SET OR TIED.
MM INDICATES DATA IS MISSING.
T  INDICATES TRACE AMOUNT.




$$
