000
CDUS43 KEAX 260033
CLISTJ


CLIMATE REPORT
NATIONAL WEATHER SERVICE KANSAS CITY/PLEASANT HILL MO
633 PM CST SAT FEB 25 2017


...................................

...THE ST. JOSEPH MO CLIMATE SUMMARY FOR FEBRUARY 25 2017...
VALID TODAY AS OF 0600 PM LOCAL TIME.

CLIMATE NORMAL PERIOD 1981 TO 2010
CLIMATE RECORD PERIOD 1892 TO 2017


WEATHER ITEM   OBSERVED TIME   RECORD YEAR NORMAL DEPARTURE LAST
                VALUE   (LST)  VALUE       VALUE  FROM      YEAR
                                                  NORMAL
..................................................................
TEMPERATURE (F)
 TODAY
  MAXIMUM         41    505 PM  76    1981  46     -5       42
  MINIMUM         16    650 AM  -5    2010  24     -8       29
                                      2003
  AVERAGE         29                        35     -6       36

PRECIPITATION (IN)
  TODAY            0.00          1.28 1951   0.03  -0.03      T
  MONTH TO DATE    0.05                      0.81  -0.76     0.32
  SINCE DEC 1      2.12                      2.89  -0.77     3.16
  SINCE JAN 1      1.02                      1.37  -0.35     0.91

DEGREE DAYS
 HEATING
  TODAY           36                        30      6       29
  MONTH TO DATE  606                       836   -230      717
  SINCE DEC 1   2563                      3108   -545     2706
  SINCE JUL 1   3238                      4219   -981     3542

 COOLING
  TODAY            0                         0      0        0
  MONTH TO DATE    0                         0      0        0
  SINCE DEC 1      0                         0      0        0
  SINCE JAN 1      0                         0      0        0
..................................................................


WIND (MPH)
  HIGHEST WIND SPEED    20   HIGHEST WIND DIRECTION    NW (330)
  HIGHEST GUST SPEED    24   HIGHEST GUST DIRECTION     N (340)
  AVERAGE WIND SPEED     8.8


SKY COVER
  AVERAGE SKY COVER 0.3


WEATHER CONDITIONS
 THE FOLLOWING WEATHER WAS RECORDED TODAY.
  NO SIGNIFICANT WEATHER WAS OBSERVED.


RELATIVE HUMIDITY (PERCENT)
 HIGHEST    84           600 AM
 LOWEST     33           500 PM
 AVERAGE    59

..........................................................


THE ST. JOSEPH MO CLIMATE NORMALS FOR TOMORROW
                         NORMAL    RECORD    YEAR
 MAXIMUM TEMPERATURE (F)   46        73      1988
 MINIMUM TEMPERATURE (F)   25        -4      1934


SUNRISE AND SUNSET
FEBRUARY 25 2017......SUNRISE   658 AM CST   SUNSET   608 PM CST
FEBRUARY 26 2017......SUNRISE   657 AM CST   SUNSET   609 PM CST


-  INDICATES NEGATIVE NUMBERS.
R  INDICATES RECORD WAS SET OR TIED.
MM INDICATES DATA IS MISSING.
T  INDICATES TRACE AMOUNT.




$$
