000
CDUS43 KEAX 210634
CLISTJ


CLIMATE REPORT
NATIONAL WEATHER SERVICE KANSAS CITY/PLEASANT HILL MO
1233 AM CST SUN JAN 21 2018


...................................

...THE ST. JOSEPH MO CLIMATE SUMMARY FOR JANUARY 20 2018...

CLIMATE NORMAL PERIOD 1981 TO 2010
CLIMATE RECORD PERIOD 1892 TO 2018


WEATHER ITEM   OBSERVED TIME   RECORD YEAR NORMAL DEPARTURE LAST
                VALUE   (LST)  VALUE       VALUE  FROM      YEAR
                                                  NORMAL
..................................................................
TEMPERATURE (F)
 YESTERDAY
  MAXIMUM         52    116 PM  64    1997  37     15       49
  MINIMUM         32    951 PM -15    1985  18     14       36
  AVERAGE         42                        27     15       43

PRECIPITATION (IN)
  YESTERDAY        0.00          0.86 1916   0.01  -0.01     0.05
  MONTH TO DATE    0.18                      0.33  -0.15     0.97
  SINCE DEC 1      0.32                      1.85  -1.53     2.07
  SINCE JAN 1      0.18                      0.33  -0.15     0.97

DEGREE DAYS
 HEATING
  YESTERDAY       23                        38    -15       22
  MONTH TO DATE  518                       763   -245      496
  SINCE DEC 1   1608                      1865   -257     1641
  SINCE JUL 1   2583                      2976   -393     2316

 COOLING
  YESTERDAY        0                         0      0        0
  MONTH TO DATE    0                         0      0        0
  SINCE DEC 1      0                         0      0        0
  SINCE JAN 1      0                         0      0        0
..................................................................


WIND (MPH)
  HIGHEST WIND SPEED    14   HIGHEST WIND DIRECTION     S (190)
  HIGHEST GUST SPEED    16   HIGHEST GUST DIRECTION     S (190)
  AVERAGE WIND SPEED     4.8


SKY COVER
  POSSIBLE SUNSHINE  MM
  AVERAGE SKY COVER 0.7


WEATHER CONDITIONS
 THE FOLLOWING WEATHER WAS RECORDED YESTERDAY.
  FOG


RELATIVE HUMIDITY (PERCENT)
 HIGHEST   100           800 AM
 LOWEST     75          1200 AM
 AVERAGE    88

..........................................................


THE ST. JOSEPH MO CLIMATE NORMALS FOR TODAY
                         NORMAL    RECORD    YEAR
 MAXIMUM TEMPERATURE (F)   38        68      1933
 MINIMUM TEMPERATURE (F)   18       -11      1930


SUNRISE AND SUNSET
JANUARY 21 2018.......SUNRISE   736 AM CST   SUNSET   526 PM CST
JANUARY 22 2018.......SUNRISE   735 AM CST   SUNSET   528 PM CST


-  INDICATES NEGATIVE NUMBERS.
R  INDICATES RECORD WAS SET OR TIED.
MM INDICATES DATA IS MISSING.
T  INDICATES TRACE AMOUNT.




$$
