000
CDUS43 KEAX 260639
CLISTJ


CLIMATE REPORT
NATIONAL WEATHER SERVICE KANSAS CITY/PLEASANT HILL MO
1238 AM CST MON JAN 26 2015


...................................

...THE ST. JOSEPH MO CLIMATE SUMMARY FOR JANUARY 25 2015...

CLIMATE NORMAL PERIOD 1981 TO 2010
CLIMATE RECORD PERIOD 1892 TO 2015


WEATHER ITEM   OBSERVED TIME   RECORD YEAR NORMAL DEPARTURE LAST
                VALUE   (LST)  VALUE       VALUE  FROM      YEAR
                                                  NORMAL
..................................................................
TEMPERATURE (F)
 YESTERDAY
  MAXIMUM         46    133 AM  60    1943  38      8       48
  MINIMUM         22   1125 PM -13    1940  18      4       23
  AVERAGE         34                        28      6       36

PRECIPITATION (IN)
  YESTERDAY        0.02          0.66 1991   0.02   0.00      T
  MONTH TO DATE    0.05                      0.43  -0.38     0.01
  SINCE DEC 1      1.01                      1.95  -0.94     0.38
  SINCE JAN 1      0.05                      0.43  -0.38     0.01

DEGREE DAYS
 HEATING
  YESTERDAY       31                        37     -6       29
  MONTH TO DATE  961                       948     13     1055
  SINCE DEC 1   1927                      2050   -123     2314
  SINCE JUL 1   3173                      3161     12     3483

 COOLING
  YESTERDAY        0                         0      0        0
  MONTH TO DATE    0                         0      0        0
  SINCE DEC 1      0                         0      0        0
  SINCE JAN 1      0                         0      0        0
..................................................................


WIND (MPH)
  HIGHEST WIND SPEED    32   HIGHEST WIND DIRECTION     N (350)
  HIGHEST GUST SPEED    41   HIGHEST GUST DIRECTION     N (360)
  AVERAGE WIND SPEED    15.5


SKY COVER
  POSSIBLE SUNSHINE  MM
  AVERAGE SKY COVER 0.7


WEATHER CONDITIONS
 THE FOLLOWING WEATHER WAS RECORDED YESTERDAY.
  LIGHT RAIN
  FOG
  FOG W/VISIBILITY <= 1/4 MILE


RELATIVE HUMIDITY (PERCENT)
 HIGHEST    96          1100 PM
 LOWEST     75           700 PM
 AVERAGE    86

..........................................................


THE ST. JOSEPH MO CLIMATE NORMALS FOR TODAY
                         NORMAL    RECORD    YEAR
 MAXIMUM TEMPERATURE (F)   38        66      2002
 MINIMUM TEMPERATURE (F)   18       -12      1936


SUNRISE AND SUNSET
JANUARY 26 2015.......SUNRISE   733 AM CST   SUNSET   532 PM CST
JANUARY 27 2015.......SUNRISE   732 AM CST   SUNSET   533 PM CST


-  INDICATES NEGATIVE NUMBERS.
R  INDICATES RECORD WAS SET OR TIED.
MM INDICATES DATA IS MISSING.
T  INDICATES TRACE AMOUNT.




$$
