000
CDUS43 KLSX 280730
CLISTL


CLIMATE REPORT
NATIONAL WEATHER SERVICE ST LOUIS MO
230 AM CDT WED SEP 28 2016


...................................

...THE ST. LOUIS CLIMATE SUMMARY FOR SEPTEMBER 27 2016...

CLIMATE NORMAL PERIOD 1981 TO 2010
CLIMATE RECORD PERIOD 1874 TO 2016


WEATHER ITEM   OBSERVED TIME   RECORD YEAR NORMAL DEPARTURE LAST
                VALUE   (LST)  VALUE       VALUE  FROM      YEAR
                                                  NORMAL
..................................................................
TEMPERATURE (F)
 YESTERDAY
  MAXIMUM         82    306 PM  91    1891  75      7       77
  MINIMUM         56    536 AM  36    1940  56      0       68
  AVERAGE         69                        66      3       73

PRECIPITATION (IN)
  YESTERDAY        0.00          1.28 1945   0.11  -0.11      T
  MONTH TO DATE    4.90                      2.82   2.08     2.08
  SINCE SEP 1      4.90                      2.82   2.08     2.08
  SINCE JAN 1     33.38                     30.57   2.81    41.01

SNOWFALL (IN)
  YESTERDAY        0.0           0.0  2015   0.0    0.0      0.0
  MONTH TO DATE    0.0                       0.0    0.0      0.0
  SINCE SEP 1      0.0                       0.0    0.0      0.0
  SINCE JUL 1      0.0                       0.0    0.0      0.0
  SNOW DEPTH       0

DEGREE DAYS
 HEATING
  YESTERDAY        0                         3     -3        0
  MONTH TO DATE    0                        28    -28        5
  SINCE SEP 1      0                        28    -28        5
  SINCE JUL 1      0                        29    -29        5

 COOLING
  YESTERDAY        4                         4      0        8
  MONTH TO DATE  324                       194    130      298
  SINCE SEP 1    324                       194    130      298
  SINCE JAN 1   2029                      1593    436     1805
..................................................................


WIND (MPH)
  HIGHEST WIND SPEED    20   HIGHEST WIND DIRECTION     W (260)
  HIGHEST GUST SPEED    26   HIGHEST GUST DIRECTION     W (270)
  AVERAGE WIND SPEED     9.7


SKY COVER
  AVERAGE SKY COVER 0.1


WEATHER CONDITIONS
 THE FOLLOWING WEATHER WAS RECORDED YESTERDAY.
  NO SIGNIFICANT WEATHER WAS OBSERVED.


RELATIVE HUMIDITY (PERCENT)
 HIGHEST    66           500 AM
 LOWEST     28           200 PM
 AVERAGE    47

..........................................................


THE ST. LOUIS CLIMATE NORMALS FOR TODAY
                         NORMAL    RECORD    YEAR
 MAXIMUM TEMPERATURE (F)   75        97      1953
 MINIMUM TEMPERATURE (F)   55        32      1942


SUNRISE AND SUNSET
SEPTEMBER 28 2016.....SUNRISE   655 AM CDT   SUNSET   648 PM CDT
SEPTEMBER 29 2016.....SUNRISE   656 AM CDT   SUNSET   647 PM CDT


-  INDICATES NEGATIVE NUMBERS.
R  INDICATES RECORD WAS SET OR TIED.
MM INDICATES DATA IS MISSING.
T  INDICATES TRACE AMOUNT.




$$
