346
CDUS43 KLSX 110736
CLISTL


CLIMATE REPORT
NATIONAL WEATHER SERVICE ST LOUIS MO
135 AM CST THU FEB 11 2016


...................................

...THE ST. LOUIS CLIMATE SUMMARY FOR FEBRUARY 10 2016...

CLIMATE NORMAL PERIOD 1981 TO 2010
CLIMATE RECORD PERIOD 1874 TO 2016


WEATHER ITEM   OBSERVED TIME   RECORD YEAR NORMAL DEPARTURE LAST
                VALUE   (LST)  VALUE       VALUE  FROM      YEAR
                                                  NORMAL
..................................................................
TEMPERATURE (F)
 YESTERDAY
  MAXIMUM         24   1159 PM  83    1932  43    -19       44
  MINIMUM         15    700 AM  -9    1982  26    -11       28
  AVERAGE         20                        35    -15       36

PRECIPITATION (IN)
  YESTERDAY        0.06          1.46 1875   0.09  -0.03     0.00
  MONTH TO DATE    0.22                      0.79  -0.57     0.72
  SINCE DEC 1     12.76                      6.03   6.73     4.65
  SINCE JAN 1      1.02                      3.19  -2.17     1.93

SNOWFALL (IN)
  YESTERDAY        1.1           4.2  1988   0.1    1.0      0.0
  MONTH TO DATE    1.6                       1.6    0.0      0.9
  SINCE DEC 1      4.9                      11.6   -6.7      1.4
  SINCE JUL 1      4.9                      12.3   -7.4      5.2
  SNOW DEPTH       T

DEGREE DAYS
 HEATING
  YESTERDAY       45                        30     15       29
  MONTH TO DATE  276                       311    -35      291
  SINCE DEC 1   1832                      2279   -447     2073
  SINCE JUL 1   2394                      3105   -711     3030

 COOLING
  YESTERDAY        0                         0      0        0
  MONTH TO DATE    0                         0      0        0
  SINCE DEC 1      0                         0      0        0
  SINCE JAN 1      0                         0      0        0
..................................................................


WIND (MPH)
  HIGHEST WIND SPEED    22   HIGHEST WIND DIRECTION    NW (320)
  HIGHEST GUST SPEED    28   HIGHEST GUST DIRECTION    NW (320)
  AVERAGE WIND SPEED     8.4


SKY COVER
  AVERAGE SKY COVER 0.8


WEATHER CONDITIONS
 THE FOLLOWING WEATHER WAS RECORDED YESTERDAY.
  LIGHT SNOW


RELATIVE HUMIDITY (PERCENT)
 HIGHEST    81           700 PM
 LOWEST     46          1200 PM
 AVERAGE    64

..........................................................


THE ST. LOUIS CLIMATE NORMALS FOR TODAY
                         NORMAL    RECORD    YEAR
 MAXIMUM TEMPERATURE (F)   44        72      1999
 MINIMUM TEMPERATURE (F)   27        -9      1899


SUNRISE AND SUNSET
FEBRUARY 11 2016......SUNRISE   658 AM CST   SUNSET   534 PM CST
FEBRUARY 12 2016......SUNRISE   657 AM CST   SUNSET   535 PM CST


-  INDICATES NEGATIVE NUMBERS.
R  INDICATES RECORD WAS SET OR TIED.
MM INDICATES DATA IS MISSING.
T  INDICATES TRACE AMOUNT.




$$
