000
CDUS43 KLSX 050741
CLISTL


CLIMATE REPORT
NATIONAL WEATHER SERVICE ST LOUIS MO
239 AM CDT WED AUG 5 2015


...................................

...THE ST. LOUIS CLIMATE SUMMARY FOR AUGUST 4 2015...

CLIMATE NORMAL PERIOD 1981 TO 2010
CLIMATE RECORD PERIOD 1874 TO 2015


WEATHER ITEM   OBSERVED TIME   RECORD YEAR NORMAL DEPARTURE LAST
                VALUE   (LST)  VALUE       VALUE  FROM      YEAR
                                                  NORMAL
..................................................................
TEMPERATURE (F)
 YESTERDAY
  MAXIMUM         92    135 PM 105    1930  89      3       92
                                      1918
  MINIMUM         75    604 AM  55    1974  71      4       71
                                      1912
  AVERAGE         84                        80      4       82

PRECIPITATION (IN)
  YESTERDAY        0.00          1.18 2004   0.10  -0.10     0.00
  MONTH TO DATE    0.00                      0.44  -0.44      T
  SINCE JUN 1     17.27                      8.83   8.44     6.85
  SINCE JAN 1     32.26                     25.20   7.06    23.91

SNOWFALL (IN)
  YESTERDAY        0.0           0.0  2013   0.0    0.0      0.0
  MONTH TO DATE    0.0                       0.0    0.0      0.0
  SINCE JUN 1      0.0                       0.0    0.0      0.0
  SINCE JUL 1      0.0                       0.0    0.0      0.0
  SNOW DEPTH       0

DEGREE DAYS
 HEATING
  YESTERDAY        0                         0      0        0
  MONTH TO DATE    0                         0      0        0
  SINCE JUN 1      3                         5     -2        0
  SINCE JUL 1      0                         0      0        0

 COOLING
  YESTERDAY       19                        15      4       17
  MONTH TO DATE   78                        60     18       52
  SINCE JUN 1    958                       861     97      812
  SINCE JAN 1   1182                      1035    147     1074
..................................................................


WIND (MPH)
  HIGHEST WIND SPEED    18   HIGHEST WIND DIRECTION     N (10)
  HIGHEST GUST SPEED    22   HIGHEST GUST DIRECTION     N (10)
  AVERAGE WIND SPEED     6.1


SKY COVER
  AVERAGE SKY COVER 0.9


WEATHER CONDITIONS
 THE FOLLOWING WEATHER WAS RECORDED YESTERDAY.
  THUNDERSTORM
  HAZE


RELATIVE HUMIDITY (PERCENT)
 HIGHEST    74          1000 PM
 LOWEST     47          1200 PM
 AVERAGE    61

..........................................................


THE ST. LOUIS CLIMATE NORMALS FOR TODAY
                         NORMAL    RECORD    YEAR
 MAXIMUM TEMPERATURE (F)   89       104      1918
 MINIMUM TEMPERATURE (F)   71        56      1974
                                             1948


SUNRISE AND SUNSET
AUGUST  5 2015........SUNRISE   606 AM CDT   SUNSET   808 PM CDT
AUGUST  6 2015........SUNRISE   607 AM CDT   SUNSET   807 PM CDT


-  INDICATES NEGATIVE NUMBERS.
R  INDICATES RECORD WAS SET OR TIED.
MM INDICATES DATA IS MISSING.
T  INDICATES TRACE AMOUNT.




$$
