000
CDUS43 KLSX 140730
CLISTL


CLIMATE REPORT
NATIONAL WEATHER SERVICE ST LOUIS MO
229 AM CDT MON JUL 14 2014


...................................

...THE ST. LOUIS CLIMATE SUMMARY FOR JULY 13 2014...

CLIMATE NORMAL PERIOD 1981 TO 2010
CLIMATE RECORD PERIOD 1874 TO 2014


WEATHER ITEM   OBSERVED TIME   RECORD YEAR NORMAL DEPARTURE LAST
                VALUE   (LST)  VALUE       VALUE  FROM      YEAR
                                                  NORMAL
..................................................................
TEMPERATURE (F)
 YESTERDAY
  MAXIMUM         92    234 PM 106    1966  89      3       86
                                      1936
  MINIMUM         77   1159 PM  52    1975  71      6       65
  AVERAGE         85                        80      5       76

PRECIPITATION (IN)
  YESTERDAY        0.11          1.44 1892   0.13  -0.02     0.00
  MONTH TO DATE    0.46                      1.74  -1.28     1.16
  SINCE JUN 1      5.72                      6.02  -0.30     7.09
  SINCE JAN 1     22.78                     22.39   0.39    31.23

SNOWFALL (IN)
  YESTERDAY        0.0           0.0  2013   0.0    0.0      0.0
  MONTH TO DATE    0.0                       0.0    0.0      0.0
  SINCE JUN 1      0.0                       0.0    0.0      0.0
  SINCE JUL 1      0.0                       0.0    0.0      0.0
  SNOW DEPTH       0

DEGREE DAYS
 HEATING
  YESTERDAY        0                         0      0        0
  MONTH TO DATE    0                         0      0        0
  SINCE JUN 1      0                         5     -5        1
  SINCE JUL 1      0                         0      0        0

 COOLING
  YESTERDAY       20                        15      5       11
  MONTH TO DATE  173                       195    -22      160
  SINCE JUN 1    571                       529     42      497
  SINCE JAN 1    833                       703    130      708
..................................................................


WIND (MPH)
  HIGHEST WIND SPEED    20   HIGHEST WIND DIRECTION     W (250)
  HIGHEST GUST SPEED    24   HIGHEST GUST DIRECTION     W (250)
  AVERAGE WIND SPEED     7.4


SKY COVER
  AVERAGE SKY COVER 0.8


WEATHER CONDITIONS
 THE FOLLOWING WEATHER WAS RECORDED YESTERDAY.
  THUNDERSTORM
  HEAVY RAIN
  RAIN
  LIGHT RAIN
  HAZE


RELATIVE HUMIDITY (PERCENT)
 HIGHEST    79           700 PM
 LOWEST     52          1200 PM
 AVERAGE    66

..........................................................


THE ST. LOUIS CLIMATE NORMALS FOR TODAY
                         NORMAL    RECORD    YEAR
 MAXIMUM TEMPERATURE (F)   89       115      1954
 MINIMUM TEMPERATURE (F)   71        51      1967


SUNRISE AND SUNSET
JULY 14 2014..........SUNRISE   548 AM CDT   SUNSET   826 PM CDT
JULY 15 2014..........SUNRISE   549 AM CDT   SUNSET   826 PM CDT


-  INDICATES NEGATIVE NUMBERS.
R  INDICATES RECORD WAS SET OR TIED.
MM INDICATES DATA IS MISSING.
T  INDICATES TRACE AMOUNT.




$$
