000
CDUS43 KLSX 200745
CLISTL


CLIMATE REPORT
NATIONAL WEATHER SERVICE ST LOUIS MO
245 AM CDT MON OCT 20 2014


...................................

...THE ST. LOUIS CLIMATE SUMMARY FOR OCTOBER 19 2014...

CLIMATE NORMAL PERIOD 1981 TO 2010
CLIMATE RECORD PERIOD 1874 TO 2014


WEATHER ITEM   OBSERVED TIME   RECORD YEAR NORMAL DEPARTURE LAST
                VALUE   (LST)  VALUE       VALUE  FROM      YEAR
                                                  NORMAL
..................................................................
TEMPERATURE (F)
 YESTERDAY
  MAXIMUM         64    300 PM  87    1953  68     -4       59
  MINIMUM         41    604 AM  25    1972  48     -7       42
  AVERAGE         53                        58     -5       51

PRECIPITATION (IN)
  YESTERDAY        0.00          2.87 1885   0.11  -0.11     0.17
  MONTH TO DATE    4.59                      2.04   2.55     1.34
  SINCE SEP 1      8.79                      5.17   3.62     4.08
  SINCE JAN 1     37.76                     32.92   4.84    38.69

SNOWFALL (IN)
  YESTERDAY        0.0           T    1989   0.0    0.0      0.0
  MONTH TO DATE    0.0                       0.0    0.0      0.0
  SINCE SEP 1      0.0                       0.0    0.0      0.0
  SINCE JUL 1      0.0                       0.0    0.0      0.0
  SNOW DEPTH       0

DEGREE DAYS
 HEATING
  YESTERDAY       12                         8      4       14
  MONTH TO DATE  108                       114     -6       77
  SINCE SEP 1    147                       154     -7       80
  SINCE JUL 1    147                       155     -8       80

 COOLING
  YESTERDAY        0                         1     -1        0
  MONTH TO DATE   20                        33    -13       63
  SINCE SEP 1    213                       235    -22      342
  SINCE JAN 1   1718                      1634     84     1728
..................................................................


WIND (MPH)
  HIGHEST WIND SPEED    13   HIGHEST WIND DIRECTION    SW (210)
  HIGHEST GUST SPEED    22   HIGHEST GUST DIRECTION     S (200)
  AVERAGE WIND SPEED     3.9


SKY COVER
  AVERAGE SKY COVER 0.4


WEATHER CONDITIONS
 THE FOLLOWING WEATHER WAS RECORDED YESTERDAY.
  FOG


RELATIVE HUMIDITY (PERCENT)
 HIGHEST    89           300 AM
 LOWEST     52           100 PM
 AVERAGE    71

..........................................................


THE ST. LOUIS CLIMATE NORMALS FOR TODAY
                         NORMAL    RECORD    YEAR
 MAXIMUM TEMPERATURE (F)   67        88      2003
                                             1947
 MINIMUM TEMPERATURE (F)   48        26      1930


SUNRISE AND SUNSET
OCTOBER 20 2014.......SUNRISE   716 AM CDT   SUNSET   616 PM CDT
OCTOBER 21 2014.......SUNRISE   717 AM CDT   SUNSET   615 PM CDT


-  INDICATES NEGATIVE NUMBERS.
R  INDICATES RECORD WAS SET OR TIED.
MM INDICATES DATA IS MISSING.
T  INDICATES TRACE AMOUNT.




$$
