328
CDUS46 KMTR 260845
CLISTS


CLIMATE REPORT
NATIONAL WEATHER SERVICE SAN FRANCISCO BAY AREA
145 AM PDT TUE JUL 26 2016


...................................

...THE SANTA ROSA AIRPORT CLIMATE SUMMARY FOR JULY 25 2016...

CLIMATE NORMAL PERIOD 1981 TO 2010
CLIMATE RECORD PERIOD 1998 TO 2016


WEATHER ITEM   OBSERVED TIME   RECORD YEAR NORMAL DEPARTURE LAST
                VALUE   (LST)  VALUE       VALUE  FROM      YEAR
                                                  NORMAL
..................................................................
TEMPERATURE (F)
 YESTERDAY
  MAXIMUM         88    300 PM  98    2014  83      5       82
  MINIMUM         49    556 AM  47    2008  52     -3       53
  AVERAGE         69                        67      2       68

PRECIPITATION (IN)
  YESTERDAY        T             0.06 2003   0.00   0.00     0.00
  MONTH TO DATE    T                         0.01  -0.01     0.05
  SINCE OCT 1     32.14                     35.85  -3.71    24.56
  SINCE JAN 1     23.56                     22.10   1.46     6.01

DEGREE DAYS
 HEATING
  YESTERDAY        0                                         0
  MONTH TO DATE    7                                         4
  SINCE JUN 1     28                                        23
  SINCE JUL 1      7                                         4

 COOLING
  YESTERDAY        4                                         3
  MONTH TO DATE   71                                        91
  SINCE JUN 1    157                                       177
  SINCE JAN 1    186                                       189
..................................................................


WIND (MPH)
  RESULTANT WIND SPEED   4   RESULTANT WIND DIRECTION   S (180)
  HIGHEST WIND SPEED    13   HIGHEST WIND DIRECTION     S (160)
  HIGHEST GUST SPEED    16   HIGHEST GUST DIRECTION     S (170)
  AVERAGE WIND SPEED     4.1


SKY COVER
  POSSIBLE SUNSHINE  MM
  AVERAGE SKY COVER 0.1


WEATHER CONDITIONS
 THE FOLLOWING WEATHER WAS RECORDED YESTERDAY.
  FOG
  HAZE


RELATIVE HUMIDITY (PERCENT)
 HIGHEST   100           600 AM
 LOWEST     32           200 PM
 AVERAGE    66

..........................................................


THE SANTA ROSA AIRPORT CLIMATE NORMALS FOR TODAY
                         NORMAL    RECORD    YEAR
 MAXIMUM TEMPERATURE (F)   83        95      2008
 MINIMUM TEMPERATURE (F)   52        49      2008


SUNRISE AND SUNSET
JULY 26 2016..........SUNRISE   609 AM PDT   SUNSET   827 PM PDT
JULY 27 2016..........SUNRISE   609 AM PDT   SUNSET   826 PM PDT


-  INDICATES NEGATIVE NUMBERS.
R  INDICATES RECORD WAS SET OR TIED.
MM INDICATES DATA IS MISSING.
T  INDICATES TRACE AMOUNT.




$$
