000
CDUS46 KMTR 230829
CLISTS


CLIMATE REPORT
NATIONAL WEATHER SERVICE SAN FRANCISCO BAY AREA
129 AM PDT WED APR 23 2014


...................................

...THE SANTA ROSA AIRPORT CLIMATE SUMMARY FOR APRIL 22 2014...

CLIMATE NORMAL PERIOD 1981 TO 2010
CLIMATE RECORD PERIOD 1998 TO 2014


WEATHER ITEM   OBSERVED TIME   RECORD YEAR NORMAL DEPARTURE LAST
                VALUE   (LST)  VALUE       VALUE  FROM      YEAR
                                                  NORMAL
..................................................................
TEMPERATURE (F)
 YESTERDAY
  MAXIMUM         66    153 PM  91    2013  70     -4       91
  MINIMUM         47    341 AM  36    2003  43      4       50
  AVERAGE         57                        56      1       71

PRECIPITATION (IN)
  YESTERDAY        0.00          0.29 2005   0.06  -0.06     0.00
  MONTH TO DATE    0.62                      1.64  -1.02     1.11
  SINCE JUL 1     14.46                     34.26 -19.80    27.26
  SINCE JAN 1     12.44                     20.07  -7.63     4.85

DEGREE DAYS
 HEATING
  YESTERDAY        8                                         0
  MONTH TO DATE  145                                       128
  SINCE MAR 1    415                                       477
  SINCE JUL 1   2352                                      2554

 COOLING
  YESTERDAY        0                                         6
  MONTH TO DATE    1                                         7
  SINCE MAR 1      1                                         7
  SINCE JAN 1      1                                         7
..................................................................


WIND (MPH)
  RESULTANT WIND SPEED   8   RESULTANT WIND DIRECTION  NW (300)
  HIGHEST WIND SPEED    23   HIGHEST WIND DIRECTION     W (250)
  HIGHEST GUST SPEED    27   HIGHEST GUST DIRECTION    SW (240)
  AVERAGE WIND SPEED     9.8


SKY COVER
  POSSIBLE SUNSHINE  MM
  AVERAGE SKY COVER 0.4


WEATHER CONDITIONS
 THE FOLLOWING WEATHER WAS RECORDED YESTERDAY.
  NO SIGNIFICANT WEATHER WAS OBSERVED.


RELATIVE HUMIDITY (PERCENT)
 HIGHEST    89          1200 AM
 LOWEST     34           200 PM
 AVERAGE    62

..........................................................


THE SANTA ROSA AIRPORT CLIMATE NORMALS FOR TODAY
                         NORMAL    RECORD    YEAR
 MAXIMUM TEMPERATURE (F)   70        83      2013
                                             2002
 MINIMUM TEMPERATURE (F)   43        36      2008


SUNRISE AND SUNSET
APRIL 23 2014.........SUNRISE   624 AM PDT   SUNSET   756 PM PDT
APRIL 24 2014.........SUNRISE   623 AM PDT   SUNSET   757 PM PDT


-  INDICATES NEGATIVE NUMBERS.
R  INDICATES RECORD WAS SET OR TIED.
MM INDICATES DATA IS MISSING.
T  INDICATES TRACE AMOUNT.




$$
