000
CDUS46 KMTR 010837
CLISTS


CLIMATE REPORT
NATIONAL WEATHER SERVICE SAN FRANCISCO BAY AREA
137 AM PDT WED JUL 1 2015


...................................

...THE SANTA ROSA AIRPORT CLIMATE SUMMARY FOR JUNE 30 2015...

CLIMATE NORMAL PERIOD 1981 TO 2010
CLIMATE RECORD PERIOD 1998 TO 2015


WEATHER ITEM   OBSERVED TIME   RECORD YEAR NORMAL DEPARTURE LAST
                VALUE   (LST)  VALUE       VALUE  FROM      YEAR
                                                  NORMAL
..................................................................
TEMPERATURE (F)
 YESTERDAY
  MAXIMUM        102R   336 PM 100    1999  84     18       94
  MINIMUM         52    448 AM  46    1998  52      0       54
  AVERAGE         77                        68      9       74

PRECIPITATION (IN)
  YESTERDAY        T   R         T    2013   0.01  -0.01     0.00
  MONTH TO DATE    0.02                      0.24  -0.22     0.00
  SINCE OCT 1     24.51                     35.84 -11.33    14.07
  SINCE JAN 1      5.96                     22.09 -16.13    12.57

DEGREE DAYS
 HEATING
  YESTERDAY        0                                         0
  MONTH TO DATE   19                                        29
  SINCE JUN 1     19                                        29
  SINCE JUL 1   2053                                      2512

 COOLING
  YESTERDAY       12                                         9
  MONTH TO DATE   86                                        78
  SINCE JUN 1     86                                        78
  SINCE JAN 1     98                                       136
..................................................................


WIND (MPH)
  RESULTANT WIND SPEED   4   RESULTANT WIND DIRECTION   S (170)
  HIGHEST WIND SPEED    14   HIGHEST WIND DIRECTION     S (170)
  HIGHEST GUST SPEED    16   HIGHEST GUST DIRECTION     S (170)
  AVERAGE WIND SPEED     4.5


SKY COVER
  POSSIBLE SUNSHINE  MM
  AVERAGE SKY COVER 0.2


WEATHER CONDITIONS
 THE FOLLOWING WEATHER WAS RECORDED YESTERDAY.
  NO SIGNIFICANT WEATHER WAS OBSERVED.


RELATIVE HUMIDITY (PERCENT)
 HIGHEST    93           200 AM
 LOWEST     21           300 PM
 AVERAGE    57

..........................................................


THE SANTA ROSA AIRPORT CLIMATE NORMALS FOR TODAY
                         NORMAL    RECORD    YEAR
 MAXIMUM TEMPERATURE (F)   84        97      2013
 MINIMUM TEMPERATURE (F)   52        44      2007


SUNRISE AND SUNSET
JULY  1 2015..........SUNRISE   551 AM PDT   SUNSET   839 PM PDT
JULY  2 2015..........SUNRISE   551 AM PDT   SUNSET   839 PM PDT


-  INDICATES NEGATIVE NUMBERS.
R  INDICATES RECORD WAS SET OR TIED.
MM INDICATES DATA IS MISSING.
T  INDICATES TRACE AMOUNT.




$$
