000
CDUS46 KMTR 260828
CLISTS


CLIMATE REPORT
NATIONAL WEATHER SERVICE SAN FRANCISCO BAY AREA
128 AM PDT THU MAY 26 2016


...................................

...THE SANTA ROSA AIRPORT CLIMATE SUMMARY FOR MAY 25 2016...

CLIMATE NORMAL PERIOD 1981 TO 2010
CLIMATE RECORD PERIOD 1998 TO 2016


WEATHER ITEM   OBSERVED TIME   RECORD YEAR NORMAL DEPARTURE LAST
                VALUE   (LST)  VALUE       VALUE  FROM      YEAR
                                                  NORMAL
..................................................................
TEMPERATURE (F)
 YESTERDAY
  MAXIMUM         75    358 PM  96    2014  76     -1       67
  MINIMUM         52   1157 PM  41    2008  48      4       51
  AVERAGE         64                        62      2       59

PRECIPITATION (IN)
  YESTERDAY        0.00          0.51 2010   0.02  -0.02     0.00
  MONTH TO DATE    0.30                      1.19  -0.89      T
  SINCE OCT 1     31.95                     35.46  -3.51    24.49
  SINCE JAN 1     23.37                     21.71   1.66     5.94

DEGREE DAYS
 HEATING
  YESTERDAY        1                                         6
  MONTH TO DATE  111                                       137
  SINCE MAR 1    580                                       560
  SINCE JUL 1   2310                                      2016

 COOLING
  YESTERDAY        0                                         0
  MONTH TO DATE   15                                         1
  SINCE MAR 1     17                                        12
  SINCE JAN 1     20                                        12
..................................................................


WIND (MPH)
  RESULTANT WIND SPEED   5   RESULTANT WIND DIRECTION   S (160)
  HIGHEST WIND SPEED    16   HIGHEST WIND DIRECTION    SE (130)
  HIGHEST GUST SPEED    20   HIGHEST GUST DIRECTION    SE (140)
  AVERAGE WIND SPEED     5.7


SKY COVER
  POSSIBLE SUNSHINE  MM
  AVERAGE SKY COVER 0.6


WEATHER CONDITIONS
 THE FOLLOWING WEATHER WAS RECORDED YESTERDAY.
  FOG


RELATIVE HUMIDITY (PERCENT)
 HIGHEST    93           500 AM
 LOWEST     46           400 PM
 AVERAGE    70

..........................................................


THE SANTA ROSA AIRPORT CLIMATE NORMALS FOR TODAY
                         NORMAL    RECORD    YEAR
 MAXIMUM TEMPERATURE (F)   77        93      2014
 MINIMUM TEMPERATURE (F)   48        43      2012


SUNRISE AND SUNSET
MAY 26 2016...........SUNRISE   551 AM PDT   SUNSET   826 PM PDT
MAY 27 2016...........SUNRISE   551 AM PDT   SUNSET   826 PM PDT


-  INDICATES NEGATIVE NUMBERS.
R  INDICATES RECORD WAS SET OR TIED.
MM INDICATES DATA IS MISSING.
T  INDICATES TRACE AMOUNT.




$$
