000
CDUS46 KMTR 260828
CLISTS


CLIMATE REPORT
NATIONAL WEATHER SERVICE SAN FRANCISCO BAY AREA
126 AM PDT SAT JUL 26 2014


...................................

...THE SANTA ROSA AIRPORT CLIMATE SUMMARY FOR JULY 25 2014...

CLIMATE NORMAL PERIOD 1981 TO 2010
CLIMATE RECORD PERIOD 1998 TO 2014


WEATHER ITEM   OBSERVED TIME   RECORD YEAR NORMAL DEPARTURE LAST
                VALUE   (LST)  VALUE       VALUE  FROM      YEAR
                                                  NORMAL
..................................................................
TEMPERATURE (F)
 YESTERDAY
  MAXIMUM         98R   321 PM  97    2006  83     15       79
  MINIMUM         52    524 AM  47    2008  52      0       53
  AVERAGE         75                        67      8       66

PRECIPITATION (IN)
  YESTERDAY        0.00          0.06 2003   0.00   0.00     0.00
  MONTH TO DATE    T                         0.01  -0.01     0.01
  SINCE JUL 1      T                         0.01  -0.01     0.01
  SINCE JAN 1     12.57                     22.10  -9.53     6.53

DEGREE DAYS
 HEATING
  YESTERDAY        0                                         0
  MONTH TO DATE    0                                        13
  SINCE JUN 1     29                                        50
  SINCE JUL 1      0                                        13

 COOLING
  YESTERDAY       10                                         1
  MONTH TO DATE   73                                        76
  SINCE JUN 1    151                                       176
  SINCE JAN 1    209                                       231
..................................................................


WIND (MPH)
  RESULTANT WIND SPEED   3   RESULTANT WIND DIRECTION   S (190)
  HIGHEST WIND SPEED    16   HIGHEST WIND DIRECTION     W (260)
  HIGHEST GUST SPEED    20   HIGHEST GUST DIRECTION    SW (240)
  AVERAGE WIND SPEED     3.4


SKY COVER
  POSSIBLE SUNSHINE  MM
  AVERAGE SKY COVER 0.0


WEATHER CONDITIONS
 THE FOLLOWING WEATHER WAS RECORDED YESTERDAY.
  NO SIGNIFICANT WEATHER WAS OBSERVED.


RELATIVE HUMIDITY (PERCENT)
 HIGHEST    93           500 AM
 LOWEST     13           400 PM
 AVERAGE    53

..........................................................


THE SANTA ROSA AIRPORT CLIMATE NORMALS FOR TODAY
                         NORMAL    RECORD    YEAR
 MAXIMUM TEMPERATURE (F)   83        95      2008
 MINIMUM TEMPERATURE (F)   52        49      2008


SUNRISE AND SUNSET
JULY 26 2014..........SUNRISE   608 AM PDT   SUNSET   827 PM PDT
JULY 27 2014..........SUNRISE   609 AM PDT   SUNSET   826 PM PDT


-  INDICATES NEGATIVE NUMBERS.
R  INDICATES RECORD WAS SET OR TIED.
MM INDICATES DATA IS MISSING.
T  INDICATES TRACE AMOUNT.




$$
