000
CDUS43 KFSD 270644
CLISUX


CLIMATE REPORT
NATIONAL WEATHER SERVICE SIOUX FALLS SD
144 AM CDT FRI MAY 27 2016


...................................

...THE SIOUX CITY IA CLIMATE SUMMARY FOR MAY 26 2016...

CLIMATE NORMAL PERIOD 1981 TO 2010
CLIMATE RECORD PERIOD 1889 TO 2016


WEATHER ITEM   OBSERVED TIME   RECORD YEAR NORMAL DEPARTURE LAST
                VALUE   (LST)  VALUE       VALUE  FROM      YEAR
                                                  NORMAL
..................................................................
TEMPERATURE (F)
 YESTERDAY
  MAXIMUM         82    213 PM  95    1914  76      6       68
  MINIMUM         53    438 AM  34    1992  52      1       54
  AVERAGE         68                        64      4       61

PRECIPITATION (IN)
  YESTERDAY        0.13          1.73 1912   0.13   0.00     0.61
  MONTH TO DATE    3.69                      3.10   0.59     3.31
  SINCE MAR 1     12.56                      8.05   4.51     6.72
  SINCE JAN 1     14.40                      9.34   5.06     7.68

SNOWFALL (IN)
  YESTERDAY        0.0           0.0    MM   0.0    0.0      0.0
  MONTH TO DATE    0.0                       0.2   -0.2      0.0
  SINCE MAR 1     14.5                       8.5    6.0       T
  SINCE JUL 1     57.6                      35.0   22.6     21.5
  SNOW DEPTH       0

DEGREE DAYS
 HEATING
  YESTERDAY        0                         3     -3        4
  MONTH TO DATE  169                       167      2      151
  SINCE MAR 1   1196                      1525   -329     1226
  SINCE JUL 1   5655                      6819  -1164     6392

 COOLING
  YESTERDAY        3                         3      0        0
  MONTH TO DATE   28                        39    -11       22
  SINCE MAR 1     28                        50    -22       23
  SINCE JAN 1     28                        50    -22       23
..................................................................


WIND (MPH)
  HIGHEST WIND SPEED    18   HIGHEST WIND DIRECTION    SE (140)
  HIGHEST GUST SPEED    24   HIGHEST GUST DIRECTION    SE (140)
  AVERAGE WIND SPEED     6.4


SKY COVER
  POSSIBLE SUNSHINE  MM
  AVERAGE SKY COVER 0.2


WEATHER CONDITIONS
 THE FOLLOWING WEATHER WAS RECORDED YESTERDAY.
  THUNDERSTORM
  RAIN
  LIGHT RAIN
  FOG
  FOG W/VISIBILITY <= 1/4 MILE


RELATIVE HUMIDITY (PERCENT)
 HIGHEST    93           400 AM
 LOWEST     45           300 PM
 AVERAGE    69

..........................................................


THE SIOUX CITY IA CLIMATE NORMALS FOR TODAY
                         NORMAL    RECORD    YEAR
 MAXIMUM TEMPERATURE (F)   76        92      1895
 MINIMUM TEMPERATURE (F)   53        34      1992


SUNRISE AND SUNSET
MAY 27 2016...........SUNRISE   554 AM CDT   SUNSET   852 PM CDT
MAY 28 2016...........SUNRISE   553 AM CDT   SUNSET   853 PM CDT


-  INDICATES NEGATIVE NUMBERS.
R  INDICATES RECORD WAS SET OR TIED.
MM INDICATES DATA IS MISSING.
T  INDICATES TRACE AMOUNT.




$$
