000
CDUS43 KFSD 180025
CLISUX


CLIMATE REPORT
NATIONAL WEATHER SERVICE SIOUX FALLS SD
720 PM CDT WED SEP 17 2014


...................................

...THE SIOUX CITY IA CLIMATE SUMMARY FOR SEPTEMBER 17 2014...
VALID AS OF 0700 PM LOCAL TIME.

CLIMATE NORMAL PERIOD 1981 TO 2010
CLIMATE RECORD PERIOD 1889 TO 2014


WEATHER ITEM   OBSERVED TIME   RECORD YEAR NORMAL DEPARTURE LAST
                VALUE   (LST)  VALUE       VALUE  FROM      YEAR
                                                  NORMAL
..................................................................
TEMPERATURE (F)
 TODAY
  MAXIMUM         82    456 PM 103    1895  76      6       69
  MINIMUM         53    648 AM  33    1980  50      3       57
  AVERAGE         68                        63      5       63

PRECIPITATION (IN)
  TODAY            0.00          2.82 1926   0.10  -0.10     0.05
  MONTH TO DATE    1.35                      1.72  -0.37     1.15
  SINCE SEP 1      1.35                      1.72  -0.37     1.15
  SINCE JAN 1     36.98                     22.26  14.72    21.18

SNOWFALL (IN)
  TODAY            0.0           0.0    MM   0.0    0.0      0.0
  MONTH TO DATE    0.0                       0.0    0.0      0.0
  SINCE SEP 1      0.0                       0.0    0.0      0.0
  SINCE JUL 1      0.0                       0.0    0.0      0.0
  SNOW DEPTH       0

DEGREE DAYS
 HEATING
  TODAY            0                         5     -5        2
  MONTH TO DATE   92                        46     46       12
  SINCE SEP 1     92                        46     46       12
  SINCE JUL 1     98                        61     37       32

 COOLING
  TODAY            3                         2      1        0
  MONTH TO DATE   40                        64    -24      104
  SINCE SEP 1     40                        64    -24      104
  SINCE JAN 1    806                       841    -35      905
..................................................................


WIND (MPH)
  HIGHEST WIND SPEED     7   HIGHEST WIND DIRECTION     E (80)
  HIGHEST GUST SPEED    10   HIGHEST GUST DIRECTION     E (100)
  AVERAGE WIND SPEED     3.6


SKY COVER
  POSSIBLE SUNSHINE  MM
  AVERAGE SKY COVER 0.3


WEATHER CONDITIONS
 THE FOLLOWING WEATHER WAS RECORDED TODAY.
  NO SIGNIFICANT WEATHER WAS OBSERVED.


RELATIVE HUMIDITY (PERCENT)
 HIGHEST    93           400 AM
 LOWEST     34           400 PM
 AVERAGE    64

..........................................................


THE SIOUX CITY IA CLIMATE NORMALS FOR TOMORROW
                         NORMAL    RECORD    YEAR
 MAXIMUM TEMPERATURE (F)   76       101      1895
 MINIMUM TEMPERATURE (F)   49        30      1901


SUNRISE AND SUNSET
SEPTEMBER 17 2014.....SUNRISE   708 AM CDT   SUNSET   732 PM CDT
SEPTEMBER 18 2014.....SUNRISE   709 AM CDT   SUNSET   730 PM CDT


-  INDICATES NEGATIVE NUMBERS.
R  INDICATES RECORD WAS SET OR TIED.
MM INDICATES DATA IS MISSING.
T  INDICATES TRACE AMOUNT.



&&
.........................................................

ADDITIONAL WEATHER INFORMATION FOR TODAY
        TEMPERATURE / HUMIDITY
AT  4 AM      56    /    86%
AT  7 AM      53    /    92%
AT 10 AM      64    /    72%
AT  1 PM      75    /    57%
AT  4 PM      81    /    42%
AT  7 PM      76    /    51%

THE CURRENT MISSOURI RIVER STAGE...17.27 FT.

$$
