000
CDUS41 KBGM 260550
CLISYR


CLIMATE REPORT
NATIONAL WEATHER SERVICE BINGHAMTON NY
1249 AM EST SUN FEB 26 2017


...................................

...THE SYRACUSE NY CLIMATE SUMMARY FOR FEBRUARY 25 2017...

CLIMATE NORMAL PERIOD 1981 TO 2010
CLIMATE RECORD PERIOD 1902 TO 2017


WEATHER ITEM   OBSERVED TIME   RECORD YEAR NORMAL DEPARTURE LAST
                VALUE   (LST)  VALUE       VALUE  FROM      YEAR
                                                  NORMAL
..................................................................
TEMPERATURE (F)
 YESTERDAY
  MAXIMUM         68R  1113 AM  66    1957  36     32       42
  MINIMUM         31   1140 PM -10    1993  19     12       26
  AVERAGE         50                        28     22       34

PRECIPITATION (IN)
  YESTERDAY        0.48          1.30 1961   0.08   0.40     0.24
  MONTH TO DATE    3.55                      1.82   1.73     4.76
  SINCE DEC 1      9.82                      7.54   2.28    11.30
  SINCE JAN 1      6.58                      4.32   2.26     6.47

SNOWFALL (IN)
  YESTERDAY        0.1          13.6  2010   0.9   -0.8      1.3
  MONTH TO DATE   32.5                      22.8    9.7     23.2
  SINCE DEC 1     78.1                      89.5  -11.4     64.1
  SINCE JUL 1    103.5                      99.4    4.1     64.9
  SNOW DEPTH       0

DEGREE DAYS
 HEATING
  YESTERDAY       15                        37    -22       31
  MONTH TO DATE  806                       985   -179      960
  SINCE DEC 1   2999                      3372   -373     2895
  SINCE JUL 1   4193                      4721   -528     3980

 COOLING
  YESTERDAY        0                         0      0        0
  MONTH TO DATE    0                         0      0        0
  SINCE DEC 1      0                         0      0        0
  SINCE JAN 1      0                         0      0        0
..................................................................


WIND (MPH)
  HIGHEST WIND SPEED    29   HIGHEST WIND DIRECTION     S (180)
  HIGHEST GUST SPEED    39   HIGHEST GUST DIRECTION     S (180)
  AVERAGE WIND SPEED    15.2


SKY COVER
  POSSIBLE SUNSHINE  MM
  AVERAGE SKY COVER 0.8


WEATHER CONDITIONS
 THE FOLLOWING WEATHER WAS RECORDED YESTERDAY.
  THUNDERSTORM
  HEAVY RAIN
  RAIN
  LIGHT RAIN
  SNOW
  LIGHT SNOW
  FOG


RELATIVE HUMIDITY (PERCENT)
 HIGHEST   100           200 PM
 LOWEST     59          1100 PM
 AVERAGE    80

..........................................................


THE SYRACUSE NY CLIMATE NORMALS FOR TODAY
                         NORMAL    RECORD    YEAR
 MAXIMUM TEMPERATURE (F)   37        64      1976
 MINIMUM TEMPERATURE (F)   20       -10      1995
                                             1990


SUNRISE AND SUNSET
FEBRUARY 26 2017......SUNRISE   645 AM EST   SUNSET   550 PM EST
FEBRUARY 27 2017......SUNRISE   643 AM EST   SUNSET   551 PM EST


-  INDICATES NEGATIVE NUMBERS.
R  INDICATES RECORD WAS SET OR TIED.
MM INDICATES DATA IS MISSING.
T  INDICATES TRACE AMOUNT.




$$
