000
CDUS41 KBGM 260550
CLISYR


CLIMATE REPORT
NATIONAL WEATHER SERVICE BINGHAMTON NY
150 AM EDT TUE MAY 26 2015


...................................

...THE SYRACUSE NY CLIMATE SUMMARY FOR MAY 25 2015...

CLIMATE NORMAL PERIOD 1981 TO 2010
CLIMATE RECORD PERIOD 1902 TO 2015


WEATHER ITEM   OBSERVED TIME   RECORD YEAR NORMAL DEPARTURE LAST
                VALUE   (LST)  VALUE       VALUE  FROM      YEAR
                                                  NORMAL
..................................................................
TEMPERATURE (F)
 YESTERDAY
  MAXIMUM         87    404 PM  88    2007  72     15       77
                                      1932
  MINIMUM         59    532 AM  33    1992  49     10       46
  AVERAGE         73                        60     13       62

PRECIPITATION (IN)
  YESTERDAY        T             1.09 1979   0.11  -0.11      T
  MONTH TO DATE    1.92                      2.58  -0.66     3.71
  SINCE MAR 1      6.23                      8.72  -2.49    11.83
  SINCE JAN 1     10.11                     13.29  -3.18    17.38

SNOWFALL (IN)
  YESTERDAY        0.0           0.0  2002   0.0    0.0      0.0
                                      2001
  MONTH TO DATE    0.0                       0.1   -0.1       T
  SINCE MAR 1     12.9                      21.9   -9.0     22.1
  SINCE JUL 1    119.7                     123.8   -4.1    132.0
  SNOW DEPTH       0

DEGREE DAYS
 HEATING
  YESTERDAY        0                         6     -6        3
  MONTH TO DATE  121                       224   -103      177
  SINCE MAR 1   1839                      1728    111     1950
  SINCE JUL 1   7063                      6559    504     7042

 COOLING
  YESTERDAY        8                         1      7        0
  MONTH TO DATE   64                        15     49       33
  SINCE MAR 1     64                        19     45       34
  SINCE JAN 1     64                        19     45       34
..................................................................


WIND (MPH)
  HIGHEST WIND SPEED    26   HIGHEST WIND DIRECTION    SW (230)
  HIGHEST GUST SPEED    35   HIGHEST GUST DIRECTION    SW (220)
  AVERAGE WIND SPEED     7.9


SKY COVER
  POSSIBLE SUNSHINE  MM
  AVERAGE SKY COVER 0.9


WEATHER CONDITIONS
 THE FOLLOWING WEATHER WAS RECORDED YESTERDAY.
  LIGHT RAIN


RELATIVE HUMIDITY (PERCENT)
 HIGHEST    80           500 AM
 LOWEST     34           200 PM
 AVERAGE    57

..........................................................


THE SYRACUSE NY CLIMATE NORMALS FOR TODAY
                         NORMAL    RECORD    YEAR
 MAXIMUM TEMPERATURE (F)   72        90      2011
                                             2010
 MINIMUM TEMPERATURE (F)   50        36      1969


SUNRISE AND SUNSET
MAY 26 2015...........SUNRISE   531 AM EDT   SUNSET   832 PM EDT
MAY 27 2015...........SUNRISE   531 AM EDT   SUNSET   833 PM EDT


-  INDICATES NEGATIVE NUMBERS.
R  INDICATES RECORD WAS SET OR TIED.
MM INDICATES DATA IS MISSING.
T  INDICATES TRACE AMOUNT.




$$
