000
CDUS41 KBGM 040614
CLISYR


CLIMATE REPORT
NATIONAL WEATHER SERVICE BINGHAMTON NY
113 AM EST SUN DEC 4 2016


...................................

...THE SYRACUSE NY CLIMATE SUMMARY FOR DECEMBER 3 2016...

CLIMATE NORMAL PERIOD 1981 TO 2010
CLIMATE RECORD PERIOD 1902 TO 2016


WEATHER ITEM   OBSERVED TIME   RECORD YEAR NORMAL DEPARTURE LAST
                VALUE   (LST)  VALUE       VALUE  FROM      YEAR
                                                  NORMAL
..................................................................
TEMPERATURE (F)
 YESTERDAY
  MAXIMUM         37    624 PM  65    1982  41     -4       42
  MINIMUM         34    215 PM  -8    1976  27      7       35
  AVERAGE         36                        34      2       39

PRECIPITATION (IN)
  YESTERDAY        0.02          1.02 1905   0.12  -0.10     0.14
  MONTH TO DATE    0.55                      0.35   0.20     1.33
  SINCE DEC 1      0.55                      0.35   0.20     1.33
  SINCE JAN 1     37.93                     35.60   2.33    38.36

SNOWFALL (IN)
  YESTERDAY        T            11.4  2005   0.9   -0.9      0.0
  MONTH TO DATE    T                         2.6   -2.6      0.0
  SINCE DEC 1      T                         2.6   -2.6      0.0
  SINCE JUL 1     25.4                      12.5   12.9      0.8
  SNOW DEPTH       0

DEGREE DAYS
 HEATING
  YESTERDAY       29                        31     -2       26
  MONTH TO DATE   74                        92    -18       70
  SINCE DEC 1     74                        92    -18       70
  SINCE JUL 1   1268                      1441   -173     1155

 COOLING
  YESTERDAY        0                         0      0        0
  MONTH TO DATE    0                         0      0        0
  SINCE DEC 1      0                         0      0        0
  SINCE JAN 1    809                       569    240      717
..................................................................


WIND (MPH)
  HIGHEST WIND SPEED    20   HIGHEST WIND DIRECTION     W (290)
  HIGHEST GUST SPEED    24   HIGHEST GUST DIRECTION    NW (300)
  AVERAGE WIND SPEED    10.5


SKY COVER
  POSSIBLE SUNSHINE  MM
  AVERAGE SKY COVER 0.9


WEATHER CONDITIONS
 THE FOLLOWING WEATHER WAS RECORDED YESTERDAY.
  LIGHT RAIN
  SNOW
  LIGHT SNOW
  SLEET
  FOG


RELATIVE HUMIDITY (PERCENT)
 HIGHEST    92           200 AM
 LOWEST     70           900 AM
 AVERAGE    81

..........................................................


THE SYRACUSE NY CLIMATE NORMALS FOR TODAY
                         NORMAL    RECORD    YEAR
 MAXIMUM TEMPERATURE (F)   41        70      2012
 MINIMUM TEMPERATURE (F)   27        -7      1944


SUNRISE AND SUNSET
DECEMBER  4 2016......SUNRISE   720 AM EST   SUNSET   430 PM EST
DECEMBER  5 2016......SUNRISE   721 AM EST   SUNSET   429 PM EST


-  INDICATES NEGATIVE NUMBERS.
R  INDICATES RECORD WAS SET OR TIED.
MM INDICATES DATA IS MISSING.
T  INDICATES TRACE AMOUNT.




$$
