000
CDUS41 KBGM 040554
CLISYR


CLIMATE REPORT
NATIONAL WEATHER SERVICE BINGHAMTON NY
154 AM EDT WED MAY 4 2016


...................................

...THE SYRACUSE NY CLIMATE SUMMARY FOR MAY 3 2016...

CLIMATE NORMAL PERIOD 1981 TO 2010
CLIMATE RECORD PERIOD 1902 TO 2016


WEATHER ITEM   OBSERVED TIME   RECORD YEAR NORMAL DEPARTURE LAST
                VALUE   (LST)  VALUE       VALUE  FROM      YEAR
                                                  NORMAL
..................................................................
TEMPERATURE (F)
 YESTERDAY
  MAXIMUM         58    315 PM  88    2001  65     -7       78
                                      1944
  MINIMUM         38    326 AM  27    1911  43     -5       44
  AVERAGE         48                        54     -6       61

PRECIPITATION (IN)
  YESTERDAY        0.00          2.29 1954   0.10  -0.10     0.00
  MONTH TO DATE    0.81                      0.29   0.52     0.00
  SINCE MAR 1      5.27                      6.43  -1.16     4.31
  SINCE JAN 1     11.79                     11.00   0.79     8.19

SNOWFALL (IN)
  YESTERDAY        0.0           T    2002   0.0    0.0      0.0
                                      1976
  MONTH TO DATE    0.0                       0.0    0.0      0.0
  SINCE MAR 1     13.5                      21.8   -8.3     12.9
  SINCE JUL 1     80.3                     123.7  -43.4    119.7
  SNOW DEPTH       0

DEGREE DAYS
 HEATING
  YESTERDAY       17                        12      5        4
  MONTH TO DATE   49                        36     13       19
  SINCE MAR 1   1487                      1540    -53     1737
  SINCE JUL 1   5586                      6371   -785     6961

 COOLING
  YESTERDAY        0                         0      0        0
  MONTH TO DATE    0                         0      0        0
  SINCE MAR 1      0                         4     -4        0
  SINCE JAN 1      0                         4     -4        0
..................................................................


WIND (MPH)
  HIGHEST WIND SPEED    10   HIGHEST WIND DIRECTION     N (350)
  HIGHEST GUST SPEED    16   HIGHEST GUST DIRECTION     W (270)
  AVERAGE WIND SPEED     2.2


SKY COVER
  POSSIBLE SUNSHINE  MM
  AVERAGE SKY COVER 0.9


WEATHER CONDITIONS
 THE FOLLOWING WEATHER WAS RECORDED YESTERDAY.
  FOG
  FOG W/VISIBILITY <= 1/4 MILE


RELATIVE HUMIDITY (PERCENT)
 HIGHEST   100          1200 AM
 LOWEST     51           400 PM
 AVERAGE    76

..........................................................


THE SYRACUSE NY CLIMATE NORMALS FOR TODAY
                         NORMAL    RECORD    YEAR
 MAXIMUM TEMPERATURE (F)   65        88      2001
                                             1949
                                             1944
 MINIMUM TEMPERATURE (F)   43        27      1986


SUNRISE AND SUNSET
MAY  4 2016...........SUNRISE   553 AM EDT   SUNSET   810 PM EDT
MAY  5 2016...........SUNRISE   552 AM EDT   SUNSET   811 PM EDT


-  INDICATES NEGATIVE NUMBERS.
R  INDICATES RECORD WAS SET OR TIED.
MM INDICATES DATA IS MISSING.
T  INDICATES TRACE AMOUNT.




$$
