000
CDUS41 KBGM 310549
CLISYR


CLIMATE REPORT
NATIONAL WEATHER SERVICE BINGHAMTON NY
149 AM EDT FRI OCT 31 2014


...................................

...THE SYRACUSE NY CLIMATE SUMMARY FOR OCTOBER 30 2014...

CLIMATE NORMAL PERIOD 1981 TO 2010
CLIMATE RECORD PERIOD 1902 TO 2014


WEATHER ITEM   OBSERVED TIME   RECORD YEAR NORMAL DEPARTURE LAST
                VALUE   (LST)  VALUE       VALUE  FROM      YEAR
                                                  NORMAL
..................................................................
TEMPERATURE (F)
 YESTERDAY
  MAXIMUM         49    130 AM  79    1946  55     -6       55
  MINIMUM         40   1020 PM  19    1928  37      3       36
  AVERAGE         45                        46     -1       46

PRECIPITATION (IN)
  YESTERDAY        0.09          1.02 1955   0.10  -0.01     0.02
  MONTH TO DATE    4.54                      3.33   1.21     3.40
  SINCE SEP 1      6.14                      7.02  -0.88     6.60
  SINCE JAN 1     35.18                     31.61   3.57    33.18

SNOWFALL (IN)
  YESTERDAY        0.0           2.9  1988   0.0    0.0       T
  MONTH TO DATE    0.0                       0.3   -0.3       T
  SINCE SEP 1      0.0                       0.3   -0.3       T
  SINCE JUL 1      0.0                       0.3   -0.3       T
  SNOW DEPTH       0

DEGREE DAYS
 HEATING
  YESTERDAY       20                        19      1       19
  MONTH TO DATE  298                       433   -135      330
  SINCE SEP 1    401                       574   -173      502
  SINCE JUL 1    412                       600   -188      508

 COOLING
  YESTERDAY        0                         0      0        0
  MONTH TO DATE   13                         0     13        1
  SINCE SEP 1     88                        52     36       69
  SINCE JAN 1    647                       565     82      712
..................................................................


WIND (MPH)
  HIGHEST WIND SPEED    17   HIGHEST WIND DIRECTION    NW (300)
  HIGHEST GUST SPEED    21   HIGHEST GUST DIRECTION    NW (300)
  AVERAGE WIND SPEED     7.6


SKY COVER
  POSSIBLE SUNSHINE  MM
  AVERAGE SKY COVER 0.8


WEATHER CONDITIONS
 THE FOLLOWING WEATHER WAS RECORDED YESTERDAY.
  RAIN
  LIGHT RAIN
  FOG


RELATIVE HUMIDITY (PERCENT)
 HIGHEST    89           700 AM
 LOWEST     65           400 PM
 AVERAGE    77

..........................................................


THE SYRACUSE NY CLIMATE NORMALS FOR TODAY
                         NORMAL    RECORD    YEAR
 MAXIMUM TEMPERATURE (F)   55        75      2003
 MINIMUM TEMPERATURE (F)   37        20      1925


SUNRISE AND SUNSET
OCTOBER 31 2014.......SUNRISE   738 AM EDT   SUNSET   558 PM EDT
NOVEMBER  1 2014......SUNRISE   739 AM EDT   SUNSET   556 PM EDT


-  INDICATES NEGATIVE NUMBERS.
R  INDICATES RECORD WAS SET OR TIED.
MM INDICATES DATA IS MISSING.
T  INDICATES TRACE AMOUNT.




$$
