000
CDKA40 PTYA 091600
CLIT11
DAILY CLIMATE REPORT
NATIONAL WEATHER SERVICE YAP FM
2AM LST WED FEB 10 2016
THE YAP FM CLIMATE SUMMARY FOR FEBRUARY 09 2016
CLIMATE NORMAL PERIOD  1981  TO 2010
CLIMATE RECORD PERIOD  1951  TO 2016
WEATHER ITEM OBSERVED TIME  RECORD YEAR NORMAL DEPARTURE LAST
              VALUE   (LST) VALUE       VALUE    FROM    YEAR
                                                NORMAL
TEMPERATURE   (F)
TODAY
MAXIMUM       89  1150 AM  97  2014     87       2        85
MINIMUM       77  2150 PM  63  1999     77       0        78
AVERAGE       83                        82       1        82
PRECIPITATION INCHES
TODAY           0.00   164.24  1996    0.21    -0.21     0.00
MONTH TO DATE   0.55                   2.11    -1.56     1.01
SINCE 01 DEC    7.71                  17.01    -9.30    23.64
SINCE JAN 01    2.78                   9.41    -6.63     6.87
