000
CDUS45 KPUB 141140
CLITAD


CLIMATE REPORT
NATIONAL WEATHER SERVICE PUEBLO
440 AM MST THU DEC 14 2017


...................................

...THE TRINIDAD CO CLIMATE SUMMARY FOR DECEMBER 13 2017...

CLIMATE NORMAL PERIOD 1981 TO 2010
CLIMATE RECORD PERIOD 9999 TO 9999


WEATHER ITEM   OBSERVED TIME   NORMAL DEPARTURE LAST
                VALUE   (LST)  VALUE  FROM      YEAR
                                      NORMAL
......................................................
TEMPERATURE (F)
 YESTERDAY
  MAXIMUM         52    124 PM  45      7       51
  MINIMUM         27    722 AM  17     10       18
  AVERAGE         40            31      9       35

PRECIPITATION (IN)
  YESTERDAY        0.00          0.02  -0.02     0.00
  MONTH TO DATE    0.00          0.24  -0.24      T
  SINCE DEC 1      0.00          0.24  -0.24      T
  SINCE JAN 1     20.64         13.54   7.10     7.70

DEGREE DAYS
 HEATING
  YESTERDAY       25            34     -9       30
  MONTH TO DATE  329           425    -96      427
  SINCE DEC 1    329           425    -96      427
  SINCE JUL 1   1296          1658   -362     1193

 COOLING
  YESTERDAY        0             0      0        0
  MONTH TO DATE    0             0      0        0
  SINCE DEC 1      0             0      0        0
  SINCE JAN 1    796           719     77      564
......................................................


WIND (MPH)
  HIGHEST WIND SPEED    20   HIGHEST WIND DIRECTION     W (250)
  HIGHEST GUST SPEED    28   HIGHEST GUST DIRECTION    NE (30)
  AVERAGE WIND SPEED     7.7


SKY COVER
  POSSIBLE SUNSHINE  MM
  AVERAGE SKY COVER 0.2


WEATHER CONDITIONS
 THE FOLLOWING WEATHER WAS RECORDED YESTERDAY.
  NO SIGNIFICANT WEATHER WAS OBSERVED.


RELATIVE HUMIDITY (PERCENT)
 HIGHEST    46           700 AM
 LOWEST     17          1200 PM
 AVERAGE    32

..........................................................




SUNRISE AND SUNSET
DECEMBER 14 2017......SUNRISE   704 AM MST   SUNSET   441 PM MST
DECEMBER 15 2017......SUNRISE   704 AM MST   SUNSET   441 PM MST


-  INDICATES NEGATIVE NUMBERS.
R  INDICATES RECORD WAS SET OR TIED.
MM INDICATES DATA IS MISSING.
T  INDICATES TRACE AMOUNT.




$$
