000
CDUS45 KPUB 281044
CLITAD


CLIMATE REPORT
NATIONAL WEATHER SERVICE PUEBLO
443 AM MDT WED JUN 28 2017


...................................

...THE TRINIDAD CO CLIMATE SUMMARY FOR JUNE 27 2017...

CLIMATE NORMAL PERIOD 1981 TO 2010
CLIMATE RECORD PERIOD 9999 TO 9999


WEATHER ITEM   OBSERVED TIME   NORMAL DEPARTURE LAST
                VALUE   (LST)  VALUE  FROM      YEAR
                                      NORMAL
......................................................
TEMPERATURE (F)
 YESTERDAY
  MAXIMUM         90   1114 AM  88      2       93
  MINIMUM         60    502 AM  56      4       55
  AVERAGE         75            72      3       74

PRECIPITATION (IN)
  YESTERDAY        0.08          0.05   0.03     0.00
  MONTH TO DATE    1.16          1.27  -0.11     1.70
  SINCE JUN 1      1.16          1.27  -0.11     1.70
  SINCE JAN 1      9.57          5.79   3.78     5.93

DEGREE DAYS
 HEATING
  YESTERDAY        0             0      0        0
  MONTH TO DATE    7            38    -31        4
  SINCE JUN 1      7            38    -31        4
  SINCE JUL 1   4607          5533   -926     4880

 COOLING
  YESTERDAY       10             7      3        9
  MONTH TO DATE  173           119     54      203
  SINCE JUN 1    173           119     54      203
  SINCE JAN 1    188           147     41      215
......................................................


WIND (MPH)
  HIGHEST WIND SPEED    24   HIGHEST WIND DIRECTION    NW (330)
  HIGHEST GUST SPEED    36   HIGHEST GUST DIRECTION    NW (320)
  AVERAGE WIND SPEED    10.9


SKY COVER
  POSSIBLE SUNSHINE  MM
  AVERAGE SKY COVER 0.0


WEATHER CONDITIONS
 THE FOLLOWING WEATHER WAS RECORDED YESTERDAY.
  RAIN
  LIGHT RAIN


RELATIVE HUMIDITY (PERCENT)
 HIGHEST    69           500 AM
 LOWEST     12           700 PM
 AVERAGE    41

..........................................................




SUNRISE AND SUNSET
JUNE 28 2017..........SUNRISE   539 AM MDT   SUNSET   822 PM MDT
JUNE 29 2017..........SUNRISE   540 AM MDT   SUNSET   822 PM MDT


-  INDICATES NEGATIVE NUMBERS.
R  INDICATES RECORD WAS SET OR TIED.
MM INDICATES DATA IS MISSING.
T  INDICATES TRACE AMOUNT.




$$
