000
CDUS45 KPUB 231052
CLITAD


CLIMATE REPORT
NATIONAL WEATHER SERVICE PUEBLO
451 AM MDT WED AUG 23 2017


...................................

...THE TRINIDAD CO CLIMATE SUMMARY FOR AUGUST 22 2017...

CLIMATE NORMAL PERIOD 1981 TO 2010
CLIMATE RECORD PERIOD 9999 TO 9999


WEATHER ITEM   OBSERVED TIME   NORMAL DEPARTURE LAST
                VALUE   (LST)  VALUE  FROM      YEAR
                                      NORMAL
......................................................
TEMPERATURE (F)
 YESTERDAY
  MAXIMUM         75    211 PM  85    -10       85
  MINIMUM         56   1142 PM  57     -1       62
  AVERAGE         66            71     -5       74

PRECIPITATION (IN)
  YESTERDAY        0.05          0.06  -0.01      T
  MONTH TO DATE    1.70          1.70   0.00      T
  SINCE JUN 1      6.61          5.41   1.20     1.94
  SINCE JAN 1     15.02          9.93   5.09     6.17

DEGREE DAYS
 HEATING
  YESTERDAY        0             0      0        0
  MONTH TO DATE    3             0      3        3
  SINCE JUN 1     11            42    -31        7
  SINCE JUL 1      3             3      0        3

 COOLING
  YESTERDAY        1             6     -5        9
  MONTH TO DATE  113           157    -44       55
  SINCE JUN 1    626           564     62      384
  SINCE JAN 1    641           592     49      396
......................................................


WIND (MPH)
  HIGHEST WIND SPEED    23   HIGHEST WIND DIRECTION     S (180)
  HIGHEST GUST SPEED    28   HIGHEST GUST DIRECTION     S (170)
  AVERAGE WIND SPEED     8.2


SKY COVER
  POSSIBLE SUNSHINE  MM
  AVERAGE SKY COVER 0.4


WEATHER CONDITIONS
 THE FOLLOWING WEATHER WAS RECORDED YESTERDAY.
  RAIN
  LIGHT RAIN


RELATIVE HUMIDITY (PERCENT)
 HIGHEST    86          1000 PM
 LOWEST     53           300 PM
 AVERAGE    70

..........................................................




SUNRISE AND SUNSET
AUGUST 23 2017........SUNRISE   621 AM MDT   SUNSET   738 PM MDT
AUGUST 24 2017........SUNRISE   621 AM MDT   SUNSET   737 PM MDT


-  INDICATES NEGATIVE NUMBERS.
R  INDICATES RECORD WAS SET OR TIED.
MM INDICATES DATA IS MISSING.
T  INDICATES TRACE AMOUNT.




$$
