567
CDUS44 KBMX 220716
CLITCL


CLIMATE REPORT
NATIONAL WEATHER SERVICE BIRMINGHAM, AL
215 AM CDT FRI MAY 22 2015


...................................

...THE TUSCALOOSA CLIMATE SUMMARY FOR MAY 21 2015...

CLIMATE NORMAL PERIOD 1994 TO 1994
CLIMATE RECORD PERIOD 1994 TO 2015


WEATHER ITEM   OBSERVED TIME   RECORD YEAR NORMAL DEPARTURE LAST
                VALUE   (LST)  VALUE       VALUE  FROM      YEAR
                                                  NORMAL
..................................................................
TEMPERATURE (F)
 YESTERDAY
  MAXIMUM         71   1111 AM  94    1996  85    -14       88
                                      1970
  MINIMUM         54   1159 PM  43    1954  62     -8       61
  AVERAGE         63                        73    -10       75

PRECIPITATION (IN)
  YESTERDAY        0.00          1.89 2003   0.13  -0.13     0.00
  MONTH TO DATE    0.45                      2.69  -2.24     0.71
  SINCE MAR 1     12.96                     11.44   1.52    16.45
  SINCE JAN 1     23.71                     22.11   1.60    24.17

..................................................................


WIND (MPH)
  HIGHEST WIND SPEED    18   HIGHEST WIND DIRECTION    NE (30)
  HIGHEST GUST SPEED    21   HIGHEST GUST DIRECTION     N (10)
  AVERAGE WIND SPEED     7.0


SKY COVER
  AVERAGE SKY COVER 0.7


WEATHER CONDITIONS
 THE FOLLOWING WEATHER WAS RECORDED YESTERDAY.
  FOG
  FOG W/VISIBILITY <= 1/4 MILE


RELATIVE HUMIDITY (PERCENT)
 HIGHEST   100           100 AM
 LOWEST     67           500 PM
 AVERAGE    84

..........................................................


THE TUSCALOOSA CLIMATE NORMALS FOR TODAY
                         NORMAL    RECORD    YEAR
 MAXIMUM TEMPERATURE (F)   85        96      1970
 MINIMUM TEMPERATURE (F)   62        43      2002


SUNRISE AND SUNSET
MAY 22 2015...........SUNRISE   546 AM CDT   SUNSET   748 PM CDT
MAY 23 2015...........SUNRISE   546 AM CDT   SUNSET   749 PM CDT


-  INDICATES NEGATIVE NUMBERS.
R  INDICATES RECORD WAS SET OR TIED.
MM INDICATES DATA IS MISSING.
T  INDICATES TRACE AMOUNT.




$$
