000
CDUS44 KBMX 251131
CLITCL


CLIMATE REPORT
NATIONAL WEATHER SERVICE BIRMINGHAM, AL
530 AM CST THU DEC 25 2014


...................................

...THE TUSCALOOSA CLIMATE SUMMARY FOR DECEMBER 24 2014...

CLIMATE NORMAL PERIOD 1981 TO 2010
CLIMATE RECORD PERIOD 1948 TO 2014


WEATHER ITEM   OBSERVED TIME   RECORD YEAR NORMAL DEPARTURE LAST
                VALUE   (LST)  VALUE       VALUE  FROM      YEAR
                                                  NORMAL
..................................................................
TEMPERATURE (F)
 YESTERDAY
  MAXIMUM         59    520 AM  80    1964  56      3       45
  MINIMUM         40   1158 PM   5    1989  35      5       27
  AVERAGE         50                        46      4       36

PRECIPITATION (IN)
  YESTERDAY        0.40          1.13 2002   0.14   0.26     0.00
  MONTH TO DATE    3.95                      3.71   0.24     5.99
  SINCE DEC 1      3.95                      3.71   0.24     5.99
  SINCE JAN 1     46.82                     51.69  -4.87    49.82

SNOWFALL (IN)
  YESTERDAY        0.0                       0.0    0.0
  MONTH TO DATE    0.0                       0.0    0.0
  SINCE DEC 1      0.0                       0.0    0.0
  SINCE JUL 1      0.0                       0.0    0.0

DEGREE DAYS
 HEATING
  YESTERDAY       15                        20     -5
  MONTH TO DATE  338                       423    -85
  SINCE DEC 1    338                       423    -85
  SINCE JUL 1    882                       860     22
..................................................................


WIND (MPH)
  HIGHEST WIND SPEED    17   HIGHEST WIND DIRECTION     W (290)
  HIGHEST GUST SPEED    23   HIGHEST GUST DIRECTION     W (280)
  AVERAGE WIND SPEED     8.0


SKY COVER
  AVERAGE SKY COVER 0.8


WEATHER CONDITIONS
 THE FOLLOWING WEATHER WAS RECORDED YESTERDAY.
  LIGHT RAIN
  FOG


RELATIVE HUMIDITY (PERCENT)
 HIGHEST   100           600 AM
 LOWEST     65           900 PM
 AVERAGE    83

..........................................................


THE TUSCALOOSA CLIMATE NORMALS FOR TODAY
                         NORMAL    RECORD    YEAR
 MAXIMUM TEMPERATURE (F)   56        78      1987
 MINIMUM TEMPERATURE (F)   35         5      1983


SUNRISE AND SUNSET
DECEMBER 25 2014......SUNRISE   652 AM CST   SUNSET   449 PM CST
DECEMBER 26 2014......SUNRISE   652 AM CST   SUNSET   450 PM CST


-  INDICATES NEGATIVE NUMBERS.
R  INDICATES RECORD WAS SET OR TIED.
MM INDICATES DATA IS MISSING.
T  INDICATES TRACE AMOUNT.




$$
