000
CDUS44 KBMX 310732
CLITCL


CLIMATE REPORT
NATIONAL WEATHER SERVICE BIRMINGHAM, AL
231 AM CDT TUE MAY 31 2016


...................................

...THE TUSCALOOSA CLIMATE SUMMARY FOR MAY 30 2016...

CLIMATE NORMAL PERIOD 1994 TO 1994
CLIMATE RECORD PERIOD 1948 TO 2016


WEATHER ITEM   OBSERVED TIME   RECORD YEAR NORMAL DEPARTURE LAST
                VALUE   (LST)  VALUE       VALUE  FROM      YEAR
                                                  NORMAL
..................................................................
TEMPERATURE (F)
 YESTERDAY
  MAXIMUM         94    449 PM  95    2012  86      8       88
                                      2011
  MINIMUM         65    518 AM  42    1984  64      1       69
  AVERAGE         80                        75      5       79

PRECIPITATION (IN)
  YESTERDAY        0.00          1.36 1962   0.13  -0.13     0.00
  MONTH TO DATE    0.69                      3.85  -3.16     1.97
  SINCE MAR 1     10.80                     12.60  -1.80    14.48
  SINCE JAN 1     20.40                     23.27  -2.87    25.23

..................................................................


WIND (MPH)
  HIGHEST WIND SPEED    12   HIGHEST WIND DIRECTION     W (250)
  HIGHEST GUST SPEED    14   HIGHEST GUST DIRECTION     W (260)
  AVERAGE WIND SPEED     2.7


SKY COVER
  AVERAGE SKY COVER 0.1


WEATHER CONDITIONS
 THE FOLLOWING WEATHER WAS RECORDED YESTERDAY.
  FOG


RELATIVE HUMIDITY (PERCENT)
 HIGHEST   100           200 AM
 LOWEST     33           400 PM
 AVERAGE    67

..........................................................


THE TUSCALOOSA CLIMATE NORMALS FOR TODAY
                         NORMAL    RECORD    YEAR
 MAXIMUM TEMPERATURE (F)   87        98      1951
 MINIMUM TEMPERATURE (F)   64        41      1984


SUNRISE AND SUNSET
MAY 31 2016...........SUNRISE   542 AM CDT   SUNSET   754 PM CDT
JUNE  1 2016..........SUNRISE   542 AM CDT   SUNSET   755 PM CDT


-  INDICATES NEGATIVE NUMBERS.
R  INDICATES RECORD WAS SET OR TIED.
MM INDICATES DATA IS MISSING.
T  INDICATES TRACE AMOUNT.




$$
