000
CDUS44 KBMX 200844
CLITCL


CLIMATE REPORT
NATIONAL WEATHER SERVICE BIRMINGHAM, AL
243 AM CST MON NOV 20 2017


...................................

...THE TUSCALOOSA CLIMATE SUMMARY FOR NOVEMBER 19 2017...

CLIMATE NORMAL PERIOD 1981 TO 2010
CLIMATE RECORD PERIOD 1948 TO 2017


WEATHER ITEM   OBSERVED TIME   RECORD YEAR NORMAL DEPARTURE LAST
                VALUE   (LST)  VALUE       VALUE  FROM      YEAR
                                                  NORMAL
..................................................................
TEMPERATURE (F)
 YESTERDAY
  MAXIMUM         57    219 PM  80    1981  66     -9       64
  MINIMUM         34   1158 PM  21    2014  42     -8       40
  AVERAGE         46                        54     -8       52

PRECIPITATION (IN)
  YESTERDAY        0.00          0.83 1964   0.18  -0.18      T
  MONTH TO DATE    0.86                      2.86  -2.00      T
  SINCE SEP 1      6.97                      9.89  -2.92     0.33
  SINCE JAN 1     55.26                     45.76   9.50    32.07

SNOWFALL (IN)
  YESTERDAY        0.0                       0.0    0.0
  MONTH TO DATE    0.0                       0.0    0.0
  SINCE SEP 1      0.0                       0.0    0.0
  SINCE JUL 1      0.0                       0.0    0.0

DEGREE DAYS
 HEATING
  YESTERDAY       19                        12      7
  MONTH TO DATE  111                       172    -61
  SINCE SEP 1    226                       289    -63
  SINCE JUL 1    226                       289    -63
..................................................................


WIND (MPH)
  HIGHEST WIND SPEED    20   HIGHEST WIND DIRECTION     N (340)
  HIGHEST GUST SPEED    26   HIGHEST GUST DIRECTION    NW (330)
  AVERAGE WIND SPEED     7.5


SKY COVER
  AVERAGE SKY COVER 0.1


WEATHER CONDITIONS
 THE FOLLOWING WEATHER WAS RECORDED YESTERDAY.
  LIGHT RAIN


RELATIVE HUMIDITY (PERCENT)
 HIGHEST    92           900 PM
 LOWEST     35           300 PM
 AVERAGE    64

..........................................................


THE TUSCALOOSA CLIMATE NORMALS FOR TODAY
                         NORMAL    RECORD    YEAR
 MAXIMUM TEMPERATURE (F)   66        80      1949
 MINIMUM TEMPERATURE (F)   41        24      1951


SUNRISE AND SUNSET
NOVEMBER 20 2017......SUNRISE   626 AM CST   SUNSET   446 PM CST
NOVEMBER 21 2017......SUNRISE   627 AM CST   SUNSET   445 PM CST


-  INDICATES NEGATIVE NUMBERS.
R  INDICATES RECORD WAS SET OR TIED.
MM INDICATES DATA IS MISSING.
T  INDICATES TRACE AMOUNT.




$$
