000
CDUS44 KBMX 210937
CLITCL


CLIMATE REPORT
NATIONAL WEATHER SERVICE BIRMINGHAM, AL
437 AM CDT SUN SEP 21 2014


...................................

...THE TUSCALOOSA CLIMATE SUMMARY FOR SEPTEMBER 20 2014...

CLIMATE NORMAL PERIOD 1981 TO 2010
CLIMATE RECORD PERIOD 1948 TO 2014


WEATHER ITEM   OBSERVED TIME   RECORD YEAR NORMAL DEPARTURE LAST
                VALUE   (LST)  VALUE       VALUE  FROM      YEAR
                                                  NORMAL
..................................................................
TEMPERATURE (F)
 YESTERDAY
  MAXIMUM         90    301 PM 100    2010  86      4       91
  MINIMUM         67   1137 PM  46    1981  62      5       67
  AVERAGE         79                        74      5       79

PRECIPITATION (IN)
  YESTERDAY        0.00          1.38 2009   0.11  -0.11     0.03
  MONTH TO DATE    1.24                      2.35  -1.11     0.11
  SINCE SEP 1      1.24                      2.35  -1.11     0.11
  SINCE JAN 1     34.90                     38.22  -3.32    38.93

DEGREE DAYS
 HEATING
  YESTERDAY        0                         0      0
  MONTH TO DATE    0                         0      0
  SINCE SEP 1      0                         0      0
  SINCE JUL 1      0                         0      0
..................................................................


WIND (MPH)
  HIGHEST WIND SPEED    13   HIGHEST WIND DIRECTION     E (100)
  HIGHEST GUST SPEED    18   HIGHEST GUST DIRECTION     E (90)
  AVERAGE WIND SPEED     5.4


SKY COVER
  AVERAGE SKY COVER 0.0


WEATHER CONDITIONS
 THE FOLLOWING WEATHER WAS RECORDED YESTERDAY.
  NO SIGNIFICANT WEATHER WAS OBSERVED.


RELATIVE HUMIDITY (PERCENT)
 HIGHEST    87          1100 PM
 LOWEST     39           300 PM
 AVERAGE    63

..........................................................


THE TUSCALOOSA CLIMATE NORMALS FOR TODAY
                         NORMAL    RECORD    YEAR
 MAXIMUM TEMPERATURE (F)   86        99      1955
 MINIMUM TEMPERATURE (F)   62        46      1956


SUNRISE AND SUNSET
SEPTEMBER 21 2014.....SUNRISE   638 AM CDT   SUNSET   649 PM CDT
SEPTEMBER 22 2014.....SUNRISE   639 AM CDT   SUNSET   647 PM CDT


-  INDICATES NEGATIVE NUMBERS.
R  INDICATES RECORD WAS SET OR TIED.
MM INDICATES DATA IS MISSING.
T  INDICATES TRACE AMOUNT.




$$
