000
CDUS44 KBMX 172133
CLITCL


CLIMATE REPORT
NATIONAL WEATHER SERVICE BIRMINGHAM, AL
433 PM CDT THU APR 17 2014


...................................

...THE TUSCALOOSA CLIMATE SUMMARY FOR APRIL 17 2014...
VALID AS OF 0400 PM LOCAL TIME.

CLIMATE NORMAL PERIOD 1981 TO 2010
CLIMATE RECORD PERIOD 1948 TO 2014


WEATHER ITEM   OBSERVED TIME   RECORD YEAR NORMAL DEPARTURE LAST
                VALUE   (LST)  VALUE       VALUE  FROM      YEAR
                                                  NORMAL
..................................................................
TEMPERATURE (F)
 TODAY
  MAXIMUM         71    216 PM  92    1955  76     -5       88
  MINIMUM         47    546 AM  33    1949  50     -3       68
  AVERAGE         59                        63     -4       78

PRECIPITATION (IN)
  TODAY            0.00          1.90 1969   0.14  -0.14     0.00
  MONTH TO DATE    6.30                      2.45   3.85     2.07
  SINCE MAR 1     11.58                      6.99   4.59     6.82
  SINCE JAN 1     19.30                     17.66   1.64    17.59

SNOWFALL (IN)
  TODAY            0.0                       0.0    0.0
  MONTH TO DATE    0.0                       0.0    0.0
  SINCE MAR 1      0.0                       0.3   -0.3
  SINCE JUL 1      0.8                       0.7    0.1
  SNOW DEPTH       0

DEGREE DAYS

 COOLING
  TODAY            0                         2     -2
  MONTH TO DATE   15                        27    -12
  SINCE MAR 1     16                        45    -29
  SINCE JAN 1     23                        50    -27
..................................................................


WIND (MPH)
  HIGHEST WIND SPEED    14   HIGHEST WIND DIRECTION    SE (140)
  HIGHEST GUST SPEED    21   HIGHEST GUST DIRECTION    SE (150)
  AVERAGE WIND SPEED     6.3


SKY COVER
  AVERAGE SKY COVER 0.2


WEATHER CONDITIONS
 THE FOLLOWING WEATHER WAS RECORDED TODAY.
  NO SIGNIFICANT WEATHER WAS OBSERVED.


RELATIVE HUMIDITY (PERCENT)
 HIGHEST    71           500 AM
 LOWEST     47           100 PM
 AVERAGE    59

..........................................................


THE TUSCALOOSA CLIMATE NORMALS FOR TOMORROW
                         NORMAL    RECORD    YEAR
 MAXIMUM TEMPERATURE (F)   77        92      2006
 MINIMUM TEMPERATURE (F)   51        33      2001


SUNRISE AND SUNSET
APRIL 17 2014.........SUNRISE   618 AM CDT   SUNSET   723 PM CDT
APRIL 18 2014.........SUNRISE   617 AM CDT   SUNSET   723 PM CDT


-  INDICATES NEGATIVE NUMBERS.
R  INDICATES RECORD WAS SET OR TIED.
MM INDICATES DATA IS MISSING.
T  INDICATES TRACE AMOUNT.




$$
