000
CDUS44 KBMX 240753
CLITCL


CLIMATE REPORT
NATIONAL WEATHER SERVICE BIRMINGHAM, AL
152 AM CST MON NOV 24 2014


...................................

...THE TUSCALOOSA CLIMATE SUMMARY FOR NOVEMBER 23 2014...

CLIMATE NORMAL PERIOD 1981 TO 2010
CLIMATE RECORD PERIOD 1948 TO 2014


WEATHER ITEM   OBSERVED TIME   RECORD YEAR NORMAL DEPARTURE LAST
                VALUE   (LST)  VALUE       VALUE  FROM      YEAR
                                                  NORMAL
..................................................................
TEMPERATURE (F)
 YESTERDAY
  MAXIMUM         68    346 PM  79    1978  64      4       60
  MINIMUM         58    341 AM  22    1976  41     17       40
                                      1956
  AVERAGE         63                        52     11       50

PRECIPITATION (IN)
  YESTERDAY        0.25          1.83 1979   0.20   0.05      T
  MONTH TO DATE    4.23                      3.65   0.58     0.57
  SINCE SEP 1      9.21                     10.68  -1.47     2.86
  SINCE JAN 1     42.87                     46.55  -3.68    41.68

SNOWFALL (IN)
  YESTERDAY        0.0                       0.0    0.0
  MONTH TO DATE    0.0                       0.0    0.0
  SINCE SEP 1      0.0                       0.0    0.0
  SINCE JUL 1      0.0                       0.0    0.0

DEGREE DAYS
 HEATING
  YESTERDAY        2                        13    -11
  MONTH TO DATE  354                       221    133
  SINCE SEP 1    430                       338     92
  SINCE JUL 1    430                       338     92
..................................................................


WIND (MPH)
  HIGHEST WIND SPEED    21   HIGHEST WIND DIRECTION     S (190)
  HIGHEST GUST SPEED    27   HIGHEST GUST DIRECTION     S (160)
  AVERAGE WIND SPEED     9.7


SKY COVER
  AVERAGE SKY COVER 0.7


WEATHER CONDITIONS
 THE FOLLOWING WEATHER WAS RECORDED YESTERDAY.
  THUNDERSTORM
  HEAVY RAIN
  RAIN
  LIGHT RAIN


RELATIVE HUMIDITY (PERCENT)
 HIGHEST    93          1000 AM
 LOWEST     72          1200 AM
 AVERAGE    83

..........................................................


THE TUSCALOOSA CLIMATE NORMALS FOR TODAY
                         NORMAL    RECORD    YEAR
 MAXIMUM TEMPERATURE (F)   64        79      1950
 MINIMUM TEMPERATURE (F)   40        15      1970


SUNRISE AND SUNSET
NOVEMBER 24 2014......SUNRISE   630 AM CST   SUNSET   444 PM CST
NOVEMBER 25 2014......SUNRISE   631 AM CST   SUNSET   444 PM CST


-  INDICATES NEGATIVE NUMBERS.
R  INDICATES RECORD WAS SET OR TIED.
MM INDICATES DATA IS MISSING.
T  INDICATES TRACE AMOUNT.




$$
