000
CDUS44 KBMX 302146
CLITCL


CLIMATE REPORT
NATIONAL WEATHER SERVICE BIRMINGHAM, AL
445 PM CDT SAT JUL 30 2016


...................................

...THE TUSCALOOSA CLIMATE SUMMARY FOR JULY 30 2016...
VALID TODAY AS OF 0400 PM LOCAL TIME.

CLIMATE NORMAL PERIOD 1994 TO 1994
CLIMATE RECORD PERIOD 1948 TO 2016


WEATHER ITEM   OBSERVED TIME   RECORD YEAR NORMAL DEPARTURE LAST
                VALUE   (LST)  VALUE       VALUE  FROM      YEAR
                                                  NORMAL
..................................................................
TEMPERATURE (F)
 TODAY
  MAXIMUM         93    145 PM 102    1986  92      1       97
                                      1952
  MINIMUM         73    532 AM  56    2014  72      1       73
  AVERAGE         83                        82      1       85

PRECIPITATION (IN)
  TODAY            T             2.69 1950   0.13  -0.13     0.00
  MONTH TO DATE    4.14                      4.28  -0.14     2.92
  SINCE JUN 1      8.44                      9.05  -0.61     4.62
  SINCE JAN 1     28.85                     32.45  -3.60    30.20

DEGREE DAYS
 COOLING
  TODAY           18                        17      1
  MONTH TO DATE  525                       503     22
  SINCE JUN 1    981                       906     75
  SINCE JAN 1   1265                      1217     48
..................................................................


WIND (MPH)
  HIGHEST WIND SPEED    26   HIGHEST WIND DIRECTION     N (10)
  HIGHEST GUST SPEED    33   HIGHEST GUST DIRECTION     N (10)
  AVERAGE WIND SPEED     3.6


SKY COVER
  AVERAGE SKY COVER 0.2


WEATHER CONDITIONS
 THE FOLLOWING WEATHER WAS RECORDED TODAY.
  THUNDERSTORM


RELATIVE HUMIDITY (PERCENT)
 HIGHEST   100           100 AM
 LOWEST     56          1200 PM
 AVERAGE    78

..........................................................


THE TUSCALOOSA CLIMATE NORMALS FOR TOMORROW
                         NORMAL    RECORD    YEAR
 MAXIMUM TEMPERATURE (F)   92       101      1986
 MINIMUM TEMPERATURE (F)   72        62      1994


SUNRISE AND SUNSET
JULY 30 2016..........SUNRISE   602 AM CDT   SUNSET   751 PM CDT
JULY 31 2016..........SUNRISE   603 AM CDT   SUNSET   750 PM CDT


-  INDICATES NEGATIVE NUMBERS.
R  INDICATES RECORD WAS SET OR TIED.
MM INDICATES DATA IS MISSING.
T  INDICATES TRACE AMOUNT.




$$
