000
CDUS44 KBMX 040923
CLITCL


CLIMATE REPORT
NATIONAL WEATHER SERVICE BIRMINGHAM, AL
422 AM CDT SAT JUL 4 2015


...................................

...THE TUSCALOOSA CLIMATE SUMMARY FOR JULY 3 2015...

CLIMATE NORMAL PERIOD 1994 TO 1994
CLIMATE RECORD PERIOD 1994 TO 2015


WEATHER ITEM   OBSERVED TIME   RECORD YEAR NORMAL DEPARTURE LAST
                VALUE   (LST)  VALUE       VALUE  FROM      YEAR
                                                  NORMAL
..................................................................
TEMPERATURE (F)
 YESTERDAY
  MAXIMUM         89   1154 AM 103    2012  92     -3       88
                                      1970
  MINIMUM         72   1159 PM  61    1985  71      1       70
  AVERAGE         81                        81      0       79

PRECIPITATION (IN)
  YESTERDAY        0.35          1.48 1991   0.15   0.20     0.00
  MONTH TO DATE    0.38                      0.47  -0.09     0.02
  SINCE JUN 1      2.08                      5.24  -3.16     5.17
  SINCE JAN 1     27.66                     28.64  -0.98    30.21

..................................................................


WIND (MPH)
  HIGHEST WIND SPEED    14   HIGHEST WIND DIRECTION     S (190)
  HIGHEST GUST SPEED    18   HIGHEST GUST DIRECTION     S (200)
  AVERAGE WIND SPEED     5.8


SKY COVER
  AVERAGE SKY COVER 0.1


WEATHER CONDITIONS
 THE FOLLOWING WEATHER WAS RECORDED YESTERDAY.
  THUNDERSTORM
  HEAVY RAIN
  RAIN
  LIGHT RAIN
  FOG
  HAZE


RELATIVE HUMIDITY (PERCENT)
 HIGHEST    94           500 AM
 LOWEST     55          1200 PM
 AVERAGE    75

..........................................................


THE TUSCALOOSA CLIMATE NORMALS FOR TODAY
                         NORMAL    RECORD    YEAR
 MAXIMUM TEMPERATURE (F)   92       100      2012
                                             1977
 MINIMUM TEMPERATURE (F)   71        60      1967


SUNRISE AND SUNSET
JULY  4 2015..........SUNRISE   546 AM CDT   SUNSET   803 PM CDT
JULY  5 2015..........SUNRISE   547 AM CDT   SUNSET   803 PM CDT


-  INDICATES NEGATIVE NUMBERS.
R  INDICATES RECORD WAS SET OR TIED.
MM INDICATES DATA IS MISSING.
T  INDICATES TRACE AMOUNT.




$$
