000
CDUS42 KTAE 010756
CLITLH


CLIMATE REPORT
NATIONAL WEATHER SERVICE TALLAHASSEE FL
356 AM EDT SUN MAY 1 2016


...................................

...THE TALLAHASSEE CLIMATE SUMMARY FOR APRIL 30 2016...

CLIMATE NORMAL PERIOD 1981 TO 2010
CLIMATE RECORD PERIOD 1896 TO 2016


WEATHER ITEM   OBSERVED TIME   RECORD YEAR NORMAL DEPARTURE LAST
                VALUE   (LST)  VALUE       VALUE  FROM      YEAR
                                                  NORMAL
..................................................................
TEMPERATURE (F)
 YESTERDAY
  MAXIMUM         91    240 PM  95    2012  83      8       82
                                      1942
  MINIMUM         66    516 AM  40    1992  56     10       55
  AVERAGE         79                        70      9       69

PRECIPITATION (IN)
  YESTERDAY        0.00          2.28 2014   0.08  -0.08     0.00
  MONTH TO DATE    6.49                      3.06   3.43     4.27
  SINCE MAR 1     12.99                      9.00   3.99     7.42
  SINCE JAN 1     21.69                     18.19   3.50    16.61

SNOWFALL (IN)
  YESTERDAY        0.0                       0.0    0.0

DEGREE DAYS
 HEATING
  YESTERDAY        0                               -1
  MONTH TO DATE   12                              -55
  SINCE MAR 1     98                             -149
  SINCE JUL 1    943                             -647

 COOLING
  YESTERDAY       14                                9
  MONTH TO DATE  147                               48
  SINCE MAR 1    255                              116
  SINCE JAN 1    258                              105
..................................................................


WIND (MPH)
  HIGHEST WIND SPEED    15   HIGHEST WIND DIRECTION    SE (140)
  HIGHEST GUST SPEED    19   HIGHEST GUST DIRECTION    SE (150)
  AVERAGE WIND SPEED     4.8




RELATIVE HUMIDITY (PERCENT)
 HIGHEST    93
 LOWEST     41
 AVERAGE    67

..........................................................


THE TALLAHASSEE CLIMATE NORMALS FOR TODAY
                         NORMAL    RECORD    YEAR
 MAXIMUM TEMPERATURE (F)   84        95      1990
 MINIMUM TEMPERATURE (F)   56        43      1996


SUNRISE AND SUNSET
MAY  1 2016...........SUNRISE   654 AM EDT   SUNSET   816 PM EDT
MAY  2 2016...........SUNRISE   653 AM EDT   SUNSET   816 PM EDT


-  INDICATES NEGATIVE NUMBERS.
R  INDICATES RECORD WAS SET OR TIED.
MM INDICATES DATA IS MISSING.
T  INDICATES TRACE AMOUNT.




$$
