000
CDUS42 KTAE 300652
CLITLH


CLIMATE REPORT
NATIONAL WEATHER SERVICE TALLAHASSEE FL
251 AM EDT WED JUL 30 2014


...................................

...THE TALLAHASSEE CLIMATE SUMMARY FOR JULY 29 2014...

CLIMATE NORMAL PERIOD 1981 TO 2010
CLIMATE RECORD PERIOD 1896 TO 2014


WEATHER ITEM   OBSERVED TIME   RECORD YEAR NORMAL DEPARTURE LAST
                VALUE   (LST)  VALUE       VALUE  FROM      YEAR
                                                  NORMAL
..................................................................
TEMPERATURE (F)
 YESTERDAY
  MAXIMUM         92    400 PM 101    1993  92      0
  MINIMUM         74    600 AM  64    1920  72      2
  AVERAGE         83                        82      1

PRECIPITATION (IN)
  YESTERDAY        0.00          4.27 1975   0.24  -0.24     0.25
  MONTH TO DATE    1.73                      6.66  -4.93    14.35
  SINCE JUN 1      6.13                     14.39  -8.26    21.67
  SINCE JAN 1     38.22                     36.05   2.17    44.06

SNOWFALL (IN)
  YESTERDAY        0.0                       0.0    0.0

DEGREE DAYS
 HEATING
  YESTERDAY        0                                0
  MONTH TO DATE    0                                0
  SINCE JUN 1      0                                0
  SINCE JUL 1      0                                0

 COOLING
  YESTERDAY       18                                1
  MONTH TO DATE  515                               22
  SINCE JUN 1   1036                               86
  SINCE JAN 1   1525                              129
..................................................................


WIND (MPH)
  HIGHEST WIND SPEED    13   HIGHEST WIND DIRECTION     W (260)
  HIGHEST GUST SPEED    20   HIGHEST GUST DIRECTION     W (290)
  AVERAGE WIND SPEED     6.7




RELATIVE HUMIDITY (PERCENT)
 HIGHEST    97
 LOWEST     34
 AVERAGE    66

..........................................................


THE TALLAHASSEE CLIMATE NORMALS FOR TODAY
                         NORMAL    RECORD    YEAR
 MAXIMUM TEMPERATURE (F)   92       103      2010
 MINIMUM TEMPERATURE (F)   72        67      1927


SUNRISE AND SUNSET
JULY 30 2014..........SUNRISE   655 AM EDT   SUNSET   833 PM EDT
JULY 31 2014..........SUNRISE   655 AM EDT   SUNSET   832 PM EDT


-  INDICATES NEGATIVE NUMBERS.
R  INDICATES RECORD WAS SET OR TIED.
MM INDICATES DATA IS MISSING.
T  INDICATES TRACE AMOUNT.




$$
