000
CDUS42 KTAE 290634
CLITLH


CLIMATE REPORT
NATIONAL WEATHER SERVICE TALLAHASSEE FL
234 AM EDT WED MAR 29 2017


...................................

...THE TALLAHASSEE CLIMATE SUMMARY FOR MARCH 28 2017...

CLIMATE NORMAL PERIOD 1981 TO 2010
CLIMATE RECORD PERIOD 1896 TO 2017


WEATHER ITEM   OBSERVED TIME   RECORD YEAR NORMAL DEPARTURE LAST
                VALUE   (LST)  VALUE       VALUE  FROM      YEAR
                                                  NORMAL
..................................................................
TEMPERATURE (F)
 YESTERDAY
  MAXIMUM         85    307 PM  91    1929  76      9       81
  MINIMUM         58    558 AM  31    1894  49      9       62
  AVERAGE         72                        62     10       72

PRECIPITATION (IN)
  YESTERDAY        T             3.39 1970   0.17  -0.17     0.00
  MONTH TO DATE    1.05                      5.44  -4.39     6.50
  SINCE MAR 1      1.05                      5.44  -4.39     6.50
  SINCE JAN 1     10.98                     14.63  -3.65    15.20

SNOWFALL (IN)
  YESTERDAY        0.0                       0.0    0.0

DEGREE DAYS
 HEATING
  YESTERDAY        0                               -4
  MONTH TO DATE  128                              -40
  SINCE MAR 1    128                              -40
  SINCE JUL 1    776                             -735

 COOLING
  YESTERDAY        7                                5
  MONTH TO DATE   59                               27
  SINCE MAR 1     59                               27
  SINCE JAN 1    119                               73
..................................................................


WIND (MPH)
  HIGHEST WIND SPEED    21   HIGHEST WIND DIRECTION    SW (230)
  HIGHEST GUST SPEED    24   HIGHEST GUST DIRECTION    SW (230)
  AVERAGE WIND SPEED     3.6




RELATIVE HUMIDITY (PERCENT)
 HIGHEST   100
 LOWEST     43
 AVERAGE    72

..........................................................


THE TALLAHASSEE CLIMATE NORMALS FOR TODAY
                         NORMAL    RECORD    YEAR
 MAXIMUM TEMPERATURE (F)   76        89      2007
 MINIMUM TEMPERATURE (F)   49        32      1955


SUNRISE AND SUNSET
MARCH 29 2017.........SUNRISE   730 AM EDT   SUNSET   755 PM EDT
MARCH 30 2017.........SUNRISE   729 AM EDT   SUNSET   755 PM EDT


-  INDICATES NEGATIVE NUMBERS.
R  INDICATES RECORD WAS SET OR TIED.
MM INDICATES DATA IS MISSING.
T  INDICATES TRACE AMOUNT.




$$
