000
CDUS42 KTAE 260633
CLITLH


CLIMATE REPORT
NATIONAL WEATHER SERVICE TALLAHASSEE FL
132 AM EST MON JAN 26 2015


...................................

...THE TALLAHASSEE CLIMATE SUMMARY FOR JANUARY 25 2015...

CLIMATE NORMAL PERIOD 1981 TO 2010
CLIMATE RECORD PERIOD 1896 TO 2015


WEATHER ITEM   OBSERVED TIME   RECORD YEAR NORMAL DEPARTURE LAST
                VALUE   (LST)  VALUE       VALUE  FROM      YEAR
                                                  NORMAL
..................................................................
TEMPERATURE (F)
 YESTERDAY
  MAXIMUM         66    256 PM  80    1974  64      2
                                      1967
                                      1949
  MINIMUM         30    728 AM  17    1963  39     -9
  AVERAGE         48                        52     -4

PRECIPITATION (IN)
  YESTERDAY        T             2.25 1926   0.14  -0.14      T
  MONTH TO DATE    4.76                      3.40   1.36     3.04
  SINCE DEC 1     13.54                      7.30   6.24     7.93
  SINCE JAN 1      4.76                      3.40   1.36     3.04

SNOWFALL (IN)
  YESTERDAY       MM                         0.0   MM

DEGREE DAYS
 HEATING
  YESTERDAY       17                                3
  MONTH TO DATE  289                              -61
  SINCE DEC 1    539                             -190
  SINCE JUL 1    890                              -75

 COOLING
  YESTERDAY        0                                0
  MONTH TO DATE    7                                7
  SINCE DEC 1     20                                7
  SINCE JAN 1      7                                7
..................................................................


WIND (MPH)
  HIGHEST WIND SPEED    20   HIGHEST WIND DIRECTION    SW (240)
  HIGHEST GUST SPEED    27   HIGHEST GUST DIRECTION    SW (220)
  AVERAGE WIND SPEED     3.9




RELATIVE HUMIDITY (PERCENT)
 HIGHEST    89
 LOWEST     37
 AVERAGE    63

..........................................................


THE TALLAHASSEE CLIMATE NORMALS FOR TODAY
                         NORMAL    RECORD    YEAR
 MAXIMUM TEMPERATURE (F)   64        80      1950
                                             1949
 MINIMUM TEMPERATURE (F)   39        17      1905


SUNRISE AND SUNSET
JANUARY 26 2015.......SUNRISE   732 AM EST   SUNSET   609 PM EST
JANUARY 27 2015.......SUNRISE   731 AM EST   SUNSET   610 PM EST


-  INDICATES NEGATIVE NUMBERS.
R  INDICATES RECORD WAS SET OR TIED.
MM INDICATES DATA IS MISSING.
T  INDICATES TRACE AMOUNT.




$$
