000
CDUS42 KTAE 260633
CLITLH


CLIMATE REPORT
NATIONAL WEATHER SERVICE TALLAHASSEE FL
133 AM EST SUN FEB 26 2017


...................................

...THE TALLAHASSEE CLIMATE SUMMARY FOR FEBRUARY 25 2017...

CLIMATE NORMAL PERIOD 1981 TO 2010
CLIMATE RECORD PERIOD 1896 TO 2017


WEATHER ITEM   OBSERVED TIME   RECORD YEAR NORMAL DEPARTURE LAST
                VALUE   (LST)  VALUE       VALUE  FROM      YEAR
                                                  NORMAL
..................................................................
TEMPERATURE (F)
 YESTERDAY
  MAXIMUM         81    345 PM  84    1977  70     11       65
  MINIMUM         56    820 PM  18    1989  44     12       42
  AVERAGE         69                        57     12       54

PRECIPITATION (IN)
  YESTERDAY        T             3.95 2013   0.20  -0.20     0.00
  MONTH TO DATE    2.72                      4.29  -1.57     4.45
  SINCE DEC 1     14.13                     12.53   1.60    13.47
  SINCE JAN 1      9.93                      8.63   1.30     8.70

SNOWFALL (IN)
  YESTERDAY        0.0                       0.0    0.0

DEGREE DAYS
 HEATING
  YESTERDAY        0                               -9
  MONTH TO DATE   90                             -182
  SINCE DEC 1    520                             -562
  SINCE JUL 1    633                             -685

 COOLING
  YESTERDAY        4                                3
  MONTH TO DATE   26                               25
  SINCE DEC 1     99                               80
  SINCE JAN 1     56                               50
..................................................................


WIND (MPH)
  HIGHEST WIND SPEED    20   HIGHEST WIND DIRECTION    NW (310)
  HIGHEST GUST SPEED    29   HIGHEST GUST DIRECTION    NW (310)
  AVERAGE WIND SPEED     7.5




RELATIVE HUMIDITY (PERCENT)
 HIGHEST   100
 LOWEST     18
 AVERAGE    59

..........................................................


THE TALLAHASSEE CLIMATE NORMALS FOR TODAY
                         NORMAL    RECORD    YEAR
 MAXIMUM TEMPERATURE (F)   70        84      1930
 MINIMUM TEMPERATURE (F)   44        21      1967


SUNRISE AND SUNSET
FEBRUARY 26 2017......SUNRISE   707 AM EST   SUNSET   634 PM EST
FEBRUARY 27 2017......SUNRISE   706 AM EST   SUNSET   635 PM EST


-  INDICATES NEGATIVE NUMBERS.
R  INDICATES RECORD WAS SET OR TIED.
MM INDICATES DATA IS MISSING.
T  INDICATES TRACE AMOUNT.




$$
