000
CDUS42 KTAE 020620
CLITLH


CLIMATE REPORT
NATIONAL WEATHER SERVICE TALLAHASSEE FL
118 AM EST MON MAR 2 2015

...................................

...THE TALLAHASSEE CLIMATE SUMMARY FOR MARCH 1 2015...

CLIMATE NORMAL PERIOD 1981 TO 2010
CLIMATE RECORD PERIOD 1896 TO 2015


WEATHER ITEM   OBSERVED TIME   RECORD YEAR NORMAL DEPARTURE LAST
                VALUE   (LST)  VALUE       VALUE  FROM      YEAR
                                                  NORMAL
..................................................................
TEMPERATURE (F)
 YESTERDAY
  MAXIMUM         65    459 PM  87    1918  71     -6       74
  MINIMUM         48    627 AM  22    2002  45      3       37
  AVERAGE         57                        58     -1       56

PRECIPITATION (IN)
  YESTERDAY        0.00          6.40 1994   0.21  -0.21     0.00
  MONTH TO DATE    0.00                      0.21  -0.21     0.00
  SINCE MAR 1      0.00                      0.21  -0.21     0.00
  SINCE JAN 1      9.19                      9.40  -0.21     8.05

SNOWFALL (IN)
  YESTERDAY        0.0                       0.0    0.0

DEGREE DAYS
 HEATING
  YESTERDAY        8                                0
  MONTH TO DATE    8                                0
  SINCE MAR 1      8                                0
  SINCE JUL 1   1374                               23

 COOLING
  YESTERDAY        0                               -1
  MONTH TO DATE    0                               -1
  SINCE MAR 1      0                               -1
  SINCE JAN 1      7                               -8
..................................................................


WIND (MPH)
  HIGHEST WIND SPEED     8   HIGHEST WIND DIRECTION    NE (40)
  HIGHEST GUST SPEED    MM   HIGHEST GUST DIRECTION    MM
  AVERAGE WIND SPEED     5.2




RELATIVE HUMIDITY (PERCENT)
 HIGHEST    93
 LOWEST     72
 AVERAGE    83

..........................................................


THE TALLAHASSEE CLIMATE NORMALS FOR TODAY
                         NORMAL    RECORD    YEAR
 MAXIMUM TEMPERATURE (F)   71        87      1918
 MINIMUM TEMPERATURE (F)   45        20      1986


SUNRISE AND SUNSET
MARCH  2 2015.........SUNRISE   703 AM EST   SUNSET   637 PM EST
MARCH  3 2015.........SUNRISE   702 AM EST   SUNSET   638 PM EST


-  INDICATES NEGATIVE NUMBERS.
R  INDICATES RECORD WAS SET OR TIED.
MM INDICATES DATA IS MISSING.
T  INDICATES TRACE AMOUNT.

$$
