000
CDUS42 KTAE 280644
CLITLH


CLIMATE REPORT
NATIONAL WEATHER SERVICE TALLAHASSEE FL
243 AM EDT SAT MAY 28 2016


...................................

...THE TALLAHASSEE CLIMATE SUMMARY FOR MAY 27 2016...

CLIMATE NORMAL PERIOD 1981 TO 2010
CLIMATE RECORD PERIOD 1896 TO 2016


WEATHER ITEM   OBSERVED TIME   RECORD YEAR NORMAL DEPARTURE LAST
                VALUE   (LST)  VALUE       VALUE  FROM      YEAR
                                                  NORMAL
..................................................................
TEMPERATURE (F)
 YESTERDAY
  MAXIMUM         91    354 PM 102    1953  89      2       87
  MINIMUM         64    613 AM  44    1979  65     -1       70
  AVERAGE         78                        77      1       79

PRECIPITATION (IN)
  YESTERDAY        0.00          5.09 1991   0.14  -0.14     0.09
  MONTH TO DATE    1.63                      2.82  -1.19     1.22
  SINCE MAR 1     14.62                     11.82   2.80     8.64
  SINCE JAN 1     23.32                     21.01   2.31    17.83

SNOWFALL (IN)
  YESTERDAY        0.0                       0.0    0.0

DEGREE DAYS
 HEATING
  YESTERDAY        0                                0
  MONTH TO DATE    0                               -3
  SINCE MAR 1     98                             -152
  SINCE JUL 1    943                             -650

 COOLING
  YESTERDAY       13                                1
  MONTH TO DATE  282                               39
  SINCE MAR 1    537                              155
  SINCE JAN 1    540                              144
..................................................................


WIND (MPH)
  HIGHEST WIND SPEED    15   HIGHEST WIND DIRECTION     E (80)
  HIGHEST GUST SPEED    19   HIGHEST GUST DIRECTION     E (100)
  AVERAGE WIND SPEED     6.4




RELATIVE HUMIDITY (PERCENT)
 HIGHEST    78
 LOWEST     28
 AVERAGE    53

..........................................................


THE TALLAHASSEE CLIMATE NORMALS FOR TODAY
                         NORMAL    RECORD    YEAR
 MAXIMUM TEMPERATURE (F)   89       100      2000
 MINIMUM TEMPERATURE (F)   66        47      1988


SUNRISE AND SUNSET
MAY 28 2016...........SUNRISE   637 AM EDT   SUNSET   833 PM EDT
MAY 29 2016...........SUNRISE   637 AM EDT   SUNSET   834 PM EDT


-  INDICATES NEGATIVE NUMBERS.
R  INDICATES RECORD WAS SET OR TIED.
MM INDICATES DATA IS MISSING.
T  INDICATES TRACE AMOUNT.




$$
