037
CDUS42 KTAE 180638
CLITLH


CLIMATE REPORT
NATIONAL WEATHER SERVICE TALLAHASSEE FL
138 AM EST MON DEC 18 2017


...................................

...THE TALLAHASSEE CLIMATE SUMMARY FOR DECEMBER 17 2017...

CLIMATE NORMAL PERIOD 1981 TO 2010
CLIMATE RECORD PERIOD 1896 TO 2017


WEATHER ITEM   OBSERVED TIME   RECORD YEAR NORMAL DEPARTURE LAST
                VALUE   (LST)  VALUE       VALUE  FROM      YEAR
                                                  NORMAL
..................................................................
TEMPERATURE (F)
 YESTERDAY
  MAXIMUM         74    131 PM  83    1971  65      9       76
  MINIMUM         44    147 AM  20    1968  41      3       54
  AVERAGE         59                        53      6       65

PRECIPITATION (IN)
  YESTERDAY        0.00          3.40 1892   0.12  -0.12      T
  MONTH TO DATE    1.30                      2.17  -0.87     3.40
  SINCE DEC 1      1.30                      2.17  -0.87     3.40
  SINCE JAN 1     54.50                     57.50  -3.00    59.02

SNOWFALL (IN)
  YESTERDAY        0.0                       0.0    0.0

DEGREE DAYS
 HEATING
  YESTERDAY        6                               -7
  MONTH TO DATE  191                                1
  SINCE DEC 1    191                                1
  SINCE JUL 1    363                              -63

 COOLING
  YESTERDAY        0                                0
  MONTH TO DATE    9                                1
  SINCE DEC 1      9                                1
  SINCE JAN 1   2947                              359
..................................................................


WIND (MPH)
  HIGHEST WIND SPEED    18   HIGHEST WIND DIRECTION    SW (210)
  HIGHEST GUST SPEED    23   HIGHEST GUST DIRECTION    SW (210)
  AVERAGE WIND SPEED     5.6




RELATIVE HUMIDITY (PERCENT)
 HIGHEST    93
 LOWEST     61
 AVERAGE    77

..........................................................


THE TALLAHASSEE CLIMATE NORMALS FOR TODAY
                         NORMAL    RECORD    YEAR
 MAXIMUM TEMPERATURE (F)   65        82      1967
                                             1931
 MINIMUM TEMPERATURE (F)   41        18      1988


SUNRISE AND SUNSET
DECEMBER 18 2017......SUNRISE   729 AM EST   SUNSET   540 PM EST
DECEMBER 19 2017......SUNRISE   729 AM EST   SUNSET   540 PM EST


-  INDICATES NEGATIVE NUMBERS.
R  INDICATES RECORD WAS SET OR TIED.
MM INDICATES DATA IS MISSING.
T  INDICATES TRACE AMOUNT.




$$
