000
CDUS44 KBMX 242141
CLITOI


CLIMATE REPORT
NATIONAL WEATHER SERVICE BIRMINGHAM, AL
441 PM CDT FRI MAR 24 2017


...................................

...THE TROY CLIMATE SUMMARY FOR MARCH 24 2017...
VALID TODAY AS OF 0400 PM LOCAL TIME.

CLIMATE NORMAL PERIOD 1981 TO 2010
CLIMATE RECORD PERIOD 9999 TO 9999


WEATHER ITEM   OBSERVED TIME   RECORD YEAR NORMAL DEPARTURE LAST
                VALUE   (LST)  VALUE       VALUE  FROM      YEAR
                                                  NORMAL
..................................................................
TEMPERATURE (F)
 TODAY
  MAXIMUM         78    223 PM  MM      MM  72      6       77
  MINIMUM         58    408 AM  MM      MM  45     13       53
  AVERAGE         68                        58     10       65

PRECIPITATION (IN)
  TODAY            0.00                      0.23  -0.23     1.14
  MONTH TO DATE    1.46                      4.43  -2.97     4.10
  SINCE MAR 1      1.46                      4.43  -2.97     4.10
  SINCE JAN 1     20.09                     13.56   6.53    10.45

SNOWFALL (IN)
  TODAY            0.0                      MM     MM        0.0
  MONTH TO DATE    0.0                      MM     MM        0.0
  SINCE MAR 1      0.0                      MM     MM        0.0
  SINCE JUL 1      0.0                      MM     MM         T
  SNOW DEPTH       0

DEGREE DAYS
 HEATING
  TODAY            0                         7     -7        0
  MONTH TO DATE  217                       235    -18      127
  SINCE MAR 1    217                       235    -18      127
  SINCE JUL 1   1378                      2154   -776     1432

 COOLING
  TODAY            3                         1      2        0
  MONTH TO DATE   19                         4     15       65
  SINCE MAR 1     19                         4     15       65
  SINCE JAN 1     41                         9     32       72
..................................................................


WIND (MPH)
  HIGHEST WIND SPEED    20   HIGHEST WIND DIRECTION     S (160)
  HIGHEST GUST SPEED    25   HIGHEST GUST DIRECTION    SE (120)
  AVERAGE WIND SPEED    10.4


SKY COVER
  AVERAGE SKY COVER 0.7


WEATHER CONDITIONS
 THE FOLLOWING WEATHER WAS RECORDED TODAY.
  NO SIGNIFICANT WEATHER WAS OBSERVED.


RELATIVE HUMIDITY (PERCENT)
 HIGHEST    80           400 AM
 LOWEST     42           200 PM
 AVERAGE    61

..........................................................


THE TROY CLIMATE NORMALS FOR TOMORROW
                         NORMAL    RECORD    YEAR
 MAXIMUM TEMPERATURE (F)   72        MM        MM
 MINIMUM TEMPERATURE (F)   45        MM        MM


SUNRISE AND SUNSET
MARCH 24 2017.........SUNRISE   642 AM CDT   SUNSET   658 PM CDT
MARCH 25 2017.........SUNRISE   641 AM CDT   SUNSET   659 PM CDT


-  INDICATES NEGATIVE NUMBERS.
R  INDICATES RECORD WAS SET OR TIED.
MM INDICATES DATA IS MISSING.
T  INDICATES TRACE AMOUNT.




$$
