000
CDUS44 KBMX 310732
CLITOI


CLIMATE REPORT
NATIONAL WEATHER SERVICE BIRMINGHAM, AL
231 AM CDT TUE MAY 31 2016


...................................

...THE TROY CLIMATE SUMMARY FOR MAY 30 2016...

CLIMATE NORMAL PERIOD 1981 TO 2010
CLIMATE RECORD PERIOD 9999 TO 9999


WEATHER ITEM   OBSERVED TIME   RECORD YEAR NORMAL DEPARTURE LAST
                VALUE   (LST)  VALUE       VALUE  FROM      YEAR
                                                  NORMAL
..................................................................
TEMPERATURE (F)
 YESTERDAY
  MAXIMUM         95    318 PM  MM      MM  87      8       89
  MINIMUM         66    443 AM  MM      MM  63      3       62
  AVERAGE         81                        75      6       76

PRECIPITATION (IN)
  YESTERDAY        0.00                      0.21  -0.21     0.00
  MONTH TO DATE    2.40                      3.45  -1.05     2.76
  SINCE MAR 1     12.98                     13.47  -0.49    12.58
  SINCE JAN 1     19.33                     22.60  -3.27    19.49

DEGREE DAYS
 COOLING
  YESTERDAY       16                        10      6       11
  MONTH TO DATE  232                       200     32      265
  SINCE MAR 1    391                       272    119      469
  SINCE JAN 1    398                       277    121      471
..................................................................


WIND (MPH)
  HIGHEST WIND SPEED    13   HIGHEST WIND DIRECTION    NW (300)
  HIGHEST GUST SPEED    15   HIGHEST GUST DIRECTION     N (10)
  AVERAGE WIND SPEED     2.7


SKY COVER
  AVERAGE SKY COVER 0.0


WEATHER CONDITIONS
 THE FOLLOWING WEATHER WAS RECORDED YESTERDAY.
  FOG


RELATIVE HUMIDITY (PERCENT)
 HIGHEST    93           200 AM
 LOWEST     34           300 PM
 AVERAGE    64

..........................................................


THE TROY CLIMATE NORMALS FOR TODAY
                         NORMAL    RECORD    YEAR
 MAXIMUM TEMPERATURE (F)   87        MM        MM
 MINIMUM TEMPERATURE (F)   63        MM        MM


SUNRISE AND SUNSET
MAY 31 2016...........SUNRISE   539 AM CDT   SUNSET   745 PM CDT
JUNE  1 2016..........SUNRISE   539 AM CDT   SUNSET   745 PM CDT


-  INDICATES NEGATIVE NUMBERS.
R  INDICATES RECORD WAS SET OR TIED.
MM INDICATES DATA IS MISSING.
T  INDICATES TRACE AMOUNT.




$$
