000
CDUS44 KBMX 260045
CLITOI


CLIMATE REPORT
NATIONAL WEATHER SERVICE BIRMINGHAM, AL
745 PM CDT MON JUL 25 2016


...................................

...THE TROY CLIMATE SUMMARY FOR JULY 25 2016...
VALID TODAY AS OF 0700 PM LOCAL TIME.

CLIMATE NORMAL PERIOD 1981 TO 2010
CLIMATE RECORD PERIOD 9999 TO 9999


WEATHER ITEM   OBSERVED TIME   RECORD YEAR NORMAL DEPARTURE LAST
                VALUE   (LST)  VALUE       VALUE  FROM      YEAR
                                                  NORMAL
..................................................................
TEMPERATURE (F)
 TODAY
  MAXIMUM         93    305 PM  MM      MM  92      1       95
  MINIMUM         71    349 AM  MM      MM  70      1       72
  AVERAGE         82                        81      1       84

PRECIPITATION (IN)
  TODAY            0.00                      0.20  -0.20     0.00
  MONTH TO DATE    3.59                      4.59  -1.00     2.63
  SINCE JUN 1      9.59                      9.42   0.17     6.74
  SINCE JAN 1     28.93                     32.25  -3.32    26.56

DEGREE DAYS
 COOLING
  TODAY           17                        16      1       19
  MONTH TO DATE  416                       393     23      457
  SINCE JUN 1    857                       781     76      916
  SINCE JAN 1   1272                      1068    204     1399
..................................................................


WIND (MPH)
  HIGHEST WIND SPEED    14   HIGHEST WIND DIRECTION    SE (140)
  HIGHEST GUST SPEED    18   HIGHEST GUST DIRECTION    SE (120)
  AVERAGE WIND SPEED     5.3


SKY COVER
  AVERAGE SKY COVER 0.1


WEATHER CONDITIONS
 THE FOLLOWING WEATHER WAS RECORDED TODAY.
  NO SIGNIFICANT WEATHER WAS OBSERVED.


RELATIVE HUMIDITY (PERCENT)
 HIGHEST   100           400 AM
 LOWEST     47           500 PM
 AVERAGE    74

..........................................................


THE TROY CLIMATE NORMALS FOR TOMORROW
                         NORMAL    RECORD    YEAR
 MAXIMUM TEMPERATURE (F)   92        MM        MM
 MINIMUM TEMPERATURE (F)   70        MM        MM


SUNRISE AND SUNSET
JULY 25 2016..........SUNRISE   555 AM CDT   SUNSET   745 PM CDT
JULY 26 2016..........SUNRISE   556 AM CDT   SUNSET   745 PM CDT


-  INDICATES NEGATIVE NUMBERS.
R  INDICATES RECORD WAS SET OR TIED.
MM INDICATES DATA IS MISSING.
T  INDICATES TRACE AMOUNT.




$$
