000
CDUS44 KBMX 242111
CLITOI


CLIMATE REPORT
NATIONAL WEATHER SERVICE BIRMINGHAM, AL
411 PM CDT THU JUL 24 2014


...................................

...THE TROY CLIMATE SUMMARY FOR JULY 24 2014...
VALID AS OF 0400 PM LOCAL TIME.

CLIMATE NORMAL PERIOD 1981 TO 2010
CLIMATE RECORD PERIOD 9999 TO 9999


WEATHER ITEM   OBSERVED TIME   RECORD YEAR NORMAL DEPARTURE LAST
                VALUE   (LST)  VALUE       VALUE  FROM      YEAR
                                                  NORMAL
..................................................................
TEMPERATURE (F)
 TODAY
  MAXIMUM         91    257 PM  MM      MM  92     -1       89
  MINIMUM         70    533 AM  MM      MM  70      0       70
  AVERAGE         81                        81      0       80

PRECIPITATION (IN)
  TODAY            0.00                      0.20  -0.20     0.50
  MONTH TO DATE    2.02                      4.39  -2.37    10.73
  SINCE JUN 1      4.81                      9.22  -4.41    16.68
  SINCE JAN 1     34.87                     32.05   2.82    39.84

DEGREE DAYS
 COOLING
  TODAY           16                        16      0       15
  MONTH TO DATE  357                       377    -20      339
  SINCE JUN 1    790                       765     25      784
  SINCE JAN 1   1112                      1052     60     1076
..................................................................


WIND (MPH)
  HIGHEST WIND SPEED    12   HIGHEST WIND DIRECTION    SW (230)
  HIGHEST GUST SPEED    15   HIGHEST GUST DIRECTION    SW (220)
  AVERAGE WIND SPEED     4.5


SKY COVER
  AVERAGE SKY COVER 0.1


WEATHER CONDITIONS
 THE FOLLOWING WEATHER WAS RECORDED TODAY.
  FOG


RELATIVE HUMIDITY (PERCENT)
 HIGHEST    93          1200 AM
 LOWEST     47           300 PM
 AVERAGE    70

..........................................................


THE TROY CLIMATE NORMALS FOR TOMORROW
                         NORMAL    RECORD    YEAR
 MAXIMUM TEMPERATURE (F)   92        MM        MM
 MINIMUM TEMPERATURE (F)   70        MM        MM


SUNRISE AND SUNSET
JULY 24 2014..........SUNRISE   554 AM CDT   SUNSET   746 PM CDT
JULY 25 2014..........SUNRISE   555 AM CDT   SUNSET   746 PM CDT


-  INDICATES NEGATIVE NUMBERS.
R  INDICATES RECORD WAS SET OR TIED.
MM INDICATES DATA IS MISSING.
T  INDICATES TRACE AMOUNT.




$$
