000
CDUS44 KBMX 292225
CLITOI


CLIMATE REPORT
NATIONAL WEATHER SERVICE BIRMINGHAM, AL
524 PM CDT WED JUL 29 2015


...................................

...THE TROY CLIMATE SUMMARY FOR JULY 29 2015...
VALID AS OF 0400 PM LOCAL TIME.

CLIMATE NORMAL PERIOD 1981 TO 2010
CLIMATE RECORD PERIOD 9999 TO 9999


WEATHER ITEM   OBSERVED TIME   RECORD YEAR NORMAL DEPARTURE LAST
                VALUE   (LST)  VALUE       VALUE  FROM      YEAR
                                                  NORMAL
..................................................................
TEMPERATURE (F)
 TODAY
  MAXIMUM         99   1141 AM  MM      MM  91      8       89
  MINIMUM         73    533 AM  MM      MM  70      3       63
  AVERAGE         86                        81      5       76

PRECIPITATION (IN)
  TODAY            0.04                      0.17  -0.13     0.00
  MONTH TO DATE    2.67                      5.31  -2.64     2.12
  SINCE JUN 1      6.78                     10.14  -3.36     4.91
  SINCE JAN 1     26.60                     32.97  -6.37    34.97

DEGREE DAYS
 COOLING
  TODAY           21                        16      5       11
  MONTH TO DATE  534                       457     77      442
  SINCE JUN 1    993                       845    148      875
  SINCE JAN 1   1476                      1132    344     1197
..................................................................


WIND (MPH)
  HIGHEST WIND SPEED    33   HIGHEST WIND DIRECTION     N (360)
  HIGHEST GUST SPEED    43   HIGHEST GUST DIRECTION     N (360)
  AVERAGE WIND SPEED     2.9


SKY COVER
  AVERAGE SKY COVER 0.1


WEATHER CONDITIONS
 THE FOLLOWING WEATHER WAS RECORDED TODAY.
  THUNDERSTORM
  LIGHT RAIN
  FOG


RELATIVE HUMIDITY (PERCENT)
 HIGHEST   100           200 AM
 LOWEST     45          1100 AM
 AVERAGE    73

..........................................................


THE TROY CLIMATE NORMALS FOR TOMORROW
                         NORMAL    RECORD    YEAR
 MAXIMUM TEMPERATURE (F)   91        MM        MM
 MINIMUM TEMPERATURE (F)   70        MM        MM


SUNRISE AND SUNSET
JULY 29 2015..........SUNRISE   558 AM CDT   SUNSET   743 PM CDT
JULY 30 2015..........SUNRISE   558 AM CDT   SUNSET   742 PM CDT


-  INDICATES NEGATIVE NUMBERS.
R  INDICATES RECORD WAS SET OR TIED.
MM INDICATES DATA IS MISSING.
T  INDICATES TRACE AMOUNT.




$$
