000
CDUS41 KCLE 200528
CLITOL


CLIMATE REPORT
NATIONAL WEATHER SERVICE CLEVELAND OH
1227 AM EST FRI JAN 20 2017


...................................

...THE TOLEDO OH CLIMATE SUMMARY FOR JANUARY 19 2017...

CLIMATE NORMAL PERIOD 1981 TO 2010
CLIMATE RECORD PERIOD 1873 TO 2017


WEATHER ITEM   OBSERVED TIME   RECORD YEAR NORMAL DEPARTURE LAST
                VALUE   (LST)  VALUE       VALUE  FROM      YEAR
                                                  NORMAL
..................................................................
TEMPERATURE (F)
 YESTERDAY
  MAXIMUM         39    502 PM  65    1907  32      7       22
  MINIMUM         33    919 PM -18    1994  18     15        6
  AVERAGE         36                        25     11       14

PRECIPITATION (IN)
  YESTERDAY        0.00                      0.06  -0.06     0.00
  MONTH TO DATE    3.37                      1.32   2.05     1.38
  SINCE DEC 1      5.85                      4.00   1.85     4.36
  SINCE JAN 1      3.37                      1.32   2.05     1.38

SNOWFALL (IN)
  YESTERDAY        0.0                       0.4   -0.4      0.0
  MONTH TO DATE    1.1                       6.9   -5.8      5.3
  SINCE DEC 1     14.3                      14.3    0.0      5.3
  SINCE JUL 1     14.3                      16.4   -2.1      8.8
  SNOW DEPTH       0

DEGREE DAYS
 HEATING
  YESTERDAY       29                        40    -11       51
  MONTH TO DATE  692                       751    -59      751
  SINCE DEC 1   1850                      1843      7     1491
  SINCE JUL 1   2774                      3076   -302     2501

 COOLING
  YESTERDAY        0                         0      0        0
  MONTH TO DATE    0                         0      0        0
  SINCE DEC 1      0                         0      0        0
  SINCE JAN 1      0                         0      0        0
..................................................................


WIND (MPH)
  HIGHEST WIND SPEED    17   HIGHEST WIND DIRECTION     W (260)
  HIGHEST GUST SPEED    20   HIGHEST GUST DIRECTION     W (250)
  AVERAGE WIND SPEED     6.4


SKY COVER
  POSSIBLE SUNSHINE  MM
  AVERAGE SKY COVER 0.8


WEATHER CONDITIONS
 THE FOLLOWING WEATHER WAS RECORDED YESTERDAY.
  FOG


RELATIVE HUMIDITY (PERCENT)
 HIGHEST   100          1200 AM
 LOWEST     85           200 PM
 AVERAGE    93

..........................................................


THE TOLEDO OH CLIMATE NORMALS FOR TODAY
                         NORMAL    RECORD    YEAR
 MAXIMUM TEMPERATURE (F)   32        67      1906
 MINIMUM TEMPERATURE (F)   18       -17      1985


SUNRISE AND SUNSET
JANUARY 20 2017.......SUNRISE   757 AM EST   SUNSET   536 PM EST
JANUARY 21 2017.......SUNRISE   756 AM EST   SUNSET   538 PM EST


-  INDICATES NEGATIVE NUMBERS.
R  INDICATES RECORD WAS SET OR TIED.
MM INDICATES DATA IS MISSING.
T  INDICATES TRACE AMOUNT.




$$
