000
CDUS43 KTOP 200632
CLITOP


CLIMATE REPORT
NATIONAL WEATHER SERVICE TOPEKA KS
131 AM CDT FRI OCT 20 2017


...................................

...THE TOPEKA KS CLIMATE SUMMARY FOR OCTOBER 19 2017...

CLIMATE NORMAL PERIOD 1981 TO 2010
CLIMATE RECORD PERIOD 1887 TO 2017


WEATHER ITEM   OBSERVED TIME   RECORD YEAR NORMAL DEPARTURE LAST
                VALUE   (LST)  VALUE       VALUE  FROM      YEAR
                                                  NORMAL
..................................................................
TEMPERATURE (F)
 YESTERDAY
  MAXIMUM         82    325 PM  88    1963  67     15       73
  MINIMUM         47    707 AM  20    1972  44      3       49
  AVERAGE         65                        56      9       61

PRECIPITATION (IN)
  YESTERDAY        0.00          1.84 1983   0.10  -0.10     0.00
  MONTH TO DATE    1.89                      1.97  -0.08     0.89
  SINCE SEP 1      3.67                      5.63  -1.96     8.67
  SINCE JAN 1     37.14                     32.20   4.94    41.56

SNOWFALL (IN)
  YESTERDAY        0.0           0.1  1916   0.0    0.0      0.0
  MONTH TO DATE    0.0                       0.1   -0.1      0.0
  SINCE JAN 1      3.5                      11.4   -7.9      3.7
  SINCE JUL 1      T                         0.1   -0.1       T
  SNOW DEPTH       0

DEGREE DAYS
 HEATING
  YESTERDAY        0                        10    -10        4
  MONTH TO DATE   62                       145    -83       76
  SINCE SEP 1     75                       210   -135       96
  SINCE JUL 1     75                       212   -137       96

 COOLING
  YESTERDAY        0                         1     -1        0
  MONTH TO DATE   53                        25     28       40
  SINCE SEP 1    281                       190     91      284
  SINCE JAN 1   1471                      1418     53     1685
..................................................................


WIND (MPH)
  HIGHEST WIND SPEED    15   HIGHEST WIND DIRECTION     S (180)
  HIGHEST GUST SPEED    18   HIGHEST GUST DIRECTION     S (170)
  AVERAGE WIND SPEED     5.0


SKY COVER
  AVERAGE SKY COVER 0.0


WEATHER CONDITIONS
 THE FOLLOWING WEATHER WAS RECORDED YESTERDAY.
  FOG


RELATIVE HUMIDITY (PERCENT)
 HIGHEST   100          1200 AM
 LOWEST     36           200 PM
 AVERAGE    68

..........................................................


THE TOPEKA KS CLIMATE NORMALS FOR TODAY
                         NORMAL    RECORD    YEAR
 MAXIMUM TEMPERATURE (F)   67        90      2003
 MINIMUM TEMPERATURE (F)   44        20      1989


SUNRISE AND SUNSET
OCTOBER 20 2017.......SUNRISE   737 AM CDT   SUNSET   636 PM CDT
OCTOBER 21 2017.......SUNRISE   739 AM CDT   SUNSET   635 PM CDT


-  INDICATES NEGATIVE NUMBERS.
R  INDICATES RECORD WAS SET OR TIED.
MM INDICATES DATA IS MISSING.
T  INDICATES TRACE AMOUNT.




$$
