000
CDUS42 KTBW 222220
CLITPA


CLIMATE REPORT
NATIONAL WEATHER SERVICE TAMPA BAY FL
517 PM EST SUN JAN 22 2017


...................................

...THE TAMPA CLIMATE SUMMARY FOR JANUARY 22 2017...
VALID TODAY AS OF 0500 PM LOCAL TIME.

CLIMATE NORMAL PERIOD 1981 TO 2010
CLIMATE RECORD PERIOD 1890 TO 2017


WEATHER ITEM   OBSERVED TIME   RECORD YEAR NORMAL DEPARTURE LAST
                VALUE   (LST)  VALUE       VALUE  FROM      YEAR
                                                  NORMAL
..................................................................
TEMPERATURE (F)
 TODAY
  MAXIMUM         81   1258 PM  83    2006  70     11       71
                                      1999
                                      1962
  MINIMUM         70    245 AM  25    1985  52     18       60
  AVERAGE         76                        61     15       66

PRECIPITATION (IN)
  TODAY            0.00          1.35 1906   0.08  -0.08     0.56
  MONTH TO DATE    0.23                      1.50  -1.27     3.53
  SINCE DEC 1      0.66                      3.97  -3.31     4.02
  SINCE JAN 1      0.23                      1.50  -1.27     3.53

DEGREE DAYS
 HEATING
  TODAY            0                         6     -6        0
  MONTH TO DATE   42                       132    -90      111
  SINCE DEC 1     69                       271   -202      119
  SINCE JUL 1     84                       315   -231      124

 COOLING
  TODAY           11                         2      9        1
  MONTH TO DATE  118                        42     76       29
  SINCE DEC 1    310                       122    188      304
  SINCE JAN 1    118                        42     76       29
..................................................................


WIND (MPH)
  RESULTANT WIND SPEED  14   RESULTANT WIND DIRECTION   S (180)
  HIGHEST WIND SPEED    25   HIGHEST WIND DIRECTION     S (190)
  HIGHEST GUST SPEED    34   HIGHEST GUST DIRECTION     S (180)
  AVERAGE WIND SPEED    14.3


SKY COVER
  POSSIBLE SUNSHINE  MM
  AVERAGE SKY COVER 0.7


WEATHER CONDITIONS
 THE FOLLOWING WEATHER WAS RECORDED TODAY.
  NO SIGNIFICANT WEATHER WAS OBSERVED.


RELATIVE HUMIDITY (PERCENT)
 HIGHEST    93           700 AM
 LOWEST     74           100 PM

..........................................................


THE TAMPA CLIMATE NORMALS FOR TOMORROW
                         NORMAL    RECORD    YEAR
 MAXIMUM TEMPERATURE (F)   70        83      2002
                                             1999
                                             1922
 MINIMUM TEMPERATURE (F)   52        31      1985


SUNRISE AND SUNSET
JANUARY 22 2017.......SUNRISE   721 AM EST   SUNSET   603 PM EST
JANUARY 23 2017.......SUNRISE   721 AM EST   SUNSET   604 PM EST


-  INDICATES NEGATIVE NUMBERS.
R  INDICATES RECORD WAS SET OR TIED.
MM INDICATES DATA IS MISSING.
T  INDICATES TRACE AMOUNT.




$$


&&
------------------------------------------------------------------
******************** SUPPLEMENTAL DATA ***************************

...RUSKIN                HIGH 81    LOW 66    PCPN 0.00
...SARASOTA/BRADENTON    HIGH 80    LOW 72    PCPN 0.00
...LAKELAND*             HIGH 85    LOW 67    PCPN 0.00
...ST. PETERSBURG        HIGH 78    LOW 68    PCPN 0.00
...GULF WATER TEMPERATURE AT CLEARWATER BEACH 71 DEGREES

*LAKELAND DATA IS FROM 4:30 PM SATURDAY TO 4:30 PM SUNDAY
AND MAY REFLECT YESTERDAYS RAINFALL AND HIGH TEMPERATURE.
