000
CDUS42 KTBW 050831
CLITPA


CLIMATE REPORT
NATIONAL WEATHER SERVICE TAMPA BAY FL
429 AM EDT SAT SEP 5 2015


...................................

...THE TAMPA CLIMATE SUMMARY FOR SEPTEMBER 4 2015...

CLIMATE NORMAL PERIOD 1981 TO 2010
CLIMATE RECORD PERIOD 1890 TO 2015


WEATHER ITEM   OBSERVED TIME   RECORD YEAR NORMAL DEPARTURE LAST
                VALUE   (LST)  VALUE       VALUE  FROM      YEAR
                                                  NORMAL
..................................................................
TEMPERATURE (F)
 YESTERDAY
  MAXIMUM         91    259 PM  96    1961  90      1       87
                                      1912
  MINIMUM         77   1026 AM  68    1906  76      1       75
  AVERAGE         84                        83      1       81

PRECIPITATION (IN)
  YESTERDAY        0.19          6.30 1935   0.25  -0.06     0.05
  MONTH TO DATE    0.19                      1.02  -0.83     1.51
  SINCE SEP 1      0.19                      1.02  -0.83     1.51
  SINCE JAN 1     55.62                     34.74  20.88    41.46

DEGREE DAYS
 HEATING
  YESTERDAY        0                         0      0        0
  MONTH TO DATE    0                         0      0        0
  SINCE SEP 1      0                         0      0        0
  SINCE JUL 1      0                         0      0        0

 COOLING
  YESTERDAY       19                        18      1       16
  MONTH TO DATE   80                        72      8       75
  SINCE SEP 1     80                        72      8       75
  SINCE JAN 1   2994                      2587    407     2592
..................................................................


WIND (MPH)
  RESULTANT WIND SPEED   2   RESULTANT WIND DIRECTION  NW (310)
  HIGHEST WIND SPEED    22   HIGHEST WIND DIRECTION    NW (300)
  HIGHEST GUST SPEED    26   HIGHEST GUST DIRECTION    NW (300)
  AVERAGE WIND SPEED     2.9


SKY COVER
  POSSIBLE SUNSHINE  MM
  AVERAGE SKY COVER 0.7


WEATHER CONDITIONS
 THE FOLLOWING WEATHER WAS RECORDED YESTERDAY.
  THUNDERSTORM
  LIGHT RAIN
  HAZE


RELATIVE HUMIDITY (PERCENT)
 HIGHEST    85           200 AM
 LOWEST     59           300 PM
 AVERAGE    72

..........................................................


THE TAMPA CLIMATE NORMALS FOR TODAY
                         NORMAL    RECORD    YEAR
 MAXIMUM TEMPERATURE (F)   90        96      1941
 MINIMUM TEMPERATURE (F)   76        68      1909


SUNRISE AND SUNSET
SEPTEMBER  5 2015.....SUNRISE   711 AM EDT   SUNSET   747 PM EDT
SEPTEMBER  6 2015.....SUNRISE   711 AM EDT   SUNSET   746 PM EDT


-  INDICATES NEGATIVE NUMBERS.
R  INDICATES RECORD WAS SET OR TIED.
MM INDICATES DATA IS MISSING.
T  INDICATES TRACE AMOUNT.




$$


&&
------------------------------------------------------------------
******************** SUPPLEMENTAL DATA ***************************

...RUSKIN                HIGH 93    LOW 74    PCPN 0.05
...SARASOTA/BRADENTON    HIGH 93    LOW 75    PCPN 0.06
...ST. PETERSBURG        HIGH 89    LOW 79    PCPN 1.86
...GULF WATER TEMPERATURE AT CLEARWATER BEACH 87
