000
CDUS42 KTBW 242116
CLITPA


CLIMATE REPORT
NATIONAL WEATHER SERVICE TAMPA BAY FL
514 PM EDT SUN SEP 24 2017


...................................

...THE TAMPA CLIMATE SUMMARY FOR SEPTEMBER 24 2017...
VALID TODAY AS OF 0500 PM LOCAL TIME.

CLIMATE NORMAL PERIOD 1981 TO 2010
CLIMATE RECORD PERIOD 1890 TO 2017


WEATHER ITEM   OBSERVED TIME   RECORD YEAR NORMAL DEPARTURE LAST
                VALUE   (LST)  VALUE       VALUE  FROM      YEAR
                                                  NORMAL
..................................................................
TEMPERATURE (F)
 TODAY
  MAXIMUM         91    153 PM  94    1930  88      3       93
                                      1925
  MINIMUM         76    606 AM  62    1897  74      2       77
                                      1896
  AVERAGE         84                        81      3       85

PRECIPITATION (IN)
  TODAY            0.03          2.73 1928   0.17  -0.14     0.00
  MONTH TO DATE    6.63                      5.36   1.27     3.44
  SINCE SEP 1      6.63                      5.36   1.27     3.44
  SINCE JAN 1     40.25                     39.08   1.17    49.87

DEGREE DAYS
 HEATING
  TODAY            0                         0      0        0
  MONTH TO DATE    0                         0      0        0
  SINCE SEP 1      0                         0      0        0
  SINCE JUL 1      0                         0      0        0

 COOLING
  TODAY           19                        16      3       20
  MONTH TO DATE  442                       411     31      464
  SINCE SEP 1    442                       411     31      464
  SINCE JAN 1   3524                      2926    598     3250
..................................................................


WIND (MPH)
  RESULTANT WIND SPEED   3   RESULTANT WIND DIRECTION  NE (50)
  HIGHEST WIND SPEED    14   HIGHEST WIND DIRECTION     N (10)
  HIGHEST GUST SPEED    19   HIGHEST GUST DIRECTION    NE (30)
  AVERAGE WIND SPEED     5.6


SKY COVER
  POSSIBLE SUNSHINE  MM
  AVERAGE SKY COVER 0.6


WEATHER CONDITIONS
 THE FOLLOWING WEATHER WAS RECORDED TODAY.
  THUNDERSTORM
  LIGHT RAIN
  HAZE


RELATIVE HUMIDITY (PERCENT)
 HIGHEST    94           600 AM
 LOWEST     56           200 PM

..........................................................


THE TAMPA CLIMATE NORMALS FOR TOMORROW
                         NORMAL    RECORD    YEAR
 MAXIMUM TEMPERATURE (F)   88        94      1986
                                             1972
 MINIMUM TEMPERATURE (F)   73        65      2008
                                             1990


SUNRISE AND SUNSET
SEPTEMBER 24 2017.....SUNRISE   720 AM EDT   SUNSET   724 PM EDT
SEPTEMBER 25 2017.....SUNRISE   720 AM EDT   SUNSET   723 PM EDT


-  INDICATES NEGATIVE NUMBERS.
R  INDICATES RECORD WAS SET OR TIED.
MM INDICATES DATA IS MISSING.
T  INDICATES TRACE AMOUNT.




$$


&&
------------------------------------------------------------------
******************** SUPPLEMENTAL DATA ***************************

...RUSKIN                HIGH 89    LOW 74    PCPN T
...SARASOTA/BRADENTON    HIGH 86    LOW 70    PCPN 1.16
...LAKELAND*             HIGH MM    LOW MM    PCPN MM
...ST. PETERSBURG        HIGH 88    LOW 79    PCPN 0.01
...GULF WATER TEMPERATURE AT CLEARWATER BEACH 84 DEGREES

*LAKELAND DATA IS FROM 4:30 PM SATURDAY TO 4:30 PM SUNDAY
AND MAY REFLECT YESTERDAYS RAINFALL AND HIGH TEMPERATURE.
