000
CDUS42 KTBW 232224
CLITPA


CLIMATE REPORT
NATIONAL WEATHER SERVICE TAMPA BAY FL
522 PM EST THU FEB 23 2017


...................................

...THE TAMPA CLIMATE SUMMARY FOR FEBRUARY 23 2017...
VALID TODAY AS OF 0500 PM LOCAL TIME.

CLIMATE NORMAL PERIOD 1981 TO 2010
CLIMATE RECORD PERIOD 1890 TO 2017


WEATHER ITEM   OBSERVED TIME   RECORD YEAR NORMAL DEPARTURE LAST
                VALUE   (LST)  VALUE       VALUE  FROM      YEAR
                                                  NORMAL
..................................................................
TEMPERATURE (F)
 TODAY
  MAXIMUM         81    441 PM  87    1949  74      7       80
  MINIMUM         58    153 AM  31    1978  56      2       65
  AVERAGE         70                        64      6       73

PRECIPITATION (IN)
  TODAY            0.05          1.82 1942   0.10  -0.05     0.01
  MONTH TO DATE    2.02                      2.35  -0.33     1.70
  SINCE DEC 1      3.35                      7.05  -3.70     8.37
  SINCE JAN 1      2.92                      4.58  -1.66     7.88

DEGREE DAYS
 HEATING
  TODAY            0                         3     -3        0
  MONTH TO DATE   13                        92    -79       93
  SINCE DEC 1    121                       413   -292      272
  SINCE JUL 1    136                       457   -321      277

 COOLING
  TODAY            5                         3      2        8
  MONTH TO DATE   84                        47     37       44
  SINCE DEC 1    403                       177    226      349
  SINCE JAN 1    211                        97    114       74
..................................................................


WIND (MPH)
  RESULTANT WIND SPEED   7   RESULTANT WIND DIRECTION   N (10)
  HIGHEST WIND SPEED    17   HIGHEST WIND DIRECTION     N (20)
  HIGHEST GUST SPEED    25   HIGHEST GUST DIRECTION     N (10)
  AVERAGE WIND SPEED     7.8


SKY COVER
  POSSIBLE SUNSHINE  MM
  AVERAGE SKY COVER 0.8


WEATHER CONDITIONS
 THE FOLLOWING WEATHER WAS RECORDED TODAY.
  LIGHT RAIN
  FOG


RELATIVE HUMIDITY (PERCENT)
 HIGHEST   100           200 AM
 LOWEST     54           300 PM

..........................................................


THE TAMPA CLIMATE NORMALS FOR TOMORROW
                         NORMAL    RECORD    YEAR
 MAXIMUM TEMPERATURE (F)   74        85      2001
 MINIMUM TEMPERATURE (F)   56        32      1901


SUNRISE AND SUNSET
FEBRUARY 23 2017......SUNRISE   700 AM EST   SUNSET   627 PM EST
FEBRUARY 24 2017......SUNRISE   659 AM EST   SUNSET   628 PM EST


-  INDICATES NEGATIVE NUMBERS.
R  INDICATES RECORD WAS SET OR TIED.
MM INDICATES DATA IS MISSING.
T  INDICATES TRACE AMOUNT.




$$


&&
------------------------------------------------------------------
******************** SUPPLEMENTAL DATA ***************************

...RUSKIN                HIGH 80    LOW 55    PCPN 0.03
...SARASOTA/BRADENTON    HIGH 80    LOW 56    PCPN 0.00
...LAKELAND*             HIGH 80    LOW 56    PCPN 0.66
...ST. PETERSBURG        HIGH  M    LOW  M    PCPN TRACE
...GULF WATER TEMPERATURE AT CLEARWATER BEACH 69 DEGREES

*LAKELAND DATA IS FROM 4:30 PM WEDNESDAY TO 4:30 PM THURSDAY
AND MAY REFLECT YESTERDAYS RAINFALL AND HIGH TEMPERATURE.
