000
CDUS45 KLKN 230933
CLITPH


CLIMATE REPORT
NATIONAL WEATHER SERVICE ELKO NV
230 AM PDT SUN APR 23 2017


...................................

...THE TONOPAH AIRPORT NV CLIMATE SUMMARY FOR APRIL 22 2017...

CLIMATE NORMAL PERIOD 1981 TO 2010
CLIMATE RECORD PERIOD 1954 TO 2017


WEATHER ITEM   OBSERVED TIME   RECORD YEAR NORMAL DEPARTURE LAST
                VALUE   (LST)  VALUE       VALUE  FROM      YEAR
                                                  NORMAL
..................................................................
TEMPERATURE (F)
 YESTERDAY
  MAXIMUM         72    517 PM  86    2012  66      6       74
  MINIMUM         38    541 AM  19    1963  36      2       38
  AVERAGE         55                        51      4       56

PRECIPITATION (IN)
  YESTERDAY        0.00          0.30 1955   0.01  -0.01      T
  MONTH TO DATE    0.17                      0.31  -0.14     0.22
  SINCE OCT 1      1.99                      2.98  -0.99     5.11
  SINCE JAN 1      1.46                      1.89  -0.43     1.73

DEGREE DAYS
 HEATING
  YESTERDAY       10                        14     -4        9
  MONTH TO DATE  317                       367    -50      245
  SINCE MAR 1    848                      1052   -204      842
  SINCE JUL 1   4713                      5094   -381     4769

 COOLING
  YESTERDAY        0                         0      0        0
  MONTH TO DATE    0                         0      0        0
  SINCE MAR 1      0                         0      0        0
  SINCE JAN 1      0                         0      0        0
..................................................................


WIND (MPH)
  HIGHEST WIND SPEED    22   HIGHEST WIND DIRECTION     S (190)
  HIGHEST GUST SPEED    27   HIGHEST GUST DIRECTION    SW (210)
  AVERAGE WIND SPEED    10.1



WEATHER CONDITIONS
 THE FOLLOWING WEATHER WAS RECORDED YESTERDAY.
  NO SIGNIFICANT WEATHER WAS OBSERVED.


RELATIVE HUMIDITY (PERCENT)
 HIGHEST    51           300 AM
 LOWEST     38          1200 AM
 AVERAGE    45

..........................................................


THE TONOPAH AIRPORT NV CLIMATE NORMALS FOR TODAY
                         NORMAL    RECORD    YEAR
 MAXIMUM TEMPERATURE (F)   67        84      2012
 MINIMUM TEMPERATURE (F)   37        20      1961


SUNRISE AND SUNSET
APRIL 23 2017.........SUNRISE   602 AM PDT   SUNSET   732 PM PDT
APRIL 24 2017.........SUNRISE   600 AM PDT   SUNSET   733 PM PDT


-  INDICATES NEGATIVE NUMBERS.
R  INDICATES RECORD WAS SET OR TIED.
MM INDICATES DATA IS MISSING.
T  INDICATES TRACE AMOUNT.




$$
