000
CDUS45 KLKN 080033
CLITPH


CLIMATE REPORT
NATIONAL WEATHER SERVICE ELKO NV
529 PM PDT TUE JUL 7 2015


...................................

...THE TONOPAH AIRPORT NV CLIMATE SUMMARY FOR JULY 7 2015...
VALID TODAY AS OF 0500 PM LOCAL TIME.

CLIMATE NORMAL PERIOD 1981 TO 2010
CLIMATE RECORD PERIOD 1954 TO 2015


WEATHER ITEM   OBSERVED TIME   RECORD YEAR NORMAL DEPARTURE LAST
                VALUE   (LST)  VALUE       VALUE  FROM      YEAR
                                                  NORMAL
..................................................................
TEMPERATURE (F)
 TODAY
  MAXIMUM         88    137 PM 102    1989  91     -3       89
  MINIMUM         60    334 AM  43    1963  57      3       65
  AVERAGE         74                        74      0       77

PRECIPITATION (IN)
  TODAY            0.01          0.21 2014   0.01   0.00     0.21
  MONTH TO DATE    0.08                      0.05   0.03     0.21
  SINCE OCT 1      2.63                      3.95  -1.32     1.59
  SINCE JAN 1      2.15                      2.86  -0.71     1.13

DEGREE DAYS
 HEATING
  TODAY            0                         0      0        0
  MONTH TO DATE    0                         0      0        0
  SINCE JUN 1      6                        50    -44       15
  SINCE JUL 1      0                         0      0        0

 COOLING
  TODAY            9                         9      0       12
  MONTH TO DATE   87                        60     27       99
  SINCE JUN 1    378                       205    173      315
  SINCE JAN 1    401                       232    169      349
..................................................................


WIND (MPH)
  HIGHEST WIND SPEED    26   HIGHEST WIND DIRECTION    SE (150)
  HIGHEST GUST SPEED    35   HIGHEST GUST DIRECTION    SE (140)



WEATHER CONDITIONS
 THE FOLLOWING WEATHER WAS RECORDED TODAY.
  THUNDERSTORM
  LIGHT RAIN


RELATIVE HUMIDITY (PERCENT)
 HIGHEST    52           100 AM
 LOWEST     19           200 PM
 AVERAGE    36

..........................................................


THE TONOPAH AIRPORT NV CLIMATE NORMALS FOR TOMORROW
                         NORMAL    RECORD    YEAR
 MAXIMUM TEMPERATURE (F)   91       100      1985
 MINIMUM TEMPERATURE (F)   57        45      1966


SUNRISE AND SUNSET
JULY  7 2015..........SUNRISE   532 AM PDT   SUNSET   814 PM PDT
JULY  8 2015..........SUNRISE   533 AM PDT   SUNSET   814 PM PDT


-  INDICATES NEGATIVE NUMBERS.
R  INDICATES RECORD WAS SET OR TIED.
MM INDICATES DATA IS MISSING.
T  INDICATES TRACE AMOUNT.




$$
