000
CDUS45 KLKN 230928
CLITPH


CLIMATE REPORT
NATIONAL WEATHER SERVICE ELKO NV
226 AM PDT SUN JUL 23 2017


...................................

...THE TONOPAH AIRPORT NV CLIMATE SUMMARY FOR JULY 22 2017...

CLIMATE NORMAL PERIOD 1981 TO 2010
CLIMATE RECORD PERIOD 1954 TO 2017


WEATHER ITEM   OBSERVED TIME   RECORD YEAR NORMAL DEPARTURE LAST
                VALUE   (LST)  VALUE       VALUE  FROM      YEAR
                                                  NORMAL
..................................................................
TEMPERATURE (F)
 YESTERDAY
  MAXIMUM         98    232 PM 101    1996  93      5       97
  MINIMUM         63    505 AM  40    1987  58      5       62
  AVERAGE         81                        75      6       80

PRECIPITATION (IN)
  YESTERDAY        0.00          0.56 2012   0.02  -0.02     0.00
  MONTH TO DATE    0.03                      0.28  -0.25     0.08
  SINCE OCT 1      2.81                      4.18  -1.37     5.74
  SINCE JAN 1      2.28                      3.09  -0.81     2.36

DEGREE DAYS
 HEATING
  YESTERDAY        0                         0      0        0
  MONTH TO DATE    0                         0      0        0
  SINCE JUN 1     31                        50    -19       10
  SINCE JUL 1      0                         0      0        0

 COOLING
  YESTERDAY       16                        10      6       15
  MONTH TO DATE  333                       208    125      227
  SINCE JUN 1    620                       353    267      497
  SINCE JAN 1    653                       380    273      505
..................................................................


WIND (MPH)
  HIGHEST WIND SPEED    29   HIGHEST WIND DIRECTION     E (90)
  HIGHEST GUST SPEED    36   HIGHEST GUST DIRECTION     E (90)
  AVERAGE WIND SPEED     8.9



WEATHER CONDITIONS
 THE FOLLOWING WEATHER WAS RECORDED YESTERDAY.
  NO SIGNIFICANT WEATHER WAS OBSERVED.


RELATIVE HUMIDITY (PERCENT)
 HIGHEST    34           500 AM
 LOWEST     13          1000 AM
 AVERAGE    24

..........................................................


THE TONOPAH AIRPORT NV CLIMATE NORMALS FOR TODAY
                         NORMAL    RECORD    YEAR
 MAXIMUM TEMPERATURE (F)   93       103      1996
 MINIMUM TEMPERATURE (F)   58        45      1987
                                             1983


SUNRISE AND SUNSET
JULY 23 2017..........SUNRISE   544 AM PDT   SUNSET   805 PM PDT
JULY 24 2017..........SUNRISE   545 AM PDT   SUNSET   804 PM PDT


-  INDICATES NEGATIVE NUMBERS.
R  INDICATES RECORD WAS SET OR TIED.
MM INDICATES DATA IS MISSING.
T  INDICATES TRACE AMOUNT.




$$
