000
CDUS45 KLKN 290932
CLITPH


CLIMATE REPORT
NATIONAL WEATHER SERVICE ELKO NV
128 AM PST MON DEC 29 2014


...................................

...THE TONOPAH AIRPORT NV CLIMATE SUMMARY FOR DECEMBER 28 2014...

CLIMATE NORMAL PERIOD 1981 TO 2010
CLIMATE RECORD PERIOD 1954 TO 2014


WEATHER ITEM   OBSERVED TIME   RECORD YEAR NORMAL DEPARTURE LAST
                VALUE   (LST)  VALUE       VALUE  FROM      YEAR
                                                  NORMAL
..................................................................
TEMPERATURE (F)
 YESTERDAY
  MAXIMUM         47    327 PM  64    1980  44      3       52
  MINIMUM         14    746 AM   0    1971  19     -5       23
  AVERAGE         31                        31      0       38

PRECIPITATION (IN)
  YESTERDAY        0.00          0.20 1977   0.01  -0.01     0.00
  MONTH TO DATE    0.35                      0.28   0.07     0.04
  SINCE OCT 1      0.48                      1.06  -0.58     0.46
  SINCE JAN 1      4.19                      5.21  -1.02     4.49

DEGREE DAYS
 HEATING
  YESTERDAY       34                        34      0       27
  MONTH TO DATE  772                       928   -156      967
  SINCE DEC 1    772                       928   -156      967
  SINCE JUL 1   1685                      2145   -460     2194

 COOLING
  YESTERDAY        0                         0      0        0
  MONTH TO DATE    0                         0      0        0
  SINCE DEC 1      0                         0      0        0
  SINCE JAN 1   1004                       783    221     1042
..................................................................


WIND (MPH)
  HIGHEST WIND SPEED    18   HIGHEST WIND DIRECTION     N (10)
  HIGHEST GUST SPEED    22   HIGHEST GUST DIRECTION     N (10)
  AVERAGE WIND SPEED     5.5



WEATHER CONDITIONS
 THE FOLLOWING WEATHER WAS RECORDED YESTERDAY.
  NO SIGNIFICANT WEATHER WAS OBSERVED.


RELATIVE HUMIDITY (PERCENT)
 HIGHEST    73           400 AM
 LOWEST     33           400 PM
 AVERAGE    53

..........................................................


THE TONOPAH AIRPORT NV CLIMATE NORMALS FOR TODAY
                         NORMAL    RECORD    YEAR
 MAXIMUM TEMPERATURE (F)   44        62      1998
 MINIMUM TEMPERATURE (F)   19        -4      1971


SUNRISE AND SUNSET
DECEMBER 29 2014......SUNRISE   704 AM PST   SUNSET   437 PM PST
DECEMBER 30 2014......SUNRISE   704 AM PST   SUNSET   438 PM PST


-  INDICATES NEGATIVE NUMBERS.
R  INDICATES RECORD WAS SET OR TIED.
MM INDICATES DATA IS MISSING.
T  INDICATES TRACE AMOUNT.




$$
