000
CDUS45 KLKN 240940
CLITPH


CLIMATE REPORT
NATIONAL WEATHER SERVICE ELKO NV
239 AM PDT THU APR 24 2014


...................................

...THE TONOPAH AIRPORT NV CLIMATE SUMMARY FOR APRIL 23 2014...

CLIMATE NORMAL PERIOD 1981 TO 2010
CLIMATE RECORD PERIOD 1954 TO 2014


WEATHER ITEM   OBSERVED TIME   RECORD YEAR NORMAL DEPARTURE LAST
                VALUE   (LST)  VALUE       VALUE  FROM      YEAR
                                                  NORMAL
..................................................................
TEMPERATURE (F)
 YESTERDAY
  MAXIMUM         62    346 PM  84    2012  67     -5       65
  MINIMUM         36    529 AM  20    1961  37     -1       33
  AVERAGE         49                        52     -3       49

PRECIPITATION (IN)
  YESTERDAY        0.00          0.73 1988   0.02  -0.02     0.00
  MONTH TO DATE    0.01                      0.33  -0.32     0.15
  SINCE OCT 1      1.16                      3.00  -1.84     1.98
  SINCE JAN 1      0.70                      1.91  -1.21     0.76

DEGREE DAYS
 HEATING
  YESTERDAY       16                        13      3       16
  MONTH TO DATE  279                       380   -101      345
  SINCE MAR 1    893                      1065   -172      871
  SINCE JUL 1   4666                      5107   -441     4705

 COOLING
  YESTERDAY        0                         0      0        0
  MONTH TO DATE    0                         0      0        0
  SINCE MAR 1      0                         0      0        0
  SINCE JAN 1      0                         0      0        0
..................................................................


WIND (MPH)
  HIGHEST WIND SPEED    21   HIGHEST WIND DIRECTION    NW (330)
  HIGHEST GUST SPEED    26   HIGHEST GUST DIRECTION     N (350)
  AVERAGE WIND SPEED     9.5



WEATHER CONDITIONS
 THE FOLLOWING WEATHER WAS RECORDED YESTERDAY.
  NO SIGNIFICANT WEATHER WAS OBSERVED.


RELATIVE HUMIDITY (PERCENT)
 HIGHEST    44           400 AM
 LOWEST     11           500 PM
 AVERAGE    28

..........................................................


THE TONOPAH AIRPORT NV CLIMATE NORMALS FOR TODAY
                         NORMAL    RECORD    YEAR
 MAXIMUM TEMPERATURE (F)   67        83      1996
 MINIMUM TEMPERATURE (F)   37        19      1964


SUNRISE AND SUNSET
APRIL 24 2014.........SUNRISE   601 AM PDT   SUNSET   733 PM PDT
APRIL 25 2014.........SUNRISE   559 AM PDT   SUNSET   734 PM PDT


-  INDICATES NEGATIVE NUMBERS.
R  INDICATES RECORD WAS SET OR TIED.
MM INDICATES DATA IS MISSING.
T  INDICATES TRACE AMOUNT.




$$
