000
CDUS45 KLKN 230931
CLITPH


CLIMATE REPORT
NATIONAL WEATHER SERVICE ELKO NV
126 AM PST THU NOV 23 2017


...................................

...THE TONOPAH AIRPORT NV CLIMATE SUMMARY FOR NOVEMBER 22 2017...

CLIMATE NORMAL PERIOD 1981 TO 2010
CLIMATE RECORD PERIOD 1954 TO 2017


WEATHER ITEM   OBSERVED TIME   RECORD YEAR NORMAL DEPARTURE LAST
                VALUE   (LST)  VALUE       VALUE  FROM      YEAR
                                                  NORMAL
..................................................................
TEMPERATURE (F)
 YESTERDAY
  MAXIMUM         71R   259 PM  66    1954  51     20       49
  MINIMUM         36    626 AM  11    1983  24     12       25
                                      1979
  AVERAGE         54                        37     17       37

PRECIPITATION (IN)
  YESTERDAY        0.00          0.37 1965   0.01  -0.01     0.00
  MONTH TO DATE    0.00                      0.32  -0.32     0.06
  SINCE OCT 1      0.00                      0.66  -0.66     0.06
  SINCE JAN 1      3.51                      4.81  -1.30     3.63

DEGREE DAYS
 HEATING
  YESTERDAY       11                        28    -17       28
  MONTH TO DATE  449                       511    -62      380
  SINCE SEP 1    931                       977    -46      761
  SINCE JUL 1    931                       983    -52      761

 COOLING
  YESTERDAY        0                         0      0        0
  MONTH TO DATE    0                         0      0        0
  SINCE SEP 1    117                        70     47       59
  SINCE JAN 1   1222                       783    439     1022
..................................................................


WIND (MPH)
  HIGHEST WIND SPEED    14   HIGHEST WIND DIRECTION     N (10)
  HIGHEST GUST SPEED    15   HIGHEST GUST DIRECTION     N (10)
  AVERAGE WIND SPEED     7.1



WEATHER CONDITIONS
 THE FOLLOWING WEATHER WAS RECORDED YESTERDAY.
  NO SIGNIFICANT WEATHER WAS OBSERVED.


RELATIVE HUMIDITY (PERCENT)
 HIGHEST    76           700 AM
 LOWEST     26           400 PM
 AVERAGE    51

..........................................................


THE TONOPAH AIRPORT NV CLIMATE NORMALS FOR TODAY
                         NORMAL    RECORD    YEAR
 MAXIMUM TEMPERATURE (F)   50        68      1954
 MINIMUM TEMPERATURE (F)   24        11      1994


SUNRISE AND SUNSET
NOVEMBER 23 2017......SUNRISE   638 AM PST   SUNSET   431 PM PST
NOVEMBER 24 2017......SUNRISE   639 AM PST   SUNSET   431 PM PST


-  INDICATES NEGATIVE NUMBERS.
R  INDICATES RECORD WAS SET OR TIED.
MM INDICATES DATA IS MISSING.
T  INDICATES TRACE AMOUNT.




$$
