000
CDUS45 KLKN 240950
CLITPH


CLIMATE REPORT
NATIONAL WEATHER SERVICE ELKO NV
147 AM PST FRI FEB 24 2017


...................................

...THE TONOPAH AIRPORT NV CLIMATE SUMMARY FOR FEBRUARY 23 2017...

CLIMATE NORMAL PERIOD 1981 TO 2010
CLIMATE RECORD PERIOD 1954 TO 2017


WEATHER ITEM   OBSERVED TIME   RECORD YEAR NORMAL DEPARTURE LAST
                VALUE   (LST)  VALUE       VALUE  FROM      YEAR
                                                  NORMAL
..................................................................
TEMPERATURE (F)
 YESTERDAY
  MAXIMUM         36    139 PM  67    2002  51    -15       51
                                      1989
  MINIMUM         22   1159 PM  10    2007  26     -4       29
                                      1996
  AVERAGE         29                        38     -9       40

PRECIPITATION (IN)
  YESTERDAY        T             0.48 1998   0.02  -0.02     0.00
  MONTH TO DATE    0.61                      0.42   0.19     0.10
  SINCE OCT 1      1.50                      2.00  -0.50     4.45
  SINCE JAN 1      0.97                      0.91   0.06     1.07

DEGREE DAYS
 HEATING
  YESTERDAY       36                        26     10       25
  MONTH TO DATE  542                       661   -119      682
  SINCE DEC 1   2676                      2695    -19     2754
  SINCE JUL 1   3693                      3912   -219     3828

 COOLING
  YESTERDAY        0                         0      0        0
  MONTH TO DATE    0                         0      0        0
  SINCE DEC 1      0                         0      0        0
  SINCE JAN 1      0                         0      0        0
..................................................................


WIND (MPH)
  HIGHEST WIND SPEED    31   HIGHEST WIND DIRECTION     N (340)
  HIGHEST GUST SPEED    40   HIGHEST GUST DIRECTION    NW (330)
  AVERAGE WIND SPEED    15.3



WEATHER CONDITIONS
 THE FOLLOWING WEATHER WAS RECORDED YESTERDAY.
  NO SIGNIFICANT WEATHER WAS OBSERVED.


RELATIVE HUMIDITY (PERCENT)
 HIGHEST    68           200 AM
 LOWEST     32           100 PM
 AVERAGE    50

..........................................................


THE TONOPAH AIRPORT NV CLIMATE NORMALS FOR TODAY
                         NORMAL    RECORD    YEAR
 MAXIMUM TEMPERATURE (F)   52        70      1986
 MINIMUM TEMPERATURE (F)   26         9      1960


SUNRISE AND SUNSET
FEBRUARY 24 2017......SUNRISE   626 AM PST   SUNSET   537 PM PST
FEBRUARY 25 2017......SUNRISE   625 AM PST   SUNSET   538 PM PST


-  INDICATES NEGATIVE NUMBERS.
R  INDICATES RECORD WAS SET OR TIED.
MM INDICATES DATA IS MISSING.
T  INDICATES TRACE AMOUNT.




$$
