000
CDUS45 KLKN 240026
CLITPH


CLIMATE REPORT
NATIONAL WEATHER SERVICE ELKO NV
526 PM PDT WED JUL 23 2014


...................................

...THE TONOPAH AIRPORT NV CLIMATE SUMMARY FOR JULY 23 2014...
VALID TODAY AS OF 0500 PM LOCAL TIME.

CLIMATE NORMAL PERIOD 1981 TO 2010
CLIMATE RECORD PERIOD 1954 TO 2014


WEATHER ITEM   OBSERVED TIME   RECORD YEAR NORMAL DEPARTURE LAST
                VALUE   (LST)  VALUE       VALUE  FROM      YEAR
                                                  NORMAL
..................................................................
TEMPERATURE (F)
 TODAY
  MAXIMUM         97    332 PM 103    1996  93      4       89
  MINIMUM         58    441 AM  45    1987  58      0       63
                                      1983
  AVERAGE         78                        75      3       76

PRECIPITATION (IN)
  TODAY            0.00          0.45 2012   0.02  -0.02     0.07
  MONTH TO DATE    1.08                      0.30   0.78     0.44
  SINCE OCT 1      2.46                      4.20  -1.74     2.61
  SINCE JAN 1      2.00                      3.11  -1.11     1.39

DEGREE DAYS
 HEATING
  TODAY            0                         0      0        0
  MONTH TO DATE    0                         0      0        0
  SINCE JUN 1     15                        50    -35        3
  SINCE JUL 1      0                         0      0        0

 COOLING
  TODAY           13                        10      3       11
  MONTH TO DATE  308                       218     90      317
  SINCE JUN 1    524                       363    161      569
  SINCE JAN 1    558                       390    168      592
..................................................................


WIND (MPH)
  HIGHEST WIND SPEED    25   HIGHEST WIND DIRECTION    SW (210)
  HIGHEST GUST SPEED    34   HIGHEST GUST DIRECTION     S (200)



WEATHER CONDITIONS
 THE FOLLOWING WEATHER WAS RECORDED TODAY.
  NO SIGNIFICANT WEATHER WAS OBSERVED.


RELATIVE HUMIDITY (PERCENT)
 HIGHEST    28           300 AM
 LOWEST      5           200 PM
 AVERAGE    17

..........................................................


THE TONOPAH AIRPORT NV CLIMATE NORMALS FOR TOMORROW
                         NORMAL    RECORD    YEAR
 MAXIMUM TEMPERATURE (F)   93       101      1996
                                             1980
 MINIMUM TEMPERATURE (F)   58        45      1987


SUNRISE AND SUNSET
JULY 23 2014..........SUNRISE   544 AM PDT   SUNSET   805 PM PDT
JULY 24 2014..........SUNRISE   545 AM PDT   SUNSET   805 PM PDT


-  INDICATES NEGATIVE NUMBERS.
R  INDICATES RECORD WAS SET OR TIED.
MM INDICATES DATA IS MISSING.
T  INDICATES TRACE AMOUNT.




$$
