000
CDUS45 KLKN 190931
CLITPH


CLIMATE REPORT
NATIONAL WEATHER SERVICE ELKO NV
228 AM PDT FRI SEP 19 2014


...................................

...THE TONOPAH AIRPORT NV CLIMATE SUMMARY FOR SEPTEMBER 18 2014...

CLIMATE NORMAL PERIOD 1981 TO 2010
CLIMATE RECORD PERIOD 1954 TO 2014


WEATHER ITEM   OBSERVED TIME   RECORD YEAR NORMAL DEPARTURE LAST
                VALUE   (LST)  VALUE       VALUE  FROM      YEAR
                                                  NORMAL
..................................................................
TEMPERATURE (F)
 YESTERDAY
  MAXIMUM         87    255 PM  90    1991  80      7       74
  MINIMUM         60    400 AM  28    1978  48     12       50
  AVERAGE         74                        64     10       62

PRECIPITATION (IN)
  YESTERDAY        0.00          0.51 1966   0.02  -0.02     0.00
  MONTH TO DATE    0.18                      0.24  -0.06     1.38
  SINCE OCT 1      3.66                      5.10  -1.44     5.25
  SINCE JAN 1      3.20                      4.01  -0.81     4.03

DEGREE DAYS
 HEATING
  YESTERDAY        0                         3     -3        3
  MONTH TO DATE    0                        30    -30        3
  SINCE SEP 1      0                        30    -30        3
  SINCE JUL 1      0                        36    -36        3

 COOLING
  YESTERDAY        9                         2      7        0
  MONTH TO DATE  122                        58     64      121
  SINCE SEP 1    122                        58     64      121
  SINCE JAN 1    985                       771    214     1042
..................................................................


WIND (MPH)
  HIGHEST WIND SPEED    24   HIGHEST WIND DIRECTION     S (170)
  HIGHEST GUST SPEED    30   HIGHEST GUST DIRECTION     S (180)
  AVERAGE WIND SPEED     9.3



WEATHER CONDITIONS
 THE FOLLOWING WEATHER WAS RECORDED YESTERDAY.
  NO SIGNIFICANT WEATHER WAS OBSERVED.


RELATIVE HUMIDITY (PERCENT)
 HIGHEST    65           600 AM
 LOWEST     10           400 PM
 AVERAGE    38

..........................................................


THE TONOPAH AIRPORT NV CLIMATE NORMALS FOR TODAY
                         NORMAL    RECORD    YEAR
 MAXIMUM TEMPERATURE (F)   80        91      1991
 MINIMUM TEMPERATURE (F)   47        27      1978


SUNRISE AND SUNSET
SEPTEMBER 19 2014.....SUNRISE   634 AM PDT   SUNSET   650 PM PDT
SEPTEMBER 20 2014.....SUNRISE   634 AM PDT   SUNSET   648 PM PDT


-  INDICATES NEGATIVE NUMBERS.
R  INDICATES RECORD WAS SET OR TIED.
MM INDICATES DATA IS MISSING.
T  INDICATES TRACE AMOUNT.




$$
