000
CDUS45 KLKN 290928
CLITPH


CLIMATE REPORT
NATIONAL WEATHER SERVICE ELKO NV
126 AM PST SAT NOV 29 2014


...................................

...THE TONOPAH AIRPORT NV CLIMATE SUMMARY FOR NOVEMBER 28 2014...

CLIMATE NORMAL PERIOD 1981 TO 2010
CLIMATE RECORD PERIOD 1954 TO 2014


WEATHER ITEM   OBSERVED TIME   RECORD YEAR NORMAL DEPARTURE LAST
                VALUE   (LST)  VALUE       VALUE  FROM      YEAR
                                                  NORMAL
..................................................................
TEMPERATURE (F)
 YESTERDAY
  MAXIMUM         60    327 PM  65    1959  48     12       50
  MINIMUM         28   1159 PM  12    1989  22      6       29
  AVERAGE         44                        35      9       40

PRECIPITATION (IN)
  YESTERDAY        0.00          1.02 1981   0.01  -0.01     0.00
  MONTH TO DATE    0.13                      0.41  -0.28     0.27
  SINCE OCT 1      0.13                      0.75  -0.62     0.42
  SINCE JAN 1      3.84                      4.90  -1.06     4.45

DEGREE DAYS
 HEATING
  YESTERDAY       21                        30     -9       25
  MONTH TO DATE  591                       685    -94      613
  SINCE SEP 1    867                      1151   -284     1175
  SINCE JUL 1    867                      1157   -290     1175

 COOLING
  YESTERDAY        0                         0      0        0
  MONTH TO DATE    0                         0      0        0
  SINCE SEP 1    141                        70     71      121
  SINCE JAN 1   1004                       783    221     1042
..................................................................


WIND (MPH)
  HIGHEST WIND SPEED    14   HIGHEST WIND DIRECTION     N (360)
  HIGHEST GUST SPEED    16   HIGHEST GUST DIRECTION     N (10)
  AVERAGE WIND SPEED     7.9



WEATHER CONDITIONS
 THE FOLLOWING WEATHER WAS RECORDED YESTERDAY.
  NO SIGNIFICANT WEATHER WAS OBSERVED.


RELATIVE HUMIDITY (PERCENT)
 HIGHEST    46           600 AM
 LOWEST     15           100 PM
 AVERAGE    31

..........................................................


THE TONOPAH AIRPORT NV CLIMATE NORMALS FOR TODAY
                         NORMAL    RECORD    YEAR
 MAXIMUM TEMPERATURE (F)   48        72      1959
 MINIMUM TEMPERATURE (F)   22        11      2010
                                             1989
                                             1975


SUNRISE AND SUNSET
NOVEMBER 29 2014......SUNRISE   644 AM PST   SUNSET   429 PM PST
NOVEMBER 30 2014......SUNRISE   645 AM PST   SUNSET   429 PM PST


-  INDICATES NEGATIVE NUMBERS.
R  INDICATES RECORD WAS SET OR TIED.
MM INDICATES DATA IS MISSING.
T  INDICATES TRACE AMOUNT.




$$
