000
CDUS45 KLKN 260044
CLITPH


CLIMATE REPORT
NATIONAL WEATHER SERVICE ELKO NV
544 PM PDT THU MAY 25 2017


...................................

...THE TONOPAH AIRPORT NV CLIMATE SUMMARY FOR MAY 25 2017...
VALID TODAY AS OF 0500 PM LOCAL TIME.

CLIMATE NORMAL PERIOD 1981 TO 2010
CLIMATE RECORD PERIOD 1954 TO 2017


WEATHER ITEM   OBSERVED TIME   RECORD YEAR NORMAL DEPARTURE LAST
                VALUE   (LST)  VALUE       VALUE  FROM      YEAR
                                                  NORMAL
..................................................................
TEMPERATURE (F)
 TODAY
  MAXIMUM         80    340 PM  93    1986  77      3       61
  MINIMUM         53    506 AM  28    1980  46      7       43
  AVERAGE         67                        62      5       52

PRECIPITATION (IN)
  TODAY            0.00          0.61 2008   0.02  -0.02     0.10
  MONTH TO DATE    0.79                      0.42   0.37     0.31
  SINCE OCT 1      2.78                      3.51  -0.73     5.54
  SINCE JAN 1      2.25                      2.42  -0.17     2.16

DEGREE DAYS
 HEATING
  TODAY            0                         5     -5       13
  MONTH TO DATE  157                       194    -37      213
  SINCE MAR 1   1110                      1345   -235     1192
  SINCE JUL 1   4975                      5387   -412     5119

 COOLING
  TODAY            2                         1      1        0
  MONTH TO DATE   21                        12      9        1
  SINCE MAR 1     21                        13      8        1
  SINCE JAN 1     21                        13      8        1
..................................................................


WIND (MPH)
  HIGHEST WIND SPEED    18   HIGHEST WIND DIRECTION     N (360)
  HIGHEST GUST SPEED    27   HIGHEST GUST DIRECTION    NW (310)



WEATHER CONDITIONS
 THE FOLLOWING WEATHER WAS RECORDED TODAY.
  NO SIGNIFICANT WEATHER WAS OBSERVED.


RELATIVE HUMIDITY (PERCENT)
 HIGHEST    22          1200 AM
 LOWEST     11           400 PM
 AVERAGE    17

..........................................................


THE TONOPAH AIRPORT NV CLIMATE NORMALS FOR TOMORROW
                         NORMAL    RECORD    YEAR
 MAXIMUM TEMPERATURE (F)   78        91      1986
 MINIMUM TEMPERATURE (F)   46        31      1980


SUNRISE AND SUNSET
MAY 25 2017...........SUNRISE   530 AM PDT   SUNSET   801 PM PDT
MAY 26 2017...........SUNRISE   530 AM PDT   SUNSET   801 PM PDT


-  INDICATES NEGATIVE NUMBERS.
R  INDICATES RECORD WAS SET OR TIED.
MM INDICATES DATA IS MISSING.
T  INDICATES TRACE AMOUNT.




$$
