000
CDUS44 KMRX 020904
CLITRI


CLIMATE REPORT
NATIONAL WEATHER SERVICE MORRISTOWN TN
504 AM EDT MON MAY 2 2016


...................................

...THE TRI-CITIES      ASOS CLIMATE SUMMARY FOR MAY 1 2016...

CLIMATE NORMAL PERIOD 1981 TO 2010
CLIMATE RECORD PERIOD 1934 TO 2016


WEATHER ITEM   OBSERVED TIME   RECORD YEAR NORMAL DEPARTURE LAST
                VALUE   (LST)  VALUE       VALUE  FROM      YEAR
                                                  NORMAL
..................................................................
TEMPERATURE (F)
 YESTERDAY
  MAXIMUM         79    350 PM  89    1942  72      7       61
  MINIMUM         59    616 AM  32    1996  47     12       41
  AVERAGE         69                        60      9       51

PRECIPITATION (IN)
  YESTERDAY        0.30          1.04 1989   0.12   0.18      T
  MONTH TO DATE    0.30                      0.12   0.18      T
  SINCE MAR 1      4.83                      6.89  -2.06     8.88
  SINCE JAN 1     12.23                     13.71  -1.48    14.21

SNOWFALL (IN)
  YESTERDAY        0.0                       0.0    0.0      0.0
  MONTH TO DATE    0.0                       0.0    0.0      0.0
  SINCE MAR 1      T                         2.5   -2.5       T
  SINCE JUL 1     18.4                      13.3    5.1     15.5
  SNOW DEPTH       0

DEGREE DAYS
 HEATING
  YESTERDAY        0                         6     -6       14
  MONTH TO DATE    0                         6     -6       14
  SINCE MAR 1    634                       878   -244      722
  SINCE JUL 1   3454                      4260   -806     4349

 COOLING
  YESTERDAY        4                         1      3        0
  MONTH TO DATE    4                         1      3        0
  SINCE MAR 1     30                        12     18       10
  SINCE JAN 1     30                        12     18       10
..................................................................


WIND (MPH)
  HIGHEST WIND SPEED    18   HIGHEST WIND DIRECTION    SW (230)
  HIGHEST GUST SPEED    24   HIGHEST GUST DIRECTION    SW (220)
  AVERAGE WIND SPEED     4.4


SKY COVER
  POSSIBLE SUNSHINE  MM
  AVERAGE SKY COVER 0.8


WEATHER CONDITIONS
 THE FOLLOWING WEATHER WAS RECORDED YESTERDAY.
  HEAVY RAIN
  LIGHT RAIN
  FOG


RELATIVE HUMIDITY (PERCENT)
 HIGHEST    97           200 AM
 LOWEST     54           400 PM
 AVERAGE    76

..........................................................


THE TRI-CITIES      ASOS CLIMATE NORMALS FOR TODAY
                         NORMAL    RECORD    YEAR
 MAXIMUM TEMPERATURE (F)   73        89      2010
 MINIMUM TEMPERATURE (F)   47        30      1963


SUNRISE AND SUNSET
MAY  2 2016...........SUNRISE   635 AM EDT   SUNSET   819 PM EDT
MAY  3 2016...........SUNRISE   634 AM EDT   SUNSET   820 PM EDT


-  INDICATES NEGATIVE NUMBERS.
R  INDICATES RECORD WAS SET OR TIED.
MM INDICATES DATA IS MISSING.
T  INDICATES TRACE AMOUNT.




$$
