000
CDUS44 KMRX 282129
CLITRI


CLIMATE REPORT
NATIONAL WEATHER SERVICE MORRISTOWN TN
529 PM EDT SUN MAY 28 2017


...................................

...THE TRI-CITIES      ASOS CLIMATE SUMMARY FOR MAY 28 2017...
VALID TODAY AS OF 0500 PM LOCAL TIME.

CLIMATE NORMAL PERIOD 1981 TO 2010
CLIMATE RECORD PERIOD 1934 TO 2017


WEATHER ITEM   OBSERVED TIME   RECORD YEAR NORMAL DEPARTURE LAST
                VALUE   (LST)  VALUE       VALUE  FROM      YEAR
                                                  NORMAL
..................................................................
TEMPERATURE (F)
 TODAY
  MAXIMUM         75    211 PM  92    1941  79     -4       87
  MINIMUM         62    606 AM  37    1961  55      7       58
  AVERAGE         69                        67      2       73

PRECIPITATION (IN)
  TODAY            0.07          1.33 1990   0.12  -0.05     0.00
  MONTH TO DATE    7.44                      3.41   4.03     3.97
  SINCE MAR 1     17.17                     10.18   6.99     8.50
  SINCE JAN 1     21.85                     17.00   4.85    15.90

SNOWFALL (IN)
  TODAY            0.0                       0.0    0.0      0.0
  MONTH TO DATE    0.0                       0.0    0.0      0.0
  SINCE MAR 1      0.3                       2.5   -2.2       T
  SINCE JUL 1      4.3                      13.3   -9.0     18.4
  SNOW DEPTH       0

DEGREE DAYS
 HEATING
  TODAY            0                         2     -2        0
  MONTH TO DATE   79                       105    -26       91
  SINCE MAR 1    744                       977   -233      725
  SINCE JUL 1   3311                      4359  -1048     3545

 COOLING
  TODAY            4                         3      1        8
  MONTH TO DATE   74                        52     22       49
  SINCE MAR 1    106                        63     43       75
  SINCE JAN 1    106                        63     43       75
..................................................................


WIND (MPH)
  HIGHEST WIND SPEED    17   HIGHEST WIND DIRECTION     W (270)
  HIGHEST GUST SPEED    23   HIGHEST GUST DIRECTION    SW (240)
  AVERAGE WIND SPEED     6.3


SKY COVER
  POSSIBLE SUNSHINE  MM
  AVERAGE SKY COVER 0.9


WEATHER CONDITIONS
 THE FOLLOWING WEATHER WAS RECORDED TODAY.
  THUNDERSTORM
  RAIN
  LIGHT RAIN
  FOG


RELATIVE HUMIDITY (PERCENT)
 HIGHEST   100          1200 AM
 LOWEST     64          1200 PM
 AVERAGE    82

..........................................................


THE TRI-CITIES      ASOS CLIMATE NORMALS FOR TOMORROW
                         NORMAL    RECORD    YEAR
 MAXIMUM TEMPERATURE (F)   79        92      1941
 MINIMUM TEMPERATURE (F)   55        44      2005
                                             1949


SUNRISE AND SUNSET
MAY 28 2017...........SUNRISE   614 AM EDT   SUNSET   840 PM EDT
MAY 29 2017...........SUNRISE   614 AM EDT   SUNSET   840 PM EDT


-  INDICATES NEGATIVE NUMBERS.
R  INDICATES RECORD WAS SET OR TIED.
MM INDICATES DATA IS MISSING.
T  INDICATES TRACE AMOUNT.




$$
