000
CDUS44 KMRX 232211
CLITRI


CLIMATE REPORT
NATIONAL WEATHER SERVICE MORRISTOWN TN
511 PM EST TUE JAN 23 2018


...................................

...THE TRI-CITIES      ASOS CLIMATE SUMMARY FOR JANUARY 23 2018...
VALID TODAY AS OF 0500 PM LOCAL TIME.

CLIMATE NORMAL PERIOD 1981 TO 2010
CLIMATE RECORD PERIOD 1934 TO 2018


WEATHER ITEM   OBSERVED TIME   RECORD YEAR NORMAL DEPARTURE LAST
                VALUE   (LST)  VALUE       VALUE  FROM      YEAR
                                                  NORMAL
..................................................................
TEMPERATURE (F)
 TODAY
  MAXIMUM         60   1229 AM  74    1938  45     15       55
  MINIMUM         45    821 AM   1    1963  25     20       41
  AVERAGE         53                        35     18       48

PRECIPITATION (IN)
  TODAY            0.00          1.52 2002   0.12  -0.12     0.37
  MONTH TO DATE    1.05                      2.49  -1.44     2.26
  SINCE DEC 1      2.81                      5.86  -3.05     7.62
  SINCE JAN 1      1.05                      2.49  -1.44     2.26

SNOWFALL (IN)
  TODAY            0.0                       0.1   -0.1      0.0
  MONTH TO DATE    1.9                       3.5   -1.6      3.7
  SINCE DEC 1      3.4                       5.9   -2.5      3.7
  SINCE JUL 1      3.4                       6.2   -2.8      3.7
  SNOW DEPTH       0

DEGREE DAYS
 HEATING
  TODAY           12                        30    -18       17
  MONTH TO DATE  804                       690    114      431
  SINCE DEC 1   1617                      1533     84     1209
  SINCE JUL 1   2396                      2419    -23     1828

 COOLING
  TODAY            0                         0      0        0
  MONTH TO DATE    0                         0      0        0
  SINCE DEC 1      0                         0      0        0
  SINCE JAN 1      0                         0      0        0
..................................................................


WIND (MPH)
  HIGHEST WIND SPEED    32   HIGHEST WIND DIRECTION    SW (230)
  HIGHEST GUST SPEED    42   HIGHEST GUST DIRECTION    SW (240)
  AVERAGE WIND SPEED    13.9


SKY COVER
  POSSIBLE SUNSHINE  MM
  AVERAGE SKY COVER 0.6


WEATHER CONDITIONS
 THE FOLLOWING WEATHER WAS RECORDED TODAY.
  NO SIGNIFICANT WEATHER WAS OBSERVED.


RELATIVE HUMIDITY (PERCENT)
 HIGHEST    83           200 AM
 LOWEST     42           300 PM
 AVERAGE    63

..........................................................


THE TRI-CITIES      ASOS CLIMATE NORMALS FOR TOMORROW
                         NORMAL    RECORD    YEAR
 MAXIMUM TEMPERATURE (F)   46        78      1972
 MINIMUM TEMPERATURE (F)   25        -8      1963


SUNRISE AND SUNSET
JANUARY 23 2018.......SUNRISE   737 AM EST   SUNSET   546 PM EST
JANUARY 24 2018.......SUNRISE   737 AM EST   SUNSET   547 PM EST


-  INDICATES NEGATIVE NUMBERS.
R  INDICATES RECORD WAS SET OR TIED.
MM INDICATES DATA IS MISSING.
T  INDICATES TRACE AMOUNT.




$$
