000
CDUS44 KMRX 282139
CLITRI


CLIMATE REPORT
NATIONAL WEATHER SERVICE MORRISTOWN TN
537 PM EDT WED SEP 28 2016


...................................

...THE TRI-CITIES      ASOS CLIMATE SUMMARY FOR SEPTEMBER 28 2016...
VALID TODAY AS OF 0500 PM LOCAL TIME.

CLIMATE NORMAL PERIOD 1981 TO 2010
CLIMATE RECORD PERIOD 1934 TO 2016


WEATHER ITEM   OBSERVED TIME   RECORD YEAR NORMAL DEPARTURE LAST
                VALUE   (LST)  VALUE       VALUE  FROM      YEAR
                                                  NORMAL
..................................................................
TEMPERATURE (F)
 TODAY
  MAXIMUM         81    320 PM  89    1998  75      6       85
                                      1959
                                      1954
  MINIMUM         55    208 AM  34    1940  50      5       65
  AVERAGE         68                        62      6       75

PRECIPITATION (IN)
  TODAY            0.00          2.13 1972   0.09  -0.09      T
  MONTH TO DATE    2.57                      2.82  -0.25     1.87
  SINCE SEP 1      2.57                      2.82  -0.25     1.87
  SINCE JAN 1     26.73                     32.27  -5.54    31.03

SNOWFALL (IN)
  TODAY            0.0                       0.0    0.0      0.0
  MONTH TO DATE    0.0                       0.0    0.0      0.0
  SINCE SEP 1      0.0                       0.0    0.0      0.0
  SINCE JUL 1      0.0                       0.0    0.0      0.0
  SNOW DEPTH       0

DEGREE DAYS
 HEATING
  TODAY            0                         4     -4        0
  MONTH TO DATE    0                        41    -41       19
  SINCE SEP 1      0                        41    -41       19
  SINCE JUL 1      0                        42    -42       19

 COOLING
  TODAY            3                         2      1       10
  MONTH TO DATE  237                       114    123      157
  SINCE SEP 1    237                       114    123      157
  SINCE JAN 1   1470                       966    504     1291
..................................................................


WIND (MPH)
  HIGHEST WIND SPEED    14   HIGHEST WIND DIRECTION    SW (220)
  HIGHEST GUST SPEED    24   HIGHEST GUST DIRECTION    SW (240)
  AVERAGE WIND SPEED     3.3


SKY COVER
  POSSIBLE SUNSHINE  MM
  AVERAGE SKY COVER 0.5


WEATHER CONDITIONS
 THE FOLLOWING WEATHER WAS RECORDED TODAY.
  FOG
  FOG W/VISIBILITY <= 1/4 MILE
  HAZE


RELATIVE HUMIDITY (PERCENT)
 HIGHEST   100          1200 AM
 LOWEST     25           300 PM
 AVERAGE    63

..........................................................


THE TRI-CITIES      ASOS CLIMATE NORMALS FOR TOMORROW
                         NORMAL    RECORD    YEAR
 MAXIMUM TEMPERATURE (F)   75        90      1954
                                             1953
 MINIMUM TEMPERATURE (F)   50        33      1942


SUNRISE AND SUNSET
SEPTEMBER 28 2016.....SUNRISE   723 AM EDT   SUNSET   717 PM EDT
SEPTEMBER 29 2016.....SUNRISE   724 AM EDT   SUNSET   715 PM EDT


-  INDICATES NEGATIVE NUMBERS.
R  INDICATES RECORD WAS SET OR TIED.
MM INDICATES DATA IS MISSING.
T  INDICATES TRACE AMOUNT.




$$
