000
CDUS44 KMRX 222128
CLITRI

CLIMATE REPORT
NATIONAL WEATHER SERVICE MORRISTOWN TN
528 PM EDT WED OCT 22 2014


...................................

...THE TRI-CITIES CLIMATE SUMMARY FOR OCTOBER 22 2014...
VALID TODAY AS OF 0500 PM LOCAL TIME.

CLIMATE NORMAL PERIOD 1981 TO 2010
CLIMATE RECORD PERIOD 1934 TO 2014


WEATHER ITEM   OBSERVED TIME   RECORD YEAR NORMAL DEPARTURE LAST
                VALUE   (LST)  VALUE       VALUE  FROM      YEAR
                                                  NORMAL
..................................................................
TEMPERATURE (F)
 TODAY
  MAXIMUM         55   1253 PM  85    1947  68    -13       66
  MINIMUM         45    634 AM  24    1987  41      4       46
                                      1952
  AVERAGE         50                        54     -4       56

PRECIPITATION (IN)
  TODAY            0.00          0.60 1990   0.07  -0.07      T
  MONTH TO DATE    5.68                      1.44   4.24     0.61
  SINCE SEP 1      7.10                      4.43   2.67     2.46
  SINCE JAN 1     32.14                     33.88  -1.74    47.33

SNOWFALL (IN)
  TODAY            0.0                       0.0    0.0      0.0
  MONTH TO DATE    0.0                       0.0    0.0      0.0
  SINCE SEP 1      0.0                       0.0    0.0      0.0
  SINCE JUL 1      0.0                       0.0    0.0      0.0
  SNOW DEPTH       0

DEGREE DAYS
 HEATING
  TODAY           15                        11      4        9
  MONTH TO DATE  138                       173    -35       97
  SINCE SEP 1    149                       225    -76      116
  SINCE JUL 1    149                       226    -77      116

 COOLING
  TODAY            0                         0      0        0
  MONTH TO DATE    9                         9      0       25
  SINCE SEP 1    184                       125     59      145
  SINCE JAN 1   1141                       977    164     1003
..................................................................


WIND (MPH)
  HIGHEST WIND SPEED    13   HIGHEST WIND DIRECTION     N (340)
  HIGHEST GUST SPEED    16   HIGHEST GUST DIRECTION     E (80)
  AVERAGE WIND SPEED     5.8


SKY COVER
  POSSIBLE SUNSHINE  MM
  AVERAGE SKY COVER  MM


WEATHER CONDITIONS
 THE FOLLOWING WEATHER WAS RECORDED TODAY.
  NO SIGNIFICANT WEATHER WAS OBSERVED.


RELATIVE HUMIDITY (PERCENT)
 HIGHEST    76          1200 AM
 LOWEST     61           100 PM
 AVERAGE    69

..........................................................


THE TRI-CITIES CLIMATE NORMALS FOR TOMORROW
                         NORMAL    RECORD    YEAR
 MAXIMUM TEMPERATURE (F)   67        82      1947
 MINIMUM TEMPERATURE (F)   41        24      1997


SUNRISE AND SUNSET
OCTOBER 22 2014.......SUNRISE   743 AM EDT   SUNSET   644 PM EDT
OCTOBER 23 2014.......SUNRISE   744 AM EDT   SUNSET   643 PM EDT


-  INDICATES NEGATIVE NUMBERS.
R  INDICATES RECORD WAS SET OR TIED.
MM INDICATES DATA IS MISSING.
T  INDICATES TRACE AMOUNT.




$$
