000
CDUS44 KMRX 292147
CLITRI


CLIMATE REPORT
NATIONAL WEATHER SERVICE MORRISTOWN TN
546 PM EDT MON AUG 29 2016


...................................

...THE TRI-CITIES      ASOS CLIMATE SUMMARY FOR AUGUST 29 2016...
VALID TODAY AS OF 0500 PM LOCAL TIME.

CLIMATE NORMAL PERIOD 1981 TO 2010
CLIMATE RECORD PERIOD 1934 TO 2016


WEATHER ITEM   OBSERVED TIME   RECORD YEAR NORMAL DEPARTURE LAST
                VALUE   (LST)  VALUE       VALUE  FROM      YEAR
                                                  NORMAL
..................................................................
TEMPERATURE (F)
 TODAY
  MAXIMUM         92    302 PM  96    1953  84      8       83
  MINIMUM         63    626 AM  43    1986  61      2       59
  AVERAGE         78                        72      6       71

PRECIPITATION (IN)
  TODAY            0.00          0.79 1950   0.09  -0.09     0.00
  MONTH TO DATE    3.21                      3.27  -0.06     6.00
  SINCE JUN 1      8.23                     11.86  -3.63    14.24
  SINCE JAN 1     24.14                     29.25  -5.11    29.15

SNOWFALL (IN)
  TODAY            0.0                       0.0    0.0      0.0
  MONTH TO DATE    0.0                       0.0    0.0      0.0
  SINCE JUN 1      0.0                       0.0    0.0      0.0
  SINCE JUL 1      0.0                       0.0    0.0      0.0
  SNOW DEPTH       0

DEGREE DAYS
 HEATING
  TODAY            0                         0      0        0
  MONTH TO DATE    0                         0      0        0
  SINCE JUN 1      0                        11    -11        0
  SINCE JUL 1      0                         0      0        0

 COOLING
  TODAY           13                         8      5        6
  MONTH TO DATE  403                       257    146      271
  SINCE JUN 1   1110                       762    348      948
  SINCE JAN 1   1206                       835    371     1114
..................................................................


WIND (MPH)
  HIGHEST WIND SPEED     8   HIGHEST WIND DIRECTION    SE (120)
  HIGHEST GUST SPEED    13   HIGHEST GUST DIRECTION     N (20)
  AVERAGE WIND SPEED     1.8


SKY COVER
  POSSIBLE SUNSHINE  MM
  AVERAGE SKY COVER 0.3


WEATHER CONDITIONS
 THE FOLLOWING WEATHER WAS RECORDED TODAY.
  FOG


RELATIVE HUMIDITY (PERCENT)
 HIGHEST   100           200 AM
 LOWEST     44           200 PM
 AVERAGE    72

..........................................................


THE TRI-CITIES      ASOS CLIMATE NORMALS FOR TOMORROW
                         NORMAL    RECORD    YEAR
 MAXIMUM TEMPERATURE (F)   84        95      1953
 MINIMUM TEMPERATURE (F)   61        46      1986


SUNRISE AND SUNSET
AUGUST 29 2016........SUNRISE   659 AM EDT   SUNSET   801 PM EDT
AUGUST 30 2016........SUNRISE   700 AM EDT   SUNSET   800 PM EDT


-  INDICATES NEGATIVE NUMBERS.
R  INDICATES RECORD WAS SET OR TIED.
MM INDICATES DATA IS MISSING.
T  INDICATES TRACE AMOUNT.




$$
