000
CDUS44 KMRX 230810
CLITRI

CLIMATE REPORT
NATIONAL WEATHER SERVICE MORRISTOWN TN
408 AM EDT WED APR 23 2014


...................................

...THE TRI-CITIES      ASOS CLIMATE SUMMARY FOR APRIL 22 2014...

CLIMATE NORMAL PERIOD 1981 TO 2010
CLIMATE RECORD PERIOD 1934 TO 2014


WEATHER ITEM   OBSERVED TIME   RECORD YEAR NORMAL DEPARTURE LAST
                VALUE   (LST)  VALUE       VALUE  FROM      YEAR
                                                  NORMAL
..................................................................
TEMPERATURE (F)
 YESTERDAY
  MAXIMUM         67    524 PM  86    1944  70     -3       68
  MINIMUM         50    156 AM  28    1943  44      6       38
  AVERAGE         59                        57      2       53

PRECIPITATION (IN)
  YESTERDAY        0.07          1.24 2006   0.11  -0.04     0.00
  MONTH TO DATE    1.70                      2.41  -0.71     3.08
  SINCE MAR 1      3.97                      5.85  -1.88     7.70
  SINCE JAN 1      9.03                     12.67  -3.64    19.55

SNOWFALL (IN)
  YESTERDAY        0.0                       0.1   -0.1      0.0
  MONTH TO DATE    T                         1.0   -1.0      0.0
  SINCE MAR 1      0.7                       2.4   -1.7      1.5
  SINCE JUL 1     13.0                      13.2   -0.2      9.2
  SNOW DEPTH       0

DEGREE DAYS
 HEATING
  YESTERDAY        6                         8     -2       12
  MONTH TO DATE  188                       246    -58      217
  SINCE MAR 1    804                       814    -10      963
  SINCE JUL 1   4299                      4196    103     4132

 COOLING
  YESTERDAY        0                         1     -1        0
  MONTH TO DATE    6                         1      5        6
  SINCE MAR 1      6                         2      4        6
  SINCE JAN 1      6                         2      4        6
..................................................................


WIND (MPH)
  HIGHEST WIND SPEED    16   HIGHEST WIND DIRECTION    SW (240)
  HIGHEST GUST SPEED    21   HIGHEST GUST DIRECTION    SW (230)
  AVERAGE WIND SPEED     6.2


SKY COVER
  POSSIBLE SUNSHINE  MM
  AVERAGE SKY COVER  MM


WEATHER CONDITIONS
 THE FOLLOWING WEATHER WAS RECORDED YESTERDAY.
  LIGHT RAIN
  FOG


RELATIVE HUMIDITY (PERCENT)
 HIGHEST    93          1100 PM
 LOWEST     56          1000 AM
 AVERAGE    75

..........................................................


THE TRI-CITIES      ASOS CLIMATE NORMALS FOR TODAY
                         NORMAL    RECORD    YEAR
 MAXIMUM TEMPERATURE (F)   70        87      1980
 MINIMUM TEMPERATURE (F)   45        26      1986


SUNRISE AND SUNSET
APRIL 23 2014.........SUNRISE   646 AM EDT   SUNSET   811 PM EDT
APRIL 24 2014.........SUNRISE   644 AM EDT   SUNSET   812 PM EDT


-  INDICATES NEGATIVE NUMBERS.
R  INDICATES RECORD WAS SET OR TIED.
MM INDICATES DATA IS MISSING.
T  INDICATES TRACE AMOUNT.




$$
