000
CDUS46 KSGX 301150
CLITRM


CLIMATE REPORT
NATIONAL WEATHER SERVICE SAN DIEGO, CA
450 AM PDT SUN APR 30 2017


...................................

...THE THERMAL AIRPORT CA CLIMATE SUMMARY FOR APRIL 29 2017...

CLIMATE NORMAL PERIOD 1981 TO 2010
CLIMATE RECORD PERIOD 1950 TO 2017


WEATHER ITEM   OBSERVED TIME   RECORD YEAR NORMAL DEPARTURE LAST
                VALUE   (LST)  VALUE       VALUE  FROM      YEAR
                                                  NORMAL
..................................................................
TEMPERATURE (F)
 YESTERDAY
  MAXIMUM         89    401 PM 106    2013  91     -2       89
  MINIMUM         55   1159 PM  38    1999  57     -2       62
  AVERAGE         72                        74     -2       76

PRECIPITATION (IN)
  YESTERDAY        0.00          0.00 2002   0.00   0.00     0.00
                                      2000
  MONTH TO DATE    T                         0.06  -0.06     0.35
  SINCE OCT 1      3.69                      2.58   1.11     1.98
  SINCE JAN 1      2.01                      1.77   0.24     1.55

DEGREE DAYS
 HEATING
  YESTERDAY        0                         0      0        0
  MONTH TO DATE    0                        19    -19        0
  SINCE MAR 1     34                       111    -77       22
  SINCE JUL 1    899                      1176   -277     1047

 COOLING
  YESTERDAY        7                         9     -2       11
  MONTH TO DATE  288                       174    114      243
  SINCE MAR 1    478                       236    242      371
  SINCE JAN 1    510                       248    262      436
..................................................................


WIND (MPH)
  RESULTANT WIND SPEED   9   RESULTANT WIND DIRECTION  NW (310)
  HIGHEST WIND SPEED    22   HIGHEST WIND DIRECTION    NW (310)
  HIGHEST GUST SPEED    32   HIGHEST GUST DIRECTION    NW (330)
  AVERAGE WIND SPEED    10.0


SKY COVER
  POSSIBLE SUNSHINE  MM
  AVERAGE SKY COVER 0.0


WEATHER CONDITIONS
 THE FOLLOWING WEATHER WAS RECORDED YESTERDAY.
  NO SIGNIFICANT WEATHER WAS OBSERVED.


RELATIVE HUMIDITY (PERCENT)
 HIGHEST    35          1100 PM
 LOWEST      4           500 PM
 AVERAGE    20

..........................................................


THE THERMAL AIRPORT CA CLIMATE NORMALS FOR TODAY
                         NORMAL    RECORD    YEAR
 MAXIMUM TEMPERATURE (F)   91       104      1965
 MINIMUM TEMPERATURE (F)   58        46      1996


SUNRISE AND SUNSET
APRIL 30 2017.........SUNRISE   557 AM PDT   SUNSET   727 PM PDT
MAY  1 2017...........SUNRISE   556 AM PDT   SUNSET   728 PM PDT


-  INDICATES NEGATIVE NUMBERS.
R  INDICATES RECORD WAS SET OR TIED.
MM INDICATES DATA IS MISSING.
T  INDICATES TRACE AMOUNT.




$$
