000
CDUS46 KSGX 251440
CLITRM


CLIMATE REPORT
NATIONAL WEATHER SERVICE SAN DIEGO, CA
740 AM PDT MON JUL 25 2016


...................................

...THE THERMAL AIRPORT CA CLIMATE SUMMARY FOR JULY 24 2016...

CLIMATE NORMAL PERIOD 1981 TO 2010
CLIMATE RECORD PERIOD 1950 TO 2016


WEATHER ITEM   OBSERVED TIME   RECORD YEAR NORMAL DEPARTURE LAST
                VALUE   (LST)  VALUE       VALUE  FROM      YEAR
                                                  NORMAL
..................................................................
TEMPERATURE (F)
 YESTERDAY
  MAXIMUM        108    351 PM 117    2000 107      1      106
  MINIMUM         78    537 AM  65    2008  75      3       72
  AVERAGE         93                        91      2       89

PRECIPITATION (IN)
  YESTERDAY        0.00          0.04 1955   0.01  -0.01     0.00
  MONTH TO DATE    0.00                      0.10  -0.10     0.84
  SINCE OCT 1      1.98                      2.73  -0.75     1.68
  SINCE JAN 1      1.55                      1.92  -0.37     1.53

DEGREE DAYS
 HEATING
  YESTERDAY        0                         0      0        0
  MONTH TO DATE    0                         0      0        0
  SINCE JUN 1      0                         0      0        0
  SINCE JUL 1      0                         0      0        0

 COOLING
  YESTERDAY       28                        26      2       24
  MONTH TO DATE  638                       607     31      602
  SINCE JUN 1   1399                      1215    184     1275
  SINCE JAN 1   2276                      1888    388     2029
..................................................................


WIND (MPH)
  RESULTANT WIND SPEED   6   RESULTANT WIND DIRECTION  SE (140)
  HIGHEST WIND SPEED    20   HIGHEST WIND DIRECTION    SE (130)
  HIGHEST GUST SPEED    25   HIGHEST GUST DIRECTION    SE (150)
  AVERAGE WIND SPEED     6.9


SKY COVER
  POSSIBLE SUNSHINE  MM
  AVERAGE SKY COVER 0.1


WEATHER CONDITIONS
 THE FOLLOWING WEATHER WAS RECORDED YESTERDAY.
  NO SIGNIFICANT WEATHER WAS OBSERVED.


RELATIVE HUMIDITY (PERCENT)
 HIGHEST    74           500 AM
 LOWEST     18           300 PM
 AVERAGE    46

..........................................................


THE THERMAL AIRPORT CA CLIMATE NORMALS FOR TODAY
                         NORMAL    RECORD    YEAR
 MAXIMUM TEMPERATURE (F)  107       115      2000
 MINIMUM TEMPERATURE (F)   75        61      1992


SUNRISE AND SUNSET
JULY 25 2016..........SUNRISE   552 AM PDT   SUNSET   750 PM PDT
JULY 26 2016..........SUNRISE   553 AM PDT   SUNSET   749 PM PDT


-  INDICATES NEGATIVE NUMBERS.
R  INDICATES RECORD WAS SET OR TIED.
MM INDICATES DATA IS MISSING.
T  INDICATES TRACE AMOUNT.




$$
