000
CDUS46 KSGX 301421
CLITRM


CLIMATE REPORT
NATIONAL WEATHER SERVICE SAN DIEGO, CA
721 AM PDT THU OCT 30 2014


...................................

...THE THERMAL AIRPORT CA CLIMATE SUMMARY FOR OCTOBER 29 2014...

CLIMATE NORMAL PERIOD 1981 TO 2010
CLIMATE RECORD PERIOD 1950 TO 2014


WEATHER ITEM   OBSERVED TIME   RECORD YEAR NORMAL DEPARTURE LAST
                VALUE   (LST)  VALUE       VALUE  FROM      YEAR
                                                  NORMAL
..................................................................
TEMPERATURE (F)
 YESTERDAY
  MAXIMUM         94    202 PM  98    1965  86      8       75
  MINIMUM         50    550 AM  33    1991  50      0       58
  AVERAGE         72                        68      4       67

PRECIPITATION (IN)
  YESTERDAY        0.00          0.06 1951   0.00   0.00      T
  MONTH TO DATE    T                         0.21  -0.21      T
  SINCE JUL 1      0.45                      0.78  -0.33     1.39
  SINCE JAN 1      0.53                      2.60  -2.07     1.83

SNOWFALL (IN)
  YESTERDAY        0.0
  MONTH TO DATE    0.0
  SINCE JAN 1      0.0
  SINCE JUL 1      0.0
  SNOW DEPTH       0

DEGREE DAYS
 HEATING
  YESTERDAY        0                         1     -1        0
  MONTH TO DATE    0                         7     -7        5
  SINCE SEP 1      0                         7     -7        5
  SINCE JUL 1      0                         7     -7        5

 COOLING
  YESTERDAY        7                         4      3        2
  MONTH TO DATE  350                       247    103      156
  SINCE SEP 1   1033                       812    221      768
  SINCE JAN 1   4230                      3645    585     4052
..................................................................


WIND (MPH)
  RESULTANT WIND SPEED   1   RESULTANT WIND DIRECTION   N (10)
  HIGHEST WIND SPEED    12   HIGHEST WIND DIRECTION    SE (140)
  HIGHEST GUST SPEED    14   HIGHEST GUST DIRECTION    SE (140)
  AVERAGE WIND SPEED     4.6


SKY COVER
  POSSIBLE SUNSHINE  MM
  AVERAGE SKY COVER 0.0


WEATHER CONDITIONS
 THE FOLLOWING WEATHER WAS RECORDED YESTERDAY.
  NO SIGNIFICANT WEATHER WAS OBSERVED.


RELATIVE HUMIDITY (PERCENT)
 HIGHEST    63           500 AM
 LOWEST      9           200 PM
 AVERAGE    36

..........................................................


THE THERMAL AIRPORT CA CLIMATE NORMALS FOR TODAY
                         NORMAL    RECORD    YEAR
 MAXIMUM TEMPERATURE (F)   86       101      1966
 MINIMUM TEMPERATURE (F)   50        28      1971


SUNRISE AND SUNSET
OCTOBER 30 2014.......SUNRISE   702 AM PDT   SUNSET   554 PM PDT
OCTOBER 31 2014.......SUNRISE   703 AM PDT   SUNSET   553 PM PDT


-  INDICATES NEGATIVE NUMBERS.
R  INDICATES RECORD WAS SET OR TIED.
MM INDICATES DATA IS MISSING.
T  INDICATES TRACE AMOUNT.




$$
