000
CDUS46 KSGX 281419
CLITRM


CLIMATE REPORT
NATIONAL WEATHER SERVICE SAN DIEGO, CA
718 AM PDT THU MAY 28 2015


...................................

...THE THERMAL AIRPORT CA CLIMATE SUMMARY FOR MAY 27 2015...

CLIMATE NORMAL PERIOD 1981 TO 2010
CLIMATE RECORD PERIOD 1950 TO 2015


WEATHER ITEM   OBSERVED TIME   RECORD YEAR NORMAL DEPARTURE LAST
                VALUE   (LST)  VALUE       VALUE  FROM      YEAR
                                                  NORMAL
..................................................................
TEMPERATURE (F)
 YESTERDAY
  MAXIMUM         96    338 PM 113    1951  98     -2      105
  MINIMUM         67    515 AM  57    1998  64      3       67
  AVERAGE         82                        81      1       86

PRECIPITATION (IN)
  YESTERDAY        0.00          0.42 1981   0.01  -0.01     0.00
  MONTH TO DATE    0.07                      0.03   0.04      T
  SINCE OCT 1      0.84                      2.61  -1.77     0.16
  SINCE JAN 1      0.69                      1.80  -1.11     0.08

SNOWFALL (IN)
  YESTERDAY        0.0
  MONTH TO DATE    0.0
  SINCE MAR 1      0.0
  SINCE JUL 1      0.0
  SNOW DEPTH       0

DEGREE DAYS
 HEATING
  YESTERDAY        0                         0      0        0
  MONTH TO DATE   15                         0     15        0
  SINCE MAR 1     59                       115    -56       32
  SINCE JUL 1    764                      1180   -416      821

 COOLING
  YESTERDAY       17                        16      1       21
  MONTH TO DATE  272                       351    -79      371
  SINCE MAR 1    667                       595     72      723
  SINCE JAN 1    689                       607     82      733
..................................................................


WIND (MPH)
  RESULTANT WIND SPEED   1   RESULTANT WIND DIRECTION   N (350)
  HIGHEST WIND SPEED    15   HIGHEST WIND DIRECTION    SE (140)
  HIGHEST GUST SPEED    20   HIGHEST GUST DIRECTION    SE (140)
  AVERAGE WIND SPEED     8.0


SKY COVER
  POSSIBLE SUNSHINE  MM
  AVERAGE SKY COVER 0.0


WEATHER CONDITIONS
 THE FOLLOWING WEATHER WAS RECORDED YESTERDAY.
  NO SIGNIFICANT WEATHER WAS OBSERVED.


RELATIVE HUMIDITY (PERCENT)
 HIGHEST    63           500 AM
 LOWEST     13           400 PM
 AVERAGE    38

..........................................................


THE THERMAL AIRPORT CA CLIMATE NORMALS FOR TODAY
                         NORMAL    RECORD    YEAR
 MAXIMUM TEMPERATURE (F)   98       116      1983
 MINIMUM TEMPERATURE (F)   64        53      1994


SUNRISE AND SUNSET
MAY 28 2015...........SUNRISE   537 AM PDT   SUNSET   747 PM PDT
MAY 29 2015...........SUNRISE   536 AM PDT   SUNSET   748 PM PDT


-  INDICATES NEGATIVE NUMBERS.
R  INDICATES RECORD WAS SET OR TIED.
MM INDICATES DATA IS MISSING.
T  INDICATES TRACE AMOUNT.




$$
