000
CDUS46 KSGX 181231
CLITRM


CLIMATE REPORT
NATIONAL WEATHER SERVICE SAN DIEGO, CA
431 AM PST SUN FEB 18 2018


...................................

...THE THERMAL AIRPORT CA CLIMATE SUMMARY FOR FEBRUARY 17 2018...

CLIMATE NORMAL PERIOD 1981 TO 2010
CLIMATE RECORD PERIOD 1950 TO 2018


WEATHER ITEM   OBSERVED TIME   RECORD YEAR NORMAL DEPARTURE LAST
                VALUE   (LST)  VALUE       VALUE  FROM      YEAR
                                                  NORMAL
..................................................................
TEMPERATURE (F)
 YESTERDAY
  MAXIMUM         78    357 PM  91    1996  75      3       75
  MINIMUM         34    605 AM  29    1956  42     -8       58
  AVERAGE         56                        58     -2       67

PRECIPITATION (IN)
  YESTERDAY        0.00          0.33 1998   0.03  -0.03     0.24
  MONTH TO DATE    0.00                      0.38  -0.38     0.24
  SINCE OCT 1      0.41                      1.86  -1.45     3.23
  SINCE JAN 1      0.41                      1.05  -0.64     1.55

DEGREE DAYS
 HEATING
  YESTERDAY        9                         7      2        0
  MONTH TO DATE   36                       140   -104       40
  SINCE DEC 1    420                       833   -413      668
  SINCE JUL 1    437                      1000   -563      786

 COOLING
  YESTERDAY        0                         0      0        2
  MONTH TO DATE   20                         0     20       32
  SINCE DEC 1     31                         3     28       34
  SINCE JAN 1     31                         2     29       32
..................................................................


WIND (MPH)
  RESULTANT WIND SPEED   1   RESULTANT WIND DIRECTION  NE (50)
  HIGHEST WIND SPEED     9   HIGHEST WIND DIRECTION    SE (130)
  HIGHEST GUST SPEED    12   HIGHEST GUST DIRECTION    SE (120)
  AVERAGE WIND SPEED     4.1


SKY COVER
  POSSIBLE SUNSHINE  MM
  AVERAGE SKY COVER 0.0


WEATHER CONDITIONS
 THE FOLLOWING WEATHER WAS RECORDED YESTERDAY.
  NO SIGNIFICANT WEATHER WAS OBSERVED.


RELATIVE HUMIDITY (PERCENT)
 HIGHEST    59           600 AM
 LOWEST      8           200 PM
 AVERAGE    34

..........................................................


THE THERMAL AIRPORT CA CLIMATE NORMALS FOR TODAY
                         NORMAL    RECORD    YEAR
 MAXIMUM TEMPERATURE (F)   75        93      1981
 MINIMUM TEMPERATURE (F)   42        30      1975


SUNRISE AND SUNSET
FEBRUARY 18 2018......SUNRISE   626 AM PST   SUNSET   532 PM PST
FEBRUARY 19 2018......SUNRISE   625 AM PST   SUNSET   533 PM PST


-  INDICATES NEGATIVE NUMBERS.
R  INDICATES RECORD WAS SET OR TIED.
MM INDICATES DATA IS MISSING.
T  INDICATES TRACE AMOUNT.




$$
