982
CDUS46 KPQR 281143
CLITTD


CLIMATE REPORT
NATIONAL WEATHER SERVICE PORTLAND OREGON
442 AM PDT SAT MAY 28 2016


...................................

...THE TROUTDALE OR CLIMATE SUMMARY FOR MAY 27 2016...

CLIMATE NORMAL PERIOD 1981 TO 2010
CLIMATE RECORD PERIOD 1948 TO 2016


WEATHER ITEM   OBSERVED TIME   RECORD YEAR NORMAL DEPARTURE LAST
                VALUE   (LST)  VALUE       VALUE  FROM      YEAR
                                                  NORMAL
..................................................................
TEMPERATURE (F)
 YESTERDAY
  MAXIMUM         64    430 PM  98    1983  71     -7       79
  MINIMUM         50   1157 PM  37    1998  49      1       51
  AVERAGE         57                        60     -3       65

PRECIPITATION (IN)
  YESTERDAY        0.15                      0.10   0.05     0.00
  MONTH TO DATE    1.87                      2.55  -0.68     0.82
  SINCE OCT 1     36.89                     40.71  -3.82    28.34
  SINCE JAN 1     17.07                     22.31  -5.24    13.38

DEGREE DAYS
 HEATING
  YESTERDAY        8                         6      2        0
  MONTH TO DATE  108                       229   -121      150

 COOLING
  YESTERDAY        0                         1     -1        0
  MONTH TO DATE   23                        10     13        2
..................................................................


WIND (MPH)
  HIGHEST WIND SPEED    12   HIGHEST WIND DIRECTION    SW (240)
  HIGHEST GUST SPEED    14   HIGHEST GUST DIRECTION     N (350)
  AVERAGE WIND SPEED     2.7


SKY COVER
  POSSIBLE SUNSHINE  MM
  AVERAGE SKY COVER 0.9


WEATHER CONDITIONS
 THE FOLLOWING WEATHER WAS RECORDED YESTERDAY.
  LIGHT RAIN
  FOG


RELATIVE HUMIDITY (PERCENT)
 HIGHEST    86           400 AM
 LOWEST     52           500 PM
 AVERAGE    69

..........................................................


THE TROUTDALE OR CLIMATE NORMALS FOR TODAY
                         NORMAL    RECORD    YEAR
 MAXIMUM TEMPERATURE (F)   71        91      1972
 MINIMUM TEMPERATURE (F)   49        33      1998


SUNRISE AND SUNSET
MAY 28 2016...........SUNRISE   526 AM PDT   SUNSET   848 PM PDT
MAY 29 2016...........SUNRISE   526 AM PDT   SUNSET   849 PM PDT


-  INDICATES NEGATIVE NUMBERS.
R  INDICATES RECORD WAS SET OR TIED.
MM INDICATES DATA IS MISSING.
T  INDICATES TRACE AMOUNT.




$$
