000
CDUS46 KPQR 231142
CLITTD


CLIMATE REPORT
NATIONAL WEATHER SERVICE PORTLAND OREGON
441 AM PDT SAT AUG 23 2014


...................................

...THE TROUTDALE OR CLIMATE SUMMARY FOR AUGUST 22 2014...

CLIMATE NORMAL PERIOD 1981 TO 2010
CLIMATE RECORD PERIOD 9999 TO 9999


WEATHER ITEM   OBSERVED TIME   NORMAL DEPARTURE LAST
                VALUE   (LST)  VALUE  FROM      YEAR
                                      NORMAL
......................................................
TEMPERATURE (F)
 YESTERDAY
  MAXIMUM         81    520 PM  82     -1       82
  MINIMUM         57    415 AM  53      4       55
  AVERAGE         69            67      2       69

PRECIPITATION (IN)
  YESTERDAY        0.00          0.04  -0.04     0.03
  MONTH TO DATE    0.06          0.49  -0.43     0.07
  SINCE OCT 1     29.21         44.75 -15.54    36.57
  SINCE JAN 1     21.62         26.35  -4.73    16.59

DEGREE DAYS
 HEATING
  YESTERDAY        0             1     -1        0
  MONTH TO DATE    0            22    -22        3

 COOLING
  YESTERDAY        4             3      1        4
  MONTH TO DATE  185            95     90      136
......................................................


WIND (MPH)
  HIGHEST WIND SPEED    12   HIGHEST WIND DIRECTION    NW (310)
  HIGHEST GUST SPEED    19   HIGHEST GUST DIRECTION    NW (320)
  AVERAGE WIND SPEED     3.5


SKY COVER
  POSSIBLE SUNSHINE  MM
  AVERAGE SKY COVER 0.3


WEATHER CONDITIONS
 THE FOLLOWING WEATHER WAS RECORDED YESTERDAY.
  NO SIGNIFICANT WEATHER WAS OBSERVED.


RELATIVE HUMIDITY (PERCENT)
 HIGHEST    72           200 AM
 LOWEST     33           300 PM
 AVERAGE    53

..........................................................


THE TROUTDALE OR CLIMATE NORMALS FOR TODAY
                         NORMAL    RECORD    YEAR
 MAXIMUM TEMPERATURE (F)   81        95      1988
 MINIMUM TEMPERATURE (F)   53        46      2010
                                             1973


SUNRISE AND SUNSET
AUGUST 23 2014........SUNRISE   620 AM PDT   SUNSET   803 PM PDT
AUGUST 24 2014........SUNRISE   621 AM PDT   SUNSET   802 PM PDT


-  INDICATES NEGATIVE NUMBERS.
R  INDICATES RECORD WAS SET OR TIED.
MM INDICATES DATA IS MISSING.
T  INDICATES TRACE AMOUNT.




$$
