000
CDUS46 KPQR 271143
CLITTD


CLIMATE REPORT
NATIONAL WEATHER SERVICE PORTLAND OREGON
343 AM PST MON FEB 27 2017


...................................

...THE TROUTDALE OR CLIMATE SUMMARY FOR FEBRUARY 26 2017...

CLIMATE NORMAL PERIOD 1981 TO 2010
CLIMATE RECORD PERIOD 1948 TO 2017


WEATHER ITEM   OBSERVED TIME   RECORD YEAR NORMAL DEPARTURE LAST
                VALUE   (LST)  VALUE       VALUE  FROM      YEAR
                                                  NORMAL
..................................................................
TEMPERATURE (F)
 YESTERDAY
  MAXIMUM         45    309 PM  65    1968  52     -7       58
  MINIMUM         38   1144 PM  15    1962  36      2       49
  AVERAGE         42                        44     -2       54

PRECIPITATION (IN)
  YESTERDAY        0.26                      0.19   0.07     0.30
  MONTH TO DATE    7.92                      4.72   3.20     3.19
  SINCE OCT 1     31.38                     29.30   2.08    27.51
  SINCE JAN 1     10.29                     10.90  -0.61     7.69

DEGREE DAYS
 HEATING
  YESTERDAY       23                        21      2       11
  MONTH TO DATE  608                       584     24      402

 COOLING
  YESTERDAY        0                         0      0        0
  MONTH TO DATE    0                         0      0        0
..................................................................


WIND (MPH)
  HIGHEST WIND SPEED    20   HIGHEST WIND DIRECTION    SW (240)
  HIGHEST GUST SPEED    24   HIGHEST GUST DIRECTION     W (250)
  AVERAGE WIND SPEED     3.6


SKY COVER
  POSSIBLE SUNSHINE  MM
  AVERAGE SKY COVER 1.0


WEATHER CONDITIONS
 THE FOLLOWING WEATHER WAS RECORDED YESTERDAY.
  RAIN
  LIGHT RAIN
  FOG
  HAZE


RELATIVE HUMIDITY (PERCENT)
 HIGHEST    92           800 AM
 LOWEST     65           300 PM
 AVERAGE    79

..........................................................


THE TROUTDALE OR CLIMATE NORMALS FOR TODAY
                         NORMAL    RECORD    YEAR
 MAXIMUM TEMPERATURE (F)   52        69      1988
 MINIMUM TEMPERATURE (F)   36        17      1962


SUNRISE AND SUNSET
FEBRUARY 27 2017......SUNRISE   651 AM PST   SUNSET   554 PM PST
FEBRUARY 28 2017......SUNRISE   649 AM PST   SUNSET   556 PM PST


-  INDICATES NEGATIVE NUMBERS.
R  INDICATES RECORD WAS SET OR TIED.
MM INDICATES DATA IS MISSING.
T  INDICATES TRACE AMOUNT.




$$
