000
CDUS46 KPQR 231144
CLITTD


CLIMATE REPORT
NATIONAL WEATHER SERVICE PORTLAND OREGON
443 AM PDT SUN APR 23 2017


...................................

...THE TROUTDALE OR CLIMATE SUMMARY FOR APRIL 22 2017...

CLIMATE NORMAL PERIOD 1981 TO 2010
CLIMATE RECORD PERIOD 1948 TO 2017


WEATHER ITEM   OBSERVED TIME   RECORD YEAR NORMAL DEPARTURE LAST
                VALUE   (LST)  VALUE       VALUE  FROM      YEAR
                                                  NORMAL
..................................................................
TEMPERATURE (F)
 YESTERDAY
  MAXIMUM         64    249 PM  83    1982  63      1       66
  MINIMUM         51   1159 PM  30    1972  42      9       52
  AVERAGE         58                        52      6       59

PRECIPITATION (IN)
  YESTERDAY        0.12                      0.13  -0.01     0.30
  MONTH TO DATE    2.96                      2.90   0.06     2.05
  SINCE OCT 1     41.81                     37.21   4.60    34.58
  SINCE JAN 1     20.72                     18.81   1.91    14.76

DEGREE DAYS
 HEATING
  YESTERDAY        7                        13     -6        6
  MONTH TO DATE  282                       311    -29      150

 COOLING
  YESTERDAY        0                         0      0        0
  MONTH TO DATE    0                         0      0       29
..................................................................


WIND (MPH)
  HIGHEST WIND SPEED    25   HIGHEST WIND DIRECTION     E (90)
  HIGHEST GUST SPEED    34   HIGHEST GUST DIRECTION     E (90)
  AVERAGE WIND SPEED    11.5


SKY COVER
  POSSIBLE SUNSHINE  MM
  AVERAGE SKY COVER 0.6


WEATHER CONDITIONS
 THE FOLLOWING WEATHER WAS RECORDED YESTERDAY.
  LIGHT RAIN
  FOG


RELATIVE HUMIDITY (PERCENT)
 HIGHEST    77          1100 PM
 LOWEST     42          1200 AM
 AVERAGE    60

..........................................................


THE TROUTDALE OR CLIMATE NORMALS FOR TODAY
                         NORMAL    RECORD    YEAR
 MAXIMUM TEMPERATURE (F)   63        82      2012
 MINIMUM TEMPERATURE (F)   42        30      1954


SUNRISE AND SUNSET
APRIL 23 2017.........SUNRISE   610 AM PDT   SUNSET   807 PM PDT
APRIL 24 2017.........SUNRISE   608 AM PDT   SUNSET   808 PM PDT


-  INDICATES NEGATIVE NUMBERS.
R  INDICATES RECORD WAS SET OR TIED.
MM INDICATES DATA IS MISSING.
T  INDICATES TRACE AMOUNT.




$$
