000
CDUS46 KPQR 201142
CLITTD


CLIMATE REPORT
NATIONAL WEATHER SERVICE PORTLAND OREGON
441 AM PDT SUN APR 20 2014


...................................

...THE TROUTDALE OR CLIMATE SUMMARY FOR APRIL 19 2014...

CLIMATE NORMAL PERIOD 1981 TO 2010
CLIMATE RECORD PERIOD 1948 TO 2014


WEATHER ITEM   OBSERVED TIME   RECORD YEAR NORMAL DEPARTURE LAST
                VALUE   (LST)  VALUE       VALUE  FROM      YEAR
                                                  NORMAL
..................................................................
TEMPERATURE (F)
 YESTERDAY
  MAXIMUM         59    506 PM  80    1962  62     -3       57
  MINIMUM         42    527 AM  31    1982  41      1       51
  AVERAGE         51                        52     -1       54

PRECIPITATION (IN)
  YESTERDAY        0.10          1.64 1965   0.13  -0.03     0.74
  MONTH TO DATE    1.46                      2.52  -1.06     3.10
  SINCE OCT 1     20.67                     36.83 -16.16    29.58
  SINCE JAN 1     13.08                     18.43  -5.35     9.60

DEGREE DAYS
 HEATING
  YESTERDAY       14                        13      1       11
  MONTH TO DATE  213                       272    -59      270

 COOLING
  YESTERDAY        0                         0      0        0
  MONTH TO DATE    0                         0      0        0
..................................................................


WIND (MPH)
  HIGHEST WIND SPEED    24   HIGHEST WIND DIRECTION    SW (240)
  HIGHEST GUST SPEED    31   HIGHEST GUST DIRECTION    SW (240)
  AVERAGE WIND SPEED     7.9


SKY COVER
  POSSIBLE SUNSHINE  MM
  AVERAGE SKY COVER 0.6


WEATHER CONDITIONS
 THE FOLLOWING WEATHER WAS RECORDED YESTERDAY.
  LIGHT RAIN
  HAZE


RELATIVE HUMIDITY (PERCENT)
 HIGHEST    86          1100 PM
 LOWEST     55           600 PM
 AVERAGE    71

..........................................................


THE TROUTDALE OR CLIMATE NORMALS FOR TODAY
                         NORMAL    RECORD    YEAR
 MAXIMUM TEMPERATURE (F)   62        82      2009
 MINIMUM TEMPERATURE (F)   41        30      1952


SUNRISE AND SUNSET
APRIL 20 2014.........SUNRISE   615 AM PDT   SUNSET   803 PM PDT
APRIL 21 2014.........SUNRISE   614 AM PDT   SUNSET   804 PM PDT


-  INDICATES NEGATIVE NUMBERS.
R  INDICATES RECORD WAS SET OR TIED.
MM INDICATES DATA IS MISSING.
T  INDICATES TRACE AMOUNT.




$$
