936
CDUS46 KPQR 190228
CLITTD


CLIMATE REPORT
NATIONAL WEATHER SERVICE PORTLAND OREGON
628 PM PST SAT NOV 18 2017


...................................

...THE TROUTDALE OR CLIMATE SUMMARY FOR NOVEMBER 18 2017...
VALID TODAY AS OF 0600 PM LOCAL TIME.

CLIMATE NORMAL PERIOD 1981 TO 2010
CLIMATE RECORD PERIOD 1948 TO 2017


WEATHER ITEM   OBSERVED TIME   RECORD YEAR NORMAL DEPARTURE LAST
                VALUE   (LST)  VALUE       VALUE  FROM      YEAR
                                                  NORMAL
..................................................................
TEMPERATURE (F)
 TODAY
  MAXIMUM         52    211 PM  62    1995  52      0       50
  MINIMUM         40    529 AM  27    1977  38      2       46
  AVERAGE         46                        45      1       48

PRECIPITATION (IN)
  TODAY            0.00                      0.25  -0.25     0.00
  MONTH TO DATE    3.19                      4.34  -1.15     3.16
  SINCE OCT 1      8.38                      8.29   0.09    14.46
  SINCE JAN 1     38.76                     36.86   1.90    36.97

DEGREE DAYS
 HEATING
  TODAY           19                        20     -1       17
  MONTH TO DATE  305                       320    -15      168

 COOLING
  TODAY            0                         0      0        0
  MONTH TO DATE    0                         0      0        0
..................................................................


WIND (MPH)
  HIGHEST WIND SPEED    17   HIGHEST WIND DIRECTION     E (110)
  HIGHEST GUST SPEED    22   HIGHEST GUST DIRECTION     E (110)
  AVERAGE WIND SPEED     7.7


SKY COVER
  POSSIBLE SUNSHINE  MM
  AVERAGE SKY COVER 0.3


WEATHER CONDITIONS
 THE FOLLOWING WEATHER WAS RECORDED TODAY.
  NO SIGNIFICANT WEATHER WAS OBSERVED.


RELATIVE HUMIDITY (PERCENT)
 HIGHEST    96           300 AM
 LOWEST     54           200 PM
 AVERAGE    75

..........................................................


THE TROUTDALE OR CLIMATE NORMALS FOR TOMORROW
                         NORMAL    RECORD    YEAR
 MAXIMUM TEMPERATURE (F)   51        65      1965
 MINIMUM TEMPERATURE (F)   38        22      2000


SUNRISE AND SUNSET
NOVEMBER 18 2017......SUNRISE   713 AM PST   SUNSET   436 PM PST
NOVEMBER 19 2017......SUNRISE   715 AM PST   SUNSET   435 PM PST


-  INDICATES NEGATIVE NUMBERS.
R  INDICATES RECORD WAS SET OR TIED.
MM INDICATES DATA IS MISSING.
T  INDICATES TRACE AMOUNT.




$$
