959
CDUS46 KPQR 031147
CLITTD


CLIMATE REPORT
NATIONAL WEATHER SERVICE PORTLAND OREGON
446 AM PDT TUE MAY 3 2016


...................................

...THE TROUTDALE OR CLIMATE SUMMARY FOR MAY 2 2016...

CLIMATE NORMAL PERIOD 1981 TO 2010
CLIMATE RECORD PERIOD 1948 TO 2016


WEATHER ITEM   OBSERVED TIME   RECORD YEAR NORMAL DEPARTURE LAST
                VALUE   (LST)  VALUE       VALUE  FROM      YEAR
                                                  NORMAL
..................................................................
TEMPERATURE (F)
 YESTERDAY
  MAXIMUM         88R   345 PM  81    2013  65     23       71
  MINIMUM         63    602 AM  31    1952  43     20       48
  AVERAGE         76                        54     22       60

PRECIPITATION (IN)
  YESTERDAY        0.00                      0.10  -0.10     0.00
  MONTH TO DATE    0.00                      0.20  -0.20     0.00
  SINCE OCT 1     35.02                     38.36  -3.34    27.52
  SINCE JAN 1     15.20                     19.96  -4.76    12.56

DEGREE DAYS
 HEATING
  YESTERDAY        0                        11    -11        5
  MONTH TO DATE    3                        22    -19       11

 COOLING
  YESTERDAY       11                         0     11        0
  MONTH TO DATE   11                         0     11        0
..................................................................


WIND (MPH)
  HIGHEST WIND SPEED    25   HIGHEST WIND DIRECTION     E (90)
  HIGHEST GUST SPEED    32   HIGHEST GUST DIRECTION     E (90)
  AVERAGE WIND SPEED    10.5


SKY COVER
  POSSIBLE SUNSHINE  MM
  AVERAGE SKY COVER 0.0


WEATHER CONDITIONS
 THE FOLLOWING WEATHER WAS RECORDED YESTERDAY.
  NO SIGNIFICANT WEATHER WAS OBSERVED.


RELATIVE HUMIDITY (PERCENT)
 HIGHEST    44           600 AM
 LOWEST     21           300 PM
 AVERAGE    33

..........................................................


THE TROUTDALE OR CLIMATE NORMALS FOR TODAY
                         NORMAL    RECORD    YEAR
 MAXIMUM TEMPERATURE (F)   65        93      1992
                                             1966
 MINIMUM TEMPERATURE (F)   44        35      1959
                                             1964


SUNRISE AND SUNSET
MAY  3 2016...........SUNRISE   554 AM PDT   SUNSET   820 PM PDT
MAY  4 2016...........SUNRISE   552 AM PDT   SUNSET   821 PM PDT


-  INDICATES NEGATIVE NUMBERS.
R  INDICATES RECORD WAS SET OR TIED.
MM INDICATES DATA IS MISSING.
T  INDICATES TRACE AMOUNT.




$$
