000
CDUS46 KPQR 231142
CLITTD


CLIMATE REPORT
NATIONAL WEATHER SERVICE PORTLAND OREGON
441 AM PDT WED JUL 23 2014


...................................

...THE TROUTDALE OR CLIMATE SUMMARY FOR JULY 22 2014...

CLIMATE NORMAL PERIOD 1981 TO 2010
CLIMATE RECORD PERIOD 9999 TO 9999


WEATHER ITEM   OBSERVED TIME   NORMAL DEPARTURE LAST
                VALUE   (LST)  VALUE  FROM      YEAR
                                      NORMAL
......................................................
TEMPERATURE (F)
 YESTERDAY
  MAXIMUM         74   1202 PM  83     -9       83
  MINIMUM         61    733 AM  55      6       59
  AVERAGE         68            69     -1       71

PRECIPITATION (IN)
  YESTERDAY        0.66          0.02   0.64     0.00
  MONTH TO DATE    0.69          0.60   0.09      T
  SINCE OCT 1     28.77         44.12 -15.35    36.50
  SINCE JAN 1     21.18         25.72  -4.54    16.52

DEGREE DAYS
 HEATING
  YESTERDAY        0             1     -1        0
  MONTH TO DATE    0            27    -27        5

 COOLING
  YESTERDAY        3             5     -2        6
  MONTH TO DATE  165            71     94      106
......................................................


WIND (MPH)
  HIGHEST WIND SPEED     9   HIGHEST WIND DIRECTION     S (190)
  HIGHEST GUST SPEED    13   HIGHEST GUST DIRECTION     N (20)
  AVERAGE WIND SPEED     2.3


SKY COVER
  POSSIBLE SUNSHINE  MM
  AVERAGE SKY COVER 0.8


WEATHER CONDITIONS
 THE FOLLOWING WEATHER WAS RECORDED YESTERDAY.
  RAIN
  LIGHT RAIN
  FOG


RELATIVE HUMIDITY (PERCENT)
 HIGHEST    97           700 AM
 LOWEST     61          1200 PM
 AVERAGE    79

..........................................................


THE TROUTDALE OR CLIMATE NORMALS FOR TODAY
                         NORMAL    RECORD    YEAR
 MAXIMUM TEMPERATURE (F)   83       102      2004
 MINIMUM TEMPERATURE (F)   55        38      1989


SUNRISE AND SUNSET
JULY 23 2014..........SUNRISE   543 AM PDT   SUNSET   848 PM PDT
JULY 24 2014..........SUNRISE   545 AM PDT   SUNSET   847 PM PDT


-  INDICATES NEGATIVE NUMBERS.
R  INDICATES RECORD WAS SET OR TIED.
MM INDICATES DATA IS MISSING.
T  INDICATES TRACE AMOUNT.




$$
