000
CDUS46 KPQR 231143
CLITTD


CLIMATE REPORT
NATIONAL WEATHER SERVICE PORTLAND OREGON
342 AM PST TUE JAN 23 2018


...................................

...THE TROUTDALE OR CLIMATE SUMMARY FOR JANUARY 22 2018...

CLIMATE NORMAL PERIOD 1981 TO 2010
CLIMATE RECORD PERIOD 1948 TO 2018


WEATHER ITEM   OBSERVED TIME   RECORD YEAR NORMAL DEPARTURE LAST
                VALUE   (LST)  VALUE       VALUE  FROM      YEAR
                                                  NORMAL
..................................................................
TEMPERATURE (F)
 YESTERDAY
  MAXIMUM         51   1233 PM  64    1970  47      4       46
  MINIMUM         35    250 AM  18    1962  34      1       39
  AVERAGE         43                        40      3       43

PRECIPITATION (IN)
  YESTERDAY        0.16                      0.18  -0.02     0.07
  MONTH TO DATE    2.55                      4.61  -2.06     2.33
  SINCE OCT 1     16.89                     23.01  -6.12    23.42
  SINCE JAN 1      2.55                      4.61  -2.06     2.33

DEGREE DAYS
 HEATING
  YESTERDAY       22                        24     -2       22
  MONTH TO DATE  421                       566   -145      730

 COOLING
  YESTERDAY        0                         0      0        0
  MONTH TO DATE    0                         0      0        0
..................................................................


WIND (MPH)
  HIGHEST WIND SPEED    17   HIGHEST WIND DIRECTION    SW (220)
  HIGHEST GUST SPEED    21   HIGHEST GUST DIRECTION    SW (220)
  AVERAGE WIND SPEED     5.7


SKY COVER
  POSSIBLE SUNSHINE  MM
  AVERAGE SKY COVER 0.9


WEATHER CONDITIONS
 THE FOLLOWING WEATHER WAS RECORDED YESTERDAY.
  RAIN
  LIGHT RAIN
  FOG


RELATIVE HUMIDITY (PERCENT)
 HIGHEST   100           100 AM
 LOWEST     74          1200 PM
 AVERAGE    87

..........................................................


THE TROUTDALE OR CLIMATE NORMALS FOR TODAY
                         NORMAL    RECORD    YEAR
 MAXIMUM TEMPERATURE (F)   47        62      1953
 MINIMUM TEMPERATURE (F)   35        17      1962


SUNRISE AND SUNSET
JANUARY 23 2018.......SUNRISE   740 AM PST   SUNSET   504 PM PST
JANUARY 24 2018.......SUNRISE   739 AM PST   SUNSET   505 PM PST


-  INDICATES NEGATIVE NUMBERS.
R  INDICATES RECORD WAS SET OR TIED.
MM INDICATES DATA IS MISSING.
T  INDICATES TRACE AMOUNT.




$$
