000
CDUS41 KPHI 270632
CLITTN


CLIMATE REPORT
NATIONAL WEATHER SERVICE MOUNT HOLLY NJ
230 AM EDT FRI MAY 27 2016


...................................

...THE TRENTON NJ CLIMATE SUMMARY FOR MAY 26 2016...

CLIMATE NORMAL PERIOD 1981 TO 2010
CLIMATE RECORD PERIOD 1865 TO 2016


WEATHER ITEM   OBSERVED TIME   RECORD YEAR NORMAL DEPARTURE LAST
                VALUE   (LST)  VALUE       VALUE  FROM      YEAR
                                                  NORMAL
..................................................................
TEMPERATURE (F)
 YESTERDAY
  MAXIMUM         90    358 PM  94    1880  75     15       89
  MINIMUM         60    312 AM  43    1961  54      6       61
  AVERAGE         75                        64     11       75

PRECIPITATION (IN)
  YESTERDAY        0.00          1.89 2001   0.18  -0.18     0.00
  MONTH TO DATE    2.87                      3.46  -0.59     0.54
  SINCE MAR 1      6.16                     11.14  -4.98     7.38
  SINCE JAN 1     13.36                     16.61  -3.25    13.97

SNOWFALL (IN)
  YESTERDAY       MM            MM      MM  MM     MM       MM
  MONTH TO DATE   MM                        MM     MM       MM
  SINCE MAR 1     MM                        MM     MM       MM
  SINCE JUL 1     MM                        MM     MM       MM
  SNOW DEPTH      MM

DEGREE DAYS
 HEATING
  YESTERDAY        0                         3     -3        0
  MONTH TO DATE  187                       154     33       67
  SINCE MAR 1   1111                      1308   -197     1290
  SINCE JUL 1   4205                      5122   -917     5373

 COOLING
  YESTERDAY       10                         2      8       10
  MONTH TO DATE   19                        35    -16       77
  SINCE MAR 1     31                        43    -12       77
  SINCE JAN 1     31                        43    -12       77
..................................................................


WIND (MPH)
  HIGHEST WIND SPEED    14   HIGHEST WIND DIRECTION     S (200)
  HIGHEST GUST SPEED    18   HIGHEST GUST DIRECTION    SW (220)
  AVERAGE WIND SPEED     4.9


SKY COVER
  POSSIBLE SUNSHINE  MM
  AVERAGE SKY COVER 0.0


WEATHER CONDITIONS
 THE FOLLOWING WEATHER WAS RECORDED YESTERDAY.
  NO SIGNIFICANT WEATHER WAS OBSERVED.


RELATIVE HUMIDITY (PERCENT)
 HIGHEST    68           700 AM
 LOWEST     24           100 PM
 AVERAGE    46

..........................................................


THE TRENTON NJ CLIMATE NORMALS FOR TODAY
                         NORMAL    RECORD    YEAR
 MAXIMUM TEMPERATURE (F)   75        94      1914
                                             1880
 MINIMUM TEMPERATURE (F)   54        41      1961


SUNRISE AND SUNSET
MAY 27 2016...........SUNRISE   534 AM EDT   SUNSET   819 PM EDT
MAY 28 2016...........SUNRISE   533 AM EDT   SUNSET   820 PM EDT


-  INDICATES NEGATIVE NUMBERS.
R  INDICATES RECORD WAS SET OR TIED.
MM INDICATES DATA IS MISSING.
T  INDICATES TRACE AMOUNT.




$$
