000
CDUS41 KPHI 220628
CLITTN


CLIMATE REPORT
NATIONAL WEATHER SERVICE MOUNT HOLLY NJ
126 AM EST MON DEC 22 2014


...................................

...THE TRENTON NJ CLIMATE SUMMARY FOR DECEMBER 21 2014...

CLIMATE NORMAL PERIOD 1981 TO 2010
CLIMATE RECORD PERIOD 1865 TO 2014


WEATHER ITEM   OBSERVED TIME   RECORD YEAR NORMAL DEPARTURE LAST
                VALUE   (LST)  VALUE       VALUE  FROM      YEAR
                                                  NORMAL
..................................................................
TEMPERATURE (F)
 YESTERDAY
  MAXIMUM         37    148 PM  68    1895  41     -4       64
  MINIMUM         29    651 AM  -2    1942  26      3       39
  AVERAGE         33                        34     -1       52

PRECIPITATION (IN)
  YESTERDAY        0.00          1.40 1977   0.11  -0.11      T
                                      1905
  MONTH TO DATE    3.10                      2.74   0.36     2.70
  SINCE DEC 1      3.10                      2.74   0.36     2.70
  SINCE JAN 1     42.95                     45.48  -2.53    41.51

SNOWFALL (IN)
  YESTERDAY       MM            MM      MM  MM     MM       MM
  MONTH TO DATE   MM                        MM     MM       MM
  SINCE DEC 1     MM                        MM     MM       MM
  SINCE JUL 1     MM                        MM     MM       MM
  SNOW DEPTH      MM

DEGREE DAYS
 HEATING
  YESTERDAY       32                        31      1       13
  MONTH TO DATE  563                       593    -30      631
  SINCE DEC 1    563                       593    -30      631
  SINCE JUL 1   1533                      1569    -36     1618

 COOLING
  YESTERDAY        0                         0      0        0
  MONTH TO DATE    0                         0      0        0
  SINCE DEC 1      0                         0      0        0
  SINCE JAN 1    930                       965    -35     1077
..................................................................


WIND (MPH)
  HIGHEST WIND SPEED    12   HIGHEST WIND DIRECTION     N (350)
  HIGHEST GUST SPEED    17   HIGHEST GUST DIRECTION     N (350)
  AVERAGE WIND SPEED     4.1


SKY COVER
  POSSIBLE SUNSHINE  MM
  AVERAGE SKY COVER 1.0


WEATHER CONDITIONS
 THE FOLLOWING WEATHER WAS RECORDED YESTERDAY.
  NO SIGNIFICANT WEATHER WAS OBSERVED.


RELATIVE HUMIDITY (PERCENT)
 HIGHEST    75           600 AM
 LOWEST     56          1000 AM
 AVERAGE    66

..........................................................


THE TRENTON NJ CLIMATE NORMALS FOR TODAY
                         NORMAL    RECORD    YEAR
 MAXIMUM TEMPERATURE (F)   41        68      2013
 MINIMUM TEMPERATURE (F)   26         5      1989
                                             1872


SUNRISE AND SUNSET
DECEMBER 22 2014......SUNRISE   719 AM EST   SUNSET   437 PM EST
DECEMBER 23 2014......SUNRISE   719 AM EST   SUNSET   437 PM EST


-  INDICATES NEGATIVE NUMBERS.
R  INDICATES RECORD WAS SET OR TIED.
MM INDICATES DATA IS MISSING.
T  INDICATES TRACE AMOUNT.




$$
