000
CDUS41 KPHI 250631
CLITTN


CLIMATE REPORT
NATIONAL WEATHER SERVICE MOUNT HOLLY NJ
231 AM EDT MON MAY 25 2015


...................................

...THE TRENTON NJ CLIMATE SUMMARY FOR MAY 24 2015...

CLIMATE NORMAL PERIOD 1981 TO 2010
CLIMATE RECORD PERIOD 1865 TO 2015


WEATHER ITEM   OBSERVED TIME   RECORD YEAR NORMAL DEPARTURE LAST
                VALUE   (LST)  VALUE       VALUE  FROM      YEAR
                                                  NORMAL
..................................................................
TEMPERATURE (F)
 YESTERDAY
  MAXIMUM         81    326 PM  94    1910  74      7       70
  MINIMUM         45    508 AM  38    1963  53     -8       51
  AVERAGE         63                        64     -1       61

PRECIPITATION (IN)
  YESTERDAY        0.00          2.57 1999   0.18  -0.18     0.40
  MONTH TO DATE    0.54                      3.09  -2.55     3.14
  SINCE MAR 1      7.38                     10.77  -3.39    12.67
  SINCE JAN 1     13.97                     16.24  -2.27    20.33

SNOWFALL (IN)
  YESTERDAY       MM            MM      MM  MM     MM       MM
  MONTH TO DATE   MM                        MM     MM       MM
  SINCE MAR 1     MM                        MM     MM       MM
  SINCE JUL 1     MM                        MM     MM       MM
  SNOW DEPTH      MM

DEGREE DAYS
 HEATING
  YESTERDAY        2                         4     -2        4
  MONTH TO DATE   67                       148    -81       93
  SINCE MAR 1   1290                      1302    -12     1375
  SINCE JUL 1   5373                      5116    257     5461

 COOLING
  YESTERDAY        0                         2     -2        0
  MONTH TO DATE   59                        31     28       22
  SINCE MAR 1     59                        39     20       28
  SINCE JAN 1     59                        39     20       28
..................................................................


WIND (MPH)
  HIGHEST WIND SPEED    16   HIGHEST WIND DIRECTION    SW (220)
  HIGHEST GUST SPEED    22   HIGHEST GUST DIRECTION    SW (220)
  AVERAGE WIND SPEED     6.5


SKY COVER
  POSSIBLE SUNSHINE  MM
  AVERAGE SKY COVER 0.0


WEATHER CONDITIONS
 THE FOLLOWING WEATHER WAS RECORDED YESTERDAY.
  FOG


RELATIVE HUMIDITY (PERCENT)
 HIGHEST    93           600 AM
 LOWEST     25           500 PM
 AVERAGE    59

..........................................................


THE TRENTON NJ CLIMATE NORMALS FOR TODAY
                         NORMAL    RECORD    YEAR
 MAXIMUM TEMPERATURE (F)   75        93      1880
 MINIMUM TEMPERATURE (F)   53        40      1956


SUNRISE AND SUNSET
MAY 25 2015...........SUNRISE   536 AM EDT   SUNSET   817 PM EDT
MAY 26 2015...........SUNRISE   535 AM EDT   SUNSET   818 PM EDT


-  INDICATES NEGATIVE NUMBERS.
R  INDICATES RECORD WAS SET OR TIED.
MM INDICATES DATA IS MISSING.
T  INDICATES TRACE AMOUNT.




$$
