836
CDUS41 KPHI 142129
CLITTN


CLIMATE REPORT
NATIONAL WEATHER SERVICE MOUNT HOLLY NJ
429 PM EST THU DEC 14 2017


...................................

...THE TRENTON NJ CLIMATE SUMMARY FOR DECEMBER 14 2017...
VALID TODAY AS OF 0400 PM LOCAL TIME.

CLIMATE NORMAL PERIOD 1981 TO 2010
CLIMATE RECORD PERIOD 1865 TO 2017


WEATHER ITEM   OBSERVED TIME   RECORD YEAR NORMAL DEPARTURE LAST
                VALUE   (LST)  VALUE       VALUE  FROM      YEAR
                                                  NORMAL
..................................................................
TEMPERATURE (F)
 TODAY
  MAXIMUM         33    111 PM  68    2015  43    -10       42
  MINIMUM         24    807 AM   8    2005  28     -4       29
  AVERAGE         29                        36     -7       36

PRECIPITATION (IN)
  TODAY            T             1.78 1897   0.13  -0.13     0.00
  MONTH TO DATE    0.63                      1.92  -1.29     1.58
  SINCE DEC 1      0.63                      1.92  -1.29     1.58
  SINCE JAN 1     40.42                     44.66  -4.24    33.75

DEGREE DAYS
 HEATING
  TODAY           36                        29      7       29
  MONTH TO DATE  381                       379      2      366
  SINCE DEC 1    381                       379      2      366
  SINCE JUL 1   1167                      1355   -188     1176

 COOLING
  TODAY            0                         0      0        0
  MONTH TO DATE    0                         0      0        0
  SINCE DEC 1      0                         0      0        0
  SINCE JAN 1   1151                       965    186     1381
..................................................................


WIND (MPH)
  HIGHEST WIND SPEED    20   HIGHEST WIND DIRECTION     N (340)
  HIGHEST GUST SPEED    26   HIGHEST GUST DIRECTION     N (350)
  AVERAGE WIND SPEED     8.4


SKY COVER
  POSSIBLE SUNSHINE  MM
  AVERAGE SKY COVER 0.6


WEATHER CONDITIONS
 THE FOLLOWING WEATHER WAS RECORDED TODAY.
  LIGHT SNOW
  FOG


RELATIVE HUMIDITY (PERCENT)
 HIGHEST    92           300 AM
 LOWEST     47           400 PM
 AVERAGE    70

..........................................................


THE TRENTON NJ CLIMATE NORMALS FOR TOMORROW
                         NORMAL    RECORD    YEAR
 MAXIMUM TEMPERATURE (F)   43        67      2015
 MINIMUM TEMPERATURE (F)   28        10      1914


SUNRISE AND SUNSET
DECEMBER 14 2017......SUNRISE   714 AM EST   SUNSET   434 PM EST
DECEMBER 15 2017......SUNRISE   715 AM EST   SUNSET   434 PM EST


-  INDICATES NEGATIVE NUMBERS.
R  INDICATES RECORD WAS SET OR TIED.
MM INDICATES DATA IS MISSING.
T  INDICATES TRACE AMOUNT.




$$
