000
CDUS41 KPHI 280629
CLITTN


CLIMATE REPORT
NATIONAL WEATHER SERVICE MOUNT HOLLY NJ
228 AM EDT TUE MAR 28 2017


...................................

...THE TRENTON NJ CLIMATE SUMMARY FOR MARCH 27 2017...

CLIMATE NORMAL PERIOD 1981 TO 2010
CLIMATE RECORD PERIOD 1865 TO 2017


WEATHER ITEM   OBSERVED TIME   RECORD YEAR NORMAL DEPARTURE LAST
                VALUE   (LST)  VALUE       VALUE  FROM      YEAR
                                                  NORMAL
..................................................................
TEMPERATURE (F)
 YESTERDAY
  MAXIMUM         56    515 PM  82    2007  55      1       57
                                      1998
  MINIMUM         40    556 AM  20    2014  35      5       39
                                      1894
  AVERAGE         48                        45      3       48

PRECIPITATION (IN)
  YESTERDAY        0.20          1.83 1919   0.14   0.06      T
  MONTH TO DATE    1.62                      3.55  -1.93     1.19
  SINCE MAR 1      1.62                      3.55  -1.93     1.19
  SINCE JAN 1      6.36                      9.02  -2.66     8.39

DEGREE DAYS
 HEATING
  YESTERDAY       17                        20     -3       17
  MONTH TO DATE  708                       654     54      462
  SINCE MAR 1    708                       654     54      462
  SINCE JUL 1   3927                      4468   -541     3556

 COOLING
  YESTERDAY        0                         0      0        0
  MONTH TO DATE    0                         0      0        3
  SINCE MAR 1      0                         0      0        3
  SINCE JAN 1      0                         0      0        3
..................................................................


WIND (MPH)
  HIGHEST WIND SPEED    12   HIGHEST WIND DIRECTION     E (90)
  HIGHEST GUST SPEED    15   HIGHEST GUST DIRECTION     E (80)
  AVERAGE WIND SPEED     4.3


SKY COVER
  POSSIBLE SUNSHINE  MM
  AVERAGE SKY COVER 0.8


WEATHER CONDITIONS
 THE FOLLOWING WEATHER WAS RECORDED YESTERDAY.
  RAIN
  LIGHT RAIN
  FOG
  HAZE


RELATIVE HUMIDITY (PERCENT)
 HIGHEST   100          1200 AM
 LOWEST     86           400 PM
 AVERAGE    93

..........................................................


THE TRENTON NJ CLIMATE NORMALS FOR TODAY
                         NORMAL    RECORD    YEAR
 MAXIMUM TEMPERATURE (F)   55        84      1945
 MINIMUM TEMPERATURE (F)   35        16      1923


SUNRISE AND SUNSET
MARCH 28 2017.........SUNRISE   649 AM EDT   SUNSET   720 PM EDT
MARCH 29 2017.........SUNRISE   648 AM EDT   SUNSET   721 PM EDT


-  INDICATES NEGATIVE NUMBERS.
R  INDICATES RECORD WAS SET OR TIED.
MM INDICATES DATA IS MISSING.
T  INDICATES TRACE AMOUNT.




$$
