000
CDUS41 KPHI 300629
CLITTN


CLIMATE REPORT
NATIONAL WEATHER SERVICE MOUNT HOLLY NJ
129 AM EST FRI JAN 30 2015


...................................

...THE TRENTON NJ CLIMATE SUMMARY FOR JANUARY 29 2015...

CLIMATE NORMAL PERIOD 1981 TO 2010
CLIMATE RECORD PERIOD 1865 TO 2015


WEATHER ITEM   OBSERVED TIME   RECORD YEAR NORMAL DEPARTURE LAST
                VALUE   (LST)  VALUE       VALUE  FROM      YEAR
                                                  NORMAL
..................................................................
TEMPERATURE (F)
 YESTERDAY
  MAXIMUM         32    843 PM  70    2002  39     -7       22
  MINIMUM         10    555 AM   0    1873  24    -14       10
  AVERAGE         21                        32    -11       16

PRECIPITATION (IN)
  YESTERDAY        T             1.00 1990   0.09  -0.09     0.03
  MONTH TO DATE    4.34                      2.97   1.37     3.27
  SINCE DEC 1      8.48                      6.67   1.81     7.71
  SINCE JAN 1      4.34                      2.97   1.37     3.27

SNOWFALL (IN)
  YESTERDAY       MM            MM      MM  MM     MM       MM
  MONTH TO DATE   MM                        MM     MM       MM
  SINCE DEC 1     MM                        MM     MM       MM
  SINCE JUL 1     MM                        MM     MM       MM
  SNOW DEPTH      MM

DEGREE DAYS
 HEATING
  YESTERDAY       44                        33     11       49
  MONTH TO DATE 1055                       984     71     1114
  SINCE DEC 1   1853                      1903    -50     2014
  SINCE JUL 1   2823                      2879    -56     3001

 COOLING
  YESTERDAY        0                         0      0        0
  MONTH TO DATE    0                         0      0        0
  SINCE DEC 1      0                         0      0        0
  SINCE JAN 1      0                         0      0        0
..................................................................


WIND (MPH)
  HIGHEST WIND SPEED    13   HIGHEST WIND DIRECTION     S (170)
  HIGHEST GUST SPEED    17   HIGHEST GUST DIRECTION    SE (150)
  AVERAGE WIND SPEED     4.9


SKY COVER
  POSSIBLE SUNSHINE  MM
  AVERAGE SKY COVER 0.4


WEATHER CONDITIONS
 THE FOLLOWING WEATHER WAS RECORDED YESTERDAY.
  LIGHT SNOW


RELATIVE HUMIDITY (PERCENT)
 HIGHEST    78          1100 PM
 LOWEST     36          1100 AM
 AVERAGE    57

..........................................................


THE TRENTON NJ CLIMATE NORMALS FOR TODAY
                         NORMAL    RECORD    YEAR
 MAXIMUM TEMPERATURE (F)   39        70      1947
 MINIMUM TEMPERATURE (F)   24       -13      1873


SUNRISE AND SUNSET
JANUARY 30 2015.......SUNRISE   710 AM EST   SUNSET   515 PM EST
JANUARY 31 2015.......SUNRISE   709 AM EST   SUNSET   516 PM EST


-  INDICATES NEGATIVE NUMBERS.
R  INDICATES RECORD WAS SET OR TIED.
MM INDICATES DATA IS MISSING.
T  INDICATES TRACE AMOUNT.




$$
