000
CDUS41 KPHI 230634
CLITTN


CLIMATE REPORT
NATIONAL WEATHER SERVICE MOUNT HOLLY NJ
233 AM EDT TUE MAY 23 2017


...................................

...THE TRENTON NJ CLIMATE SUMMARY FOR MAY 22 2017...

CLIMATE NORMAL PERIOD 1981 TO 2010
CLIMATE RECORD PERIOD 1865 TO 2017


WEATHER ITEM   OBSERVED TIME   RECORD YEAR NORMAL DEPARTURE LAST
                VALUE   (LST)  VALUE       VALUE  FROM      YEAR
                                                  NORMAL
..................................................................
TEMPERATURE (F)
 YESTERDAY
  MAXIMUM         63    635 PM  95    1941  74    -11       66
                                      1911
  MINIMUM         54    708 AM  36    2002  52      2       51
  AVERAGE         59                        63     -4       59

PRECIPITATION (IN)
  YESTERDAY        0.41          1.61 1894   0.18   0.23     0.09
  MONTH TO DATE    3.72                      2.72   1.00     2.79
  SINCE MAR 1     11.49                     10.40   1.09     6.08
  SINCE JAN 1     16.23                     15.87   0.36    13.28

DEGREE DAYS
 HEATING
  YESTERDAY        6                         4      2        6
  MONTH TO DATE  153                       140     13      186
  SINCE MAR 1   1202                      1294    -92     1110
  SINCE JUL 1   4421                      5108   -687     4204

 COOLING
  YESTERDAY        0                         2     -2        0
  MONTH TO DATE   47                        27     20        0
  SINCE MAR 1     78                        35     43       12
  SINCE JAN 1     78                        35     43       12
..................................................................


WIND (MPH)
  HIGHEST WIND SPEED     9   HIGHEST WIND DIRECTION    SE (140)
  HIGHEST GUST SPEED    11   HIGHEST GUST DIRECTION     E (110)
  AVERAGE WIND SPEED     4.2


SKY COVER
  POSSIBLE SUNSHINE  MM
  AVERAGE SKY COVER 1.0


WEATHER CONDITIONS
 THE FOLLOWING WEATHER WAS RECORDED YESTERDAY.
  RAIN
  LIGHT RAIN
  FOG


RELATIVE HUMIDITY (PERCENT)
 HIGHEST   100          1100 AM
 LOWEST     77          1200 AM
 AVERAGE    89

..........................................................


THE TRENTON NJ CLIMATE NORMALS FOR TODAY
                         NORMAL    RECORD    YEAR
 MAXIMUM TEMPERATURE (F)   74        99      1911
 MINIMUM TEMPERATURE (F)   53        41      2006
                                             2002


SUNRISE AND SUNSET
MAY 23 2017...........SUNRISE   537 AM EDT   SUNSET   816 PM EDT
MAY 24 2017...........SUNRISE   536 AM EDT   SUNSET   817 PM EDT


-  INDICATES NEGATIVE NUMBERS.
R  INDICATES RECORD WAS SET OR TIED.
MM INDICATES DATA IS MISSING.
T  INDICATES TRACE AMOUNT.




$$
