000
CDUS41 KPHI 270630
CLITTN


CLIMATE REPORT
NATIONAL WEATHER SERVICE MOUNT HOLLY NJ
229 AM EDT TUE JUN 27 2017


...................................

...THE TRENTON NJ CLIMATE SUMMARY FOR JUNE 26 2017...

CLIMATE NORMAL PERIOD 1981 TO 2010
CLIMATE RECORD PERIOD 1865 TO 2017


WEATHER ITEM   OBSERVED TIME   RECORD YEAR NORMAL DEPARTURE LAST
                VALUE   (LST)  VALUE       VALUE  FROM      YEAR
                                                  NORMAL
..................................................................
TEMPERATURE (F)
 YESTERDAY
  MAXIMUM         80    339 PM 100    1952  84     -4       87
  MINIMUM         59    453 AM  48    1986  64     -5       61
  AVERAGE         70                        74     -4       74

PRECIPITATION (IN)
  YESTERDAY        0.00          2.19 1938   0.13  -0.13     0.00
  MONTH TO DATE    4.56                      3.88   0.68     1.37
  SINCE JUN 1      4.56                      3.88   0.68     1.37
  SINCE JAN 1     22.32                     21.40   0.92    15.41

DEGREE DAYS
 HEATING
  YESTERDAY        0                         0      0        0
  MONTH TO DATE   25                        22      3        8
  SINCE JUN 1     25                        22      3        8
  SINCE JUL 1   4472                      5158   -686     4213

 COOLING
  YESTERDAY        5                         9     -4        9
  MONTH TO DATE  197                       154     43      184
  SINCE JUN 1    197                       154     43      184
  SINCE JAN 1    280                       211     69      276
..................................................................


WIND (MPH)
  HIGHEST WIND SPEED    14   HIGHEST WIND DIRECTION     W (270)
  HIGHEST GUST SPEED    20   HIGHEST GUST DIRECTION     W (280)
  AVERAGE WIND SPEED     5.4


SKY COVER
  POSSIBLE SUNSHINE  MM
  AVERAGE SKY COVER 0.1


WEATHER CONDITIONS
 THE FOLLOWING WEATHER WAS RECORDED YESTERDAY.
  NO SIGNIFICANT WEATHER WAS OBSERVED.


RELATIVE HUMIDITY (PERCENT)
 HIGHEST    67           200 AM
 LOWEST     30           600 PM
 AVERAGE    49

..........................................................


THE TRENTON NJ CLIMATE NORMALS FOR TODAY
                         NORMAL    RECORD    YEAR
 MAXIMUM TEMPERATURE (F)   84        98      1963
                                             1866
 MINIMUM TEMPERATURE (F)   64        52      1905


SUNRISE AND SUNSET
JUNE 27 2017..........SUNRISE   532 AM EDT   SUNSET   833 PM EDT
JUNE 28 2017..........SUNRISE   532 AM EDT   SUNSET   833 PM EDT


-  INDICATES NEGATIVE NUMBERS.
R  INDICATES RECORD WAS SET OR TIED.
MM INDICATES DATA IS MISSING.
T  INDICATES TRACE AMOUNT.




$$
