632
CDUS41 KPHI 230633
CLITTN


CLIMATE REPORT
NATIONAL WEATHER SERVICE MOUNT HOLLY NJ
232 AM EDT SAT JUL 23 2016


...................................

...THE TRENTON NJ CLIMATE SUMMARY FOR JULY 22 2016...

CLIMATE NORMAL PERIOD 1981 TO 2010
CLIMATE RECORD PERIOD 1865 TO 2016


WEATHER ITEM   OBSERVED TIME   RECORD YEAR NORMAL DEPARTURE LAST
                VALUE   (LST)  VALUE       VALUE  FROM      YEAR
                                                  NORMAL
..................................................................
TEMPERATURE (F)
 YESTERDAY
  MAXIMUM         93    229 PM 106    2011  86      7       84
  MINIMUM         70    538 AM  58    1996  66      4       64
                                      1993
                                      1944
  AVERAGE         82                        76      6       74

PRECIPITATION (IN)
  YESTERDAY        0.00          2.10 1946   0.17  -0.17     0.00
  MONTH TO DATE    4.01                      3.55   0.46     2.49
  SINCE JUN 1      6.12                      7.96  -1.84     8.82
  SINCE JAN 1     20.16                     25.48  -5.32    22.88

SNOWFALL (IN)
  YESTERDAY       MM            MM      MM  MM     MM       MM
  MONTH TO DATE   MM                        MM     MM       MM
  SINCE JUN 1     MM                        MM     MM       MM
  SINCE JUL 1     MM                        MM     MM       MM
  SNOW DEPTH      MM

DEGREE DAYS
 HEATING
  YESTERDAY        0                         0      0        0
  MONTH TO DATE    0                         0      0        0
  SINCE JUN 1      8                        24    -16       25
  SINCE JUL 1      0                         0      0        0

 COOLING
  YESTERDAY       17                        11      6        9
  MONTH TO DATE  278                       233     45      248
  SINCE JUN 1    501                       423     78      472
  SINCE JAN 1    593                       480    113      611
..................................................................


WIND (MPH)
  HIGHEST WIND SPEED    16   HIGHEST WIND DIRECTION    SW (220)
  HIGHEST GUST SPEED    22   HIGHEST GUST DIRECTION    SW (230)
  AVERAGE WIND SPEED     7.7


SKY COVER
  POSSIBLE SUNSHINE  MM
  AVERAGE SKY COVER 0.1


WEATHER CONDITIONS
 THE FOLLOWING WEATHER WAS RECORDED YESTERDAY.
  FOG


RELATIVE HUMIDITY (PERCENT)
 HIGHEST    97           400 AM
 LOWEST     49           200 PM
 AVERAGE    73

..........................................................


THE TRENTON NJ CLIMATE NORMALS FOR TODAY
                         NORMAL    RECORD    YEAR
 MAXIMUM TEMPERATURE (F)   86       104      2011
 MINIMUM TEMPERATURE (F)   66        55      1985
                                             1939
                                             1912


SUNRISE AND SUNSET
JULY 23 2016..........SUNRISE   549 AM EDT   SUNSET   822 PM EDT
JULY 24 2016..........SUNRISE   550 AM EDT   SUNSET   821 PM EDT


-  INDICATES NEGATIVE NUMBERS.
R  INDICATES RECORD WAS SET OR TIED.
MM INDICATES DATA IS MISSING.
T  INDICATES TRACE AMOUNT.




$$
