079
CDUS41 KPHI 252133
CLITTN


CLIMATE REPORT
NATIONAL WEATHER SERVICE MOUNT HOLLY NJ
431 PM EST SAT FEB 25 2017


...................................

...THE TRENTON NJ CLIMATE SUMMARY FOR FEBRUARY 25 2017...
VALID TODAY AS OF 0400 PM LOCAL TIME.

CLIMATE NORMAL PERIOD 1981 TO 2010
CLIMATE RECORD PERIOD 1865 TO 2017


WEATHER ITEM   OBSERVED TIME   RECORD YEAR NORMAL DEPARTURE LAST
                VALUE   (LST)  VALUE       VALUE  FROM      YEAR
                                                  NORMAL
..................................................................
TEMPERATURE (F)
 TODAY
  MAXIMUM         74    101 PM  76    1930  45     29       62
  MINIMUM         55    448 AM   1    1894  27     28       38
  AVERAGE         65                        36     29       50

PRECIPITATION (IN)
  TODAY            0.00          1.08 2011   0.09  -0.09     0.04
  MONTH TO DATE    0.99                      2.02  -1.03     3.89
  SINCE DEC 1      7.01                      8.88  -1.87    11.59
  SINCE JAN 1      4.36                      5.18  -0.82     7.18

DEGREE DAYS
 HEATING
  TODAY            0                        29    -29       15
  MONTH TO DATE  589                       782   -193      730
  SINCE DEC 1   2341                      2752   -411     2253
  SINCE JUL 1   3151                      3728   -577     2999

 COOLING
  TODAY            0                         0      0        0
  MONTH TO DATE    0                         0      0        0
  SINCE DEC 1      0                         0      0        2
  SINCE JAN 1      0                         0      0        0
..................................................................


WIND (MPH)
  HIGHEST WIND SPEED    24   HIGHEST WIND DIRECTION     S (170)
  HIGHEST GUST SPEED    33   HIGHEST GUST DIRECTION    SE (150)
  AVERAGE WIND SPEED    11.6


SKY COVER
  POSSIBLE SUNSHINE  MM
  AVERAGE SKY COVER 0.4


WEATHER CONDITIONS
 THE FOLLOWING WEATHER WAS RECORDED TODAY.
  NO SIGNIFICANT WEATHER WAS OBSERVED.


RELATIVE HUMIDITY (PERCENT)
 HIGHEST   100           400 AM
 LOWEST     53           100 PM
 AVERAGE    77

..........................................................


THE TRENTON NJ CLIMATE NORMALS FOR TOMORROW
                         NORMAL    RECORD    YEAR
 MAXIMUM TEMPERATURE (F)   45        70      1890
 MINIMUM TEMPERATURE (F)   28         5      1990


SUNRISE AND SUNSET
FEBRUARY 25 2017......SUNRISE   638 AM EST   SUNSET   547 PM EST
FEBRUARY 26 2017......SUNRISE   637 AM EST   SUNSET   548 PM EST


-  INDICATES NEGATIVE NUMBERS.
R  INDICATES RECORD WAS SET OR TIED.
MM INDICATES DATA IS MISSING.
T  INDICATES TRACE AMOUNT.




$$
