000
CDUS44 KTSA 230655
CLITUL

CLIMATE REPORT
NATIONAL WEATHER SERVICE TULSA OK
147 AM CDT SAT MAY 23 2015

...................................

...THE TULSA OKLAHOMA CLIMATE SUMMARY FOR MAY 22 2015...

CLIMATE NORMAL PERIOD 1981 TO 2010
CLIMATE RECORD PERIOD 1882 TO 2015


WEATHER ITEM   OBSERVED TIME   RECORD YEAR NORMAL DEPARTURE LAST
                VALUE   (LST)  VALUE       VALUE  FROM      YEAR
                                                  NORMAL
..................................................................
TEMPERATURE (F)
 YESTERDAY
  MAXIMUM         63    510 PM  94    2005  81    -18       90
  MINIMUM         52    511 AM  44    1931  61     -9       62
  AVERAGE         58                        71    -13       76

PRECIPITATION (IN)
  YESTERDAY        0.29          2.10 1902   0.19   0.10     0.00
  MONTH TO DATE    7.87                      4.20   3.67     0.69
  SINCE MAR 1     15.68                     11.28   4.40     5.18
  SINCE JAN 1     18.00                     14.79   3.21     5.63

DEGREE DAYS
 COOLING
  YESTERDAY        0                         6     -6       11
  MONTH TO DATE   90                       100    -10      143
  SINCE MAR 1    164                       164      0      177
  SINCE JAN 1    164                       165     -1      177
..................................................................


WIND (MPH)
  HIGHEST WIND SPEED    15   HIGHEST WIND DIRECTION    SE (140)
  HIGHEST GUST SPEED    19   HIGHEST GUST DIRECTION    SE (130)
  AVERAGE WIND SPEED     7.6


SKY COVER
  POSSIBLE SUNSHINE  MM
  AVERAGE SKY COVER 1.0


WEATHER CONDITIONS
 THE FOLLOWING WEATHER WAS RECORDED YESTERDAY.
  HEAVY RAIN
  RAIN
  LIGHT RAIN
  FOG


RELATIVE HUMIDITY (PERCENT)
 HIGHEST   100          1200 AM
 LOWEST     67           300 PM
 AVERAGE    84

..........................................................


THE TULSA OKLAHOMA CLIMATE NORMALS FOR TODAY
                         NORMAL    RECORD    YEAR
 MAXIMUM TEMPERATURE (F)   81        94      2000
 MINIMUM TEMPERATURE (F)   61        41      1917


SUNRISE AND SUNSET
MAY 23 2015...........SUNRISE   612 AM CDT   SUNSET   829 PM CDT
MAY 24 2015...........SUNRISE   611 AM CDT   SUNSET   830 PM CDT


-  INDICATES NEGATIVE NUMBERS.
R  INDICATES RECORD WAS SET OR TIED.
MM INDICATES DATA IS MISSING.
T  INDICATES TRACE AMOUNT.




$$

&&
...........................................................

THE TULSA PRECIPITATION NORMALS FOR TODAY
                       NORMAL    RECORD      YEAR
  TODAY                 0.20      1.47       1947
  MONTH TO DATE         4.40
  YEAR TO DATE         14.99
...........................................................
ALL DATA MEASURED AT THE TULSA INTERNATIONAL AIRPORT...
EXCEPT SNOWFALL...WHICH IS MEASURED AT THE NWS OFFICE.
