000
CDUS44 KTSA 212142
CLITUL

CLIMATE REPORT
NATIONAL WEATHER SERVICE TULSA OK
418 PM CDT SUN SEP 21 2014


...................................

...THE TULSA OKLAHOMA CLIMATE SUMMARY FOR SEPTEMBER 21 2014...
VALID TODAY AS OF 0400 PM LOCAL TIME.

CLIMATE NORMAL PERIOD 1981 TO 2010
CLIMATE RECORD PERIOD 1882 TO 2014


WEATHER ITEM   OBSERVED TIME   RECORD YEAR NORMAL DEPARTURE LAST
                VALUE   (LST)  VALUE       VALUE  FROM      YEAR
                                                  NORMAL
..................................................................
TEMPERATURE (F)
 TODAY
  MAXIMUM         92    907 AM  98    1980  82     10       80
  MINIMUM         69   1053 AM  38    1918  60      9       52
  AVERAGE         81                        71     10       66

PRECIPITATION (IN)
  TODAY            0.35          4.42 2009   0.15   0.20     0.00
  MONTH TO DATE    2.19                      3.00  -0.81     1.24
  SINCE SEP 1      2.19                      3.00  -0.81     1.24
  SINCE JAN 1     20.71                     30.48  -9.77    24.62

DEGREE DAYS
 HEATING
  TODAY            0                         1     -1        0
  MONTH TO DATE   12                         7      5        0
  SINCE SEP 1     12                         7      5        0
  SINCE JUL 1     13                         7      6        0

 COOLING
  TODAY           16                         7      9        1
  MONTH TO DATE  236                       215     21      301
  SINCE SEP 1    236                       215     21      301
  SINCE JAN 1   1889                      1916    -27     1930
..................................................................


WIND (MPH)
  HIGHEST WIND SPEED    17   HIGHEST WIND DIRECTION    NE (50)
  HIGHEST GUST SPEED    23   HIGHEST GUST DIRECTION     N (360)
  AVERAGE WIND SPEED     6.6


SKY COVER
  POSSIBLE SUNSHINE  MM
  AVERAGE SKY COVER 0.9


WEATHER CONDITIONS
 THE FOLLOWING WEATHER WAS RECORDED TODAY.
  THUNDERSTORM
  HEAVY RAIN
  RAIN
  LIGHT RAIN
  FOG


RELATIVE HUMIDITY (PERCENT)
 HIGHEST    84           600 AM
 LOWEST     31           300 PM
 AVERAGE    58

..........................................................


THE TULSA OKLAHOMA CLIMATE NORMALS FOR TOMORROW
                         NORMAL    RECORD    YEAR
 MAXIMUM TEMPERATURE (F)   81        99      1921
 MINIMUM TEMPERATURE (F)   59        37      1995


SUNRISE AND SUNSET
SEPTEMBER 21 2014.....SUNRISE   711 AM CDT   SUNSET   722 PM CDT
SEPTEMBER 22 2014.....SUNRISE   711 AM CDT   SUNSET   720 PM CDT


-  INDICATES NEGATIVE NUMBERS.
R  INDICATES RECORD WAS SET OR TIED.
MM INDICATES DATA IS MISSING.
T  INDICATES TRACE AMOUNT.




$$

&&
...........................................................

TULSA RECORD LOW MAX AND HIGH MIN TEMPERATURES FOR TOMORROW
                      RECORD        YEAR
  LOW MAXIMUM           58          1995
  HIGH MINIMUM          75          1931
...........................................................
ALL DATA MEASURED AT THE TULSA INTERNATIONAL AIRPORT...
EXCEPT SNOWFALL...WHICH IS MEASURED AT THE NWS OFFICE.
