000
CDUS44 KTSA 221520
CLITUL

CLIMATE REPORT
NATIONAL WEATHER SERVICE TULSA OK
912 AM CST MON DEC 22 2014


...................................

...THE TULSA OKLAHOMA CLIMATE SUMMARY FOR DECEMBER 22 2014...
VALID AS OF 0900 AM LOCAL TIME.

CLIMATE NORMAL PERIOD 1981 TO 2010
CLIMATE RECORD PERIOD 1882 TO 2014


WEATHER ITEM   OBSERVED TIME   RECORD YEAR NORMAL DEPARTURE LAST
                VALUE   (LST)  VALUE       VALUE  FROM      YEAR
                                                  NORMAL
..................................................................
TEMPERATURE (F)
 TODAY
  MAXIMUM         48    759 AM  71    1982  48      0       32
                                      1933
  MINIMUM         46    534 AM  -6    1989  28     18       27
  AVERAGE         47                        38      9       30

PRECIPITATION (IN)
  TODAY            0.01          1.51 1966   0.08  -0.07      T
  MONTH TO DATE    1.80                      1.86  -0.06     1.78
  SINCE DEC 1      1.80                      1.86  -0.06     1.78
  SINCE JAN 1     29.43                     40.34 -10.91    33.09

SNOWFALL (IN)
  TODAY            0.0                                        T
  MONTH TO DATE    T                                         5.0
  SINCE DEC 1      T                                         5.0
  SINCE JUL 1      0.4                                       5.0

DEGREE DAYS
 HEATING
  TODAY           18                        27     -9       35
  MONTH TO DATE  443                       547   -104      634
  SINCE DEC 1    443                       547   -104      634
  SINCE JUL 1   1144                      1183    -39     1335
..................................................................


WIND (MPH)
  HIGHEST WIND SPEED    14   HIGHEST WIND DIRECTION    SE (140)
  HIGHEST GUST SPEED    19   HIGHEST GUST DIRECTION    SE (140)
  AVERAGE WIND SPEED    10.5


SKY COVER
  POSSIBLE SUNSHINE  MM
  AVERAGE SKY COVER 1.0


WEATHER CONDITIONS
 THE FOLLOWING WEATHER WAS RECORDED TODAY.
  LIGHT RAIN
  FOG


RELATIVE HUMIDITY (PERCENT)
 HIGHEST   100           500 AM
 LOWEST     93          1200 AM
 AVERAGE    97

..........................................................


THE TULSA OKLAHOMA CLIMATE NORMALS FOR TOMORROW
                         NORMAL    RECORD    YEAR
 MAXIMUM TEMPERATURE (F)   48        73      1982
 MINIMUM TEMPERATURE (F)   28        -8      1989


SUNRISE AND SUNSET
DECEMBER 22 2014......SUNRISE   731 AM CST   SUNSET   513 PM CST
DECEMBER 23 2014......SUNRISE   732 AM CST   SUNSET   514 PM CST


-  INDICATES NEGATIVE NUMBERS.
R  INDICATES RECORD WAS SET OR TIED.
MM INDICATES DATA IS MISSING.
T  INDICATES TRACE AMOUNT.




$$

&&
...........................................................

HOURLY TEMPERATURE DATA
 YESTERDAY
11AM NOON  1PM  2PM  3PM  4PM  5PM  6PM  7PM  8PM  9PM 10PM 11PM
  47   48   47   49   49   49   49   48   48   47   46   46   46

 TODAY
 MID  1AM  2AM  3AM  4AM  5AM  6AM  7AM  8AM  9AM
  46   47   47   47   46   46   47   48   48   49
...........................................................
ALL DATA MEASURED AT THE TULSA INTERNATIONAL AIRPORT...
EXCEPT SNOWFALL...WHICH IS MEASURED AT THE NWS OFFICE.
