000
CDUS44 KTSA 152230
CLITUL

CLIMATE REPORT
NATIONAL WEATHER SERVICE TULSA OK
430 PM CST MON JAN 15 2018


...................................

...THE TULSA OKLAHOMA CLIMATE SUMMARY FOR JANUARY 15 2018...
VALID TODAY AS OF 0400 PM LOCAL TIME.

CLIMATE NORMAL PERIOD 1981 TO 2010
CLIMATE RECORD PERIOD 1882 TO 2018


WEATHER ITEM   OBSERVED TIME   RECORD YEAR NORMAL DEPARTURE LAST
                VALUE   (LST)  VALUE       VALUE  FROM      YEAR
                                                  NORMAL
..................................................................
TEMPERATURE (F)
 TODAY
  MAXIMUM         39    231 AM  70    2006  48     -9       52
  MINIMUM         20    259 PM   0    1905  27     -7       33
  AVERAGE         30                        38     -8       43

PRECIPITATION (IN)
  TODAY            0.00          0.76 1949   0.05  -0.05     0.70
  MONTH TO DATE    0.25                      0.77  -0.52     1.49
  SINCE DEC 1      1.68                      3.26  -1.58     1.93
  SINCE JAN 1      0.25                      0.77  -0.52     1.49

SNOWFALL (IN)
  TODAY            0.0                                       0.0
  MONTH TO DATE    T                                         0.2
  SINCE DEC 1      2.0                                       0.7
  SINCE JUL 1      2.0                                       0.7

DEGREE DAYS
 HEATING
  TODAY           35                        28      7       22
  MONTH TO DATE  492                       420     72      415
  SINCE DEC 1   1211                      1212     -1     1199
  SINCE JUL 1   1713                      1848   -135     1538
..................................................................


WIND (MPH)
  HIGHEST WIND SPEED    23   HIGHEST WIND DIRECTION     N (350)
  HIGHEST GUST SPEED    30   HIGHEST GUST DIRECTION     N (10)
  AVERAGE WIND SPEED    13.4


SKY COVER
  POSSIBLE SUNSHINE  MM
  AVERAGE SKY COVER 0.9


WEATHER CONDITIONS
 THE FOLLOWING WEATHER WAS RECORDED TODAY.
  NO SIGNIFICANT WEATHER WAS OBSERVED.


RELATIVE HUMIDITY (PERCENT)
 HIGHEST    85           800 AM
 LOWEST     48           100 AM
 AVERAGE    67

..........................................................


THE TULSA OKLAHOMA CLIMATE NORMALS FOR TOMORROW
                         NORMAL    RECORD    YEAR
 MAXIMUM TEMPERATURE (F)   48        78      1938
 MINIMUM TEMPERATURE (F)   27         1      1930


SUNRISE AND SUNSET
JANUARY 15 2018.......SUNRISE   734 AM CST   SUNSET   533 PM CST
JANUARY 16 2018.......SUNRISE   734 AM CST   SUNSET   534 PM CST


-  INDICATES NEGATIVE NUMBERS.
R  INDICATES RECORD WAS SET OR TIED.
MM INDICATES DATA IS MISSING.
T  INDICATES TRACE AMOUNT.




$$

&&
...........................................................

TULSA RECORD LOW MAX AND HIGH MIN TEMPERATURES FOR TOMORROW
                      RECORD        YEAR
  LOW MAXIMUM           14          1930
  HIGH MINIMUM          55          *1935
...........................................................
ALL DATA MEASURED AT THE TULSA INTERNATIONAL AIRPORT...
EXCEPT SNOWFALL...WHICH IS MEASURED AT THE NWS OFFICE.
