893
CDUS44 KTSA 291423
CLITUL

CLIMATE REPORT
NATIONAL WEATHER SERVICE TULSA OK
912 AM CDT FRI JUL 29 2016


...................................

...THE TULSA OKLAHOMA CLIMATE SUMMARY FOR JULY 29 2016...
VALID AS OF 0900 AM LOCAL TIME.

CLIMATE NORMAL PERIOD 1981 TO 2010
CLIMATE RECORD PERIOD 1882 TO 2016


WEATHER ITEM   OBSERVED TIME   RECORD YEAR NORMAL DEPARTURE LAST
                VALUE   (LST)  VALUE       VALUE  FROM      YEAR
                                                  NORMAL
..................................................................
TEMPERATURE (F)
 TODAY
  MAXIMUM         79   1225 AM 110    1986  94    -15       98
  MINIMUM         72    540 AM  60    2005  73     -1       75
                                      1969
  AVERAGE         76                        84     -8       87

PRECIPITATION (IN)
  TODAY            T             1.64 2000   0.09  -0.09     0.01
  MONTH TO DATE    3.08                      3.17  -0.09     6.72
  SINCE JUN 1      3.85                      7.89  -4.04    11.49
  SINCE JAN 1     17.71                     24.39  -6.68    36.39

DEGREE DAYS
 COOLING
  TODAY           11                        19     -8       22
  MONTH TO DATE  595                       518     77      565
  SINCE JUN 1   1128                       897    231     1047
  SINCE JAN 1   1332                      1131    201     1252
..................................................................


WIND (MPH)
  HIGHEST WIND SPEED    15   HIGHEST WIND DIRECTION    NW (300)
  HIGHEST GUST SPEED    19   HIGHEST GUST DIRECTION    NW (300)
  AVERAGE WIND SPEED     5.5


SKY COVER
  POSSIBLE SUNSHINE  MM
  AVERAGE SKY COVER 0.6


WEATHER CONDITIONS
 THE FOLLOWING WEATHER WAS RECORDED TODAY.
  NO SIGNIFICANT WEATHER WAS OBSERVED.


RELATIVE HUMIDITY (PERCENT)
 HIGHEST    87           500 AM
 LOWEST     69           800 AM
 AVERAGE    78

..........................................................


THE TULSA OKLAHOMA CLIMATE NORMALS FOR TOMORROW
                         NORMAL    RECORD    YEAR
 MAXIMUM TEMPERATURE (F)   94       110      1986
 MINIMUM TEMPERATURE (F)   73        55      1971


SUNRISE AND SUNSET
JULY 29 2016..........SUNRISE   629 AM CDT   SUNSET   831 PM CDT
JULY 30 2016..........SUNRISE   629 AM CDT   SUNSET   830 PM CDT


-  INDICATES NEGATIVE NUMBERS.
R  INDICATES RECORD WAS SET OR TIED.
MM INDICATES DATA IS MISSING.
T  INDICATES TRACE AMOUNT.




$$

&&
ALL DATA MEASURED AT THE TULSA INTERNATIONAL AIRPORT...
EXCEPT SNOWFALL...WHICH IS MEASURED AT THE NWS OFFICE.
