000
CDUS44 KMEG 250750
CLITUP


CLIMATE REPORT
NATIONAL WEATHER SERVICE MEMPHIS TN
150 AM CST SUN JAN 25 2015


...................................

...THE TUPELO CLIMATE SUMMARY FOR JANUARY 24 2015...

CLIMATE NORMAL PERIOD 1981 TO 2010
CLIMATE RECORD PERIOD 1930 TO 2015


WEATHER ITEM   OBSERVED TIME   RECORD YEAR NORMAL DEPARTURE LAST
                VALUE   (LST)  VALUE       VALUE  FROM      YEAR
                                                  NORMAL
..................................................................
TEMPERATURE (F)
 YESTERDAY
  MAXIMUM         54    343 PM  80    1972  52      2       34
  MINIMUM         29    617 AM  -2    1963  32     -3        6
  AVERAGE         42                        42      0       20

PRECIPITATION (IN)
  YESTERDAY        0.00          3.42 2002   0.14  -0.14     0.00
  MONTH TO DATE    4.11                      3.46   0.65     1.77
  SINCE DEC 1      9.19                      9.74  -0.55     7.95
  SINCE JAN 1      4.11                      3.46   0.65     1.77

SNOWFALL (IN)
  YESTERDAY        0.0           8.0  1940   0.0    0.0      0.0
  MONTH TO DATE    T                         0.7   -0.7       T
  SINCE DEC 1      T                         1.0   -1.0       T
  SINCE JUL 1      T                         1.0   -1.0       T
  SNOW DEPTH       0

DEGREE DAYS
 HEATING
  YESTERDAY       23                        23      0       45
  MONTH TO DATE  602                       566     36      685
  SINCE DEC 1   1162                      1217    -55     1355
  SINCE JUL 1   1799                      1739     60     1978

 COOLING
  YESTERDAY        0                         0      0        0
  MONTH TO DATE    0                         0      0        0
  SINCE DEC 1      0                         2     -2        9
  SINCE JAN 1      0                         0      0        0
..................................................................


WIND (MPH)
  HIGHEST WIND SPEED    12   HIGHEST WIND DIRECTION    SW (240)
  HIGHEST GUST SPEED    13   HIGHEST GUST DIRECTION     N (350)
  AVERAGE WIND SPEED     6.4


SKY COVER
  POSSIBLE SUNSHINE  MM
  AVERAGE SKY COVER 0.4


WEATHER CONDITIONS
 THE FOLLOWING WEATHER WAS RECORDED YESTERDAY.
  FOG
  FOG W/VISIBILITY <= 1/4 MILE
  HAZE


RELATIVE HUMIDITY (PERCENT)
 HIGHEST   100           900 AM
 LOWEST     38           200 PM
 AVERAGE    69

..........................................................


THE TUPELO CLIMATE NORMALS FOR TODAY
                         NORMAL    RECORD    YEAR
 MAXIMUM TEMPERATURE (F)   52        76      1949
 MINIMUM TEMPERATURE (F)   32         4      1935


SUNRISE AND SUNSET
JANUARY 25 2015.......SUNRISE   657 AM CST   SUNSET   518 PM CST
JANUARY 26 2015.......SUNRISE   657 AM CST   SUNSET   519 PM CST


-  INDICATES NEGATIVE NUMBERS.
R  INDICATES RECORD WAS SET OR TIED.
MM INDICATES DATA IS MISSING.
T  INDICATES TRACE AMOUNT.




$$
