182
CDUS44 KMEG 010634
CLITUP


CLIMATE REPORT
NATIONAL WEATHER SERVICE MEMPHIS TN
134 AM CDT SUN MAY 1 2016


...................................

...THE TUPELO CLIMATE SUMMARY FOR APRIL 30 2016...

CLIMATE NORMAL PERIOD 1981 TO 2010
CLIMATE RECORD PERIOD 1930 TO 2016


WEATHER ITEM   OBSERVED TIME   RECORD YEAR NORMAL DEPARTURE LAST
                VALUE   (LST)  VALUE       VALUE  FROM      YEAR
                                                  NORMAL
..................................................................
TEMPERATURE (F)
 YESTERDAY
  MAXIMUM         74    552 PM  92    1987  78     -4       79
  MINIMUM         63   1227 AM  32    1969  55      8       48
  AVERAGE         69                        66      3       64

PRECIPITATION (IN)
  YESTERDAY        0.01          2.78 1956   0.18  -0.17     0.00
  MONTH TO DATE    5.85                      4.78   1.07     7.74
  SINCE MAR 1     13.74                      9.60   4.14    14.16
  SINCE JAN 1     20.91                     19.04   1.87    23.32

SNOWFALL (IN)
  YESTERDAY        0.0          MM      MM   0.0    0.0      0.0
  MONTH TO DATE    0.0                       T      0.0      0.0
  SINCE MAR 1      0.0                       0.3   -0.3      0.1
  SINCE JUL 1      T                         2.1   -2.1      7.4
  SNOW DEPTH       0

DEGREE DAYS
 HEATING
  YESTERDAY        0                         2     -2        1
  MONTH TO DATE   94                       146    -52       81
  SINCE MAR 1    324                       501   -177      414
  SINCE JUL 1   2261                      2932   -671     3132

 COOLING
  YESTERDAY        4                         3      1        0
  MONTH TO DATE   61                        60      1       73
  SINCE MAR 1     90                        74     16       76
  SINCE JAN 1     90                        76     14       76
..................................................................


WIND (MPH)
  HIGHEST WIND SPEED    15   HIGHEST WIND DIRECTION    NW (330)
  HIGHEST GUST SPEED    19   HIGHEST GUST DIRECTION     S (180)
  AVERAGE WIND SPEED     5.9


SKY COVER
  POSSIBLE SUNSHINE  MM
  AVERAGE SKY COVER 0.5


WEATHER CONDITIONS
 THE FOLLOWING WEATHER WAS RECORDED YESTERDAY.
  FOG


RELATIVE HUMIDITY (PERCENT)
 HIGHEST    93           700 AM
 LOWEST     73           300 PM
 AVERAGE    83

..........................................................


THE TUPELO CLIMATE NORMALS FOR TODAY
                         NORMAL    RECORD    YEAR
 MAXIMUM TEMPERATURE (F)   78        94      1959
 MINIMUM TEMPERATURE (F)   55        40      1971
                                             1969
                                             1963


SUNRISE AND SUNSET
MAY  1 2016...........SUNRISE   605 AM CDT   SUNSET   740 PM CDT
MAY  2 2016...........SUNRISE   604 AM CDT   SUNSET   740 PM CDT


-  INDICATES NEGATIVE NUMBERS.
R  INDICATES RECORD WAS SET OR TIED.
MM INDICATES DATA IS MISSING.
T  INDICATES TRACE AMOUNT.




$$
