000
CDUS44 KMEG 132246
CLITUP


CLIMATE REPORT
NATIONAL WEATHER SERVICE MEMPHIS TN
446 PM CST WED DEC 13 2017


...................................

...THE TUPELO CLIMATE SUMMARY FOR DECEMBER 13 2017...
VALID TODAY AS OF 0400 PM LOCAL TIME.

CLIMATE NORMAL PERIOD 1981 TO 2010
CLIMATE RECORD PERIOD 1930 TO 2017


WEATHER ITEM   OBSERVED TIME   RECORD YEAR NORMAL DEPARTURE LAST
                VALUE   (LST)  VALUE       VALUE  FROM      YEAR
                                                  NORMAL
..................................................................
TEMPERATURE (F)
 TODAY
  MAXIMUM         57    259 PM  76    2015  54      3       59
                                      1948
  MINIMUM         24    615 AM   1    1962  35    -11       39
  AVERAGE         41                        44     -3       49

PRECIPITATION (IN)
  TODAY            0.00          3.33 2001   0.23  -0.23     0.00
  MONTH TO DATE    1.71                      2.88  -1.17     3.02
  SINCE DEC 1      1.71                      2.88  -1.17     3.02
  SINCE JAN 1     43.07                     51.61  -8.54    44.39

SNOWFALL (IN)
  TODAY            0.0

DEGREE DAYS
 HEATING
  TODAY           24                        21      3       16
  MONTH TO DATE  256                       251      5      279
  SINCE DEC 1    256                       251      5      279
  SINCE JUL 1    746                       773    -27      573

 COOLING
  TODAY            0                         0      0        0
  MONTH TO DATE    0                         0      0        0
  SINCE DEC 1      0                         0      0        0
  SINCE JAN 1   2133                      2044     89     2539
..................................................................


WIND (MPH)
  HIGHEST WIND SPEED    18   HIGHEST WIND DIRECTION     S (180)
  HIGHEST GUST SPEED    26   HIGHEST GUST DIRECTION     S (170)
  AVERAGE WIND SPEED     6.9


SKY COVER
  POSSIBLE SUNSHINE  MM
  AVERAGE SKY COVER 0.0


WEATHER CONDITIONS
 THE FOLLOWING WEATHER WAS RECORDED TODAY.
  NO SIGNIFICANT WEATHER WAS OBSERVED.


RELATIVE HUMIDITY (PERCENT)
 HIGHEST    88           600 AM
 LOWEST     19           300 PM
 AVERAGE    54

..........................................................


THE TUPELO CLIMATE NORMALS FOR TOMORROW
                         NORMAL    RECORD    YEAR
 MAXIMUM TEMPERATURE (F)   54        75      1984
 MINIMUM TEMPERATURE (F)   34        14      2010
                                             1958


SUNRISE AND SUNSET
DECEMBER 13 2017......SUNRISE   653 AM CST   SUNSET   446 PM CST
DECEMBER 14 2017......SUNRISE   653 AM CST   SUNSET   446 PM CST


-  INDICATES NEGATIVE NUMBERS.
R  INDICATES RECORD WAS SET OR TIED.
MM INDICATES DATA IS MISSING.
T  INDICATES TRACE AMOUNT.




$$
