000
CDUS44 KMEG 270638
CLITUP


CLIMATE REPORT
NATIONAL WEATHER SERVICE MEMPHIS TN
138 AM CDT SAT MAY 27 2017


...................................

...THE TUPELO CLIMATE SUMMARY FOR MAY 26 2017...

CLIMATE NORMAL PERIOD 1981 TO 2010
CLIMATE RECORD PERIOD 1930 TO 2017


WEATHER ITEM   OBSERVED TIME   RECORD YEAR NORMAL DEPARTURE LAST
                VALUE   (LST)  VALUE       VALUE  FROM      YEAR
                                                  NORMAL
..................................................................
TEMPERATURE (F)
 YESTERDAY
  MAXIMUM         87    432 PM  95    1978  84      3       91
                                      1964
  MINIMUM         58    453 AM  39    1979  63     -5       68
  AVERAGE         73                        73      0       80

PRECIPITATION (IN)
  YESTERDAY        0.00          7.89 1991   0.16  -0.16     0.00
  MONTH TO DATE    2.61                      4.74  -2.13     0.90
  SINCE MAR 1     12.21                     14.34  -2.13    14.64
  SINCE JAN 1     20.68                     23.78  -3.10    21.81

SNOWFALL (IN)
  YESTERDAY        0.0          MM      MM   0.0    0.0      0.0
  MONTH TO DATE    0.0                       0.0    0.0      0.0
  SINCE MAR 1      T                         0.3   -0.3      0.0
  SINCE JUL 1      T                         2.1   -2.1       T
  SNOW DEPTH       0

DEGREE DAYS
 HEATING
  YESTERDAY        0                         0      0        0
  MONTH TO DATE   27                        23      4       21
  SINCE MAR 1    368                       524   -156      345
  SINCE JUL 1   1986                      2955   -969     2282

 COOLING
  YESTERDAY        8                         9     -1       15
  MONTH TO DATE  126                       154    -28      124
  SINCE MAR 1    271                       228     43      214
  SINCE JAN 1    283                       230     53      214
..................................................................


WIND (MPH)
  HIGHEST WIND SPEED    21   HIGHEST WIND DIRECTION     S (170)
  HIGHEST GUST SPEED    29   HIGHEST GUST DIRECTION     S (170)
  AVERAGE WIND SPEED     7.9


SKY COVER
  POSSIBLE SUNSHINE  MM
  AVERAGE SKY COVER 0.0


WEATHER CONDITIONS
 THE FOLLOWING WEATHER WAS RECORDED YESTERDAY.
  NO SIGNIFICANT WEATHER WAS OBSERVED.


RELATIVE HUMIDITY (PERCENT)
 HIGHEST    86           500 AM
 LOWEST     32           400 PM
 AVERAGE    59

..........................................................


THE TUPELO CLIMATE NORMALS FOR TODAY
                         NORMAL    RECORD    YEAR
 MAXIMUM TEMPERATURE (F)   85        95      2012
                                             1964
 MINIMUM TEMPERATURE (F)   63        42      1961


SUNRISE AND SUNSET
MAY 27 2017...........SUNRISE   546 AM CDT   SUNSET   759 PM CDT
MAY 28 2017...........SUNRISE   546 AM CDT   SUNSET   800 PM CDT


-  INDICATES NEGATIVE NUMBERS.
R  INDICATES RECORD WAS SET OR TIED.
MM INDICATES DATA IS MISSING.
T  INDICATES TRACE AMOUNT.




$$
