000
CDUS44 KMEG 232156
CLITUP


CLIMATE REPORT
NATIONAL WEATHER SERVICE MEMPHIS TN
455 PM CDT SUN APR 23 2017


...................................

...THE TUPELO CLIMATE SUMMARY FOR APRIL 23 2017...
VALID TODAY AS OF 0400 PM LOCAL TIME.

CLIMATE NORMAL PERIOD 1981 TO 2010
CLIMATE RECORD PERIOD 1930 TO 2017


WEATHER ITEM   OBSERVED TIME   RECORD YEAR NORMAL DEPARTURE LAST
                VALUE   (LST)  VALUE       VALUE  FROM      YEAR
                                                  NORMAL
..................................................................
TEMPERATURE (F)
 TODAY
  MAXIMUM         57   1216 PM  90    1965  76    -19       79
                                      1961
  MINIMUM         52    351 PM  31    1982  52      0       52
  AVERAGE         55                        64     -9       66

PRECIPITATION (IN)
  TODAY            0.01          2.42 1985   0.17  -0.16     0.00
  MONTH TO DATE    4.64                      3.57   1.07     3.50
  SINCE MAR 1      8.75                      8.39   0.36    11.39
  SINCE JAN 1     17.22                     17.83  -0.61    18.56

SNOWFALL (IN)
  TODAY            0.0

DEGREE DAYS
 HEATING
  TODAY           10                         3      7        0
  MONTH TO DATE   41                       128    -87       94
  SINCE MAR 1    331                       483   -152      324
  SINCE JUL 1   1949                      2914   -965     2261

 COOLING
  TODAY            0                         3     -3        1
  MONTH TO DATE   81                        38     43       20
  SINCE MAR 1    115                        52     63       49
  SINCE JAN 1    127                        54     73       49
..................................................................


WIND (MPH)
  HIGHEST WIND SPEED    17   HIGHEST WIND DIRECTION    NW (330)
  HIGHEST GUST SPEED    22   HIGHEST GUST DIRECTION    NW (320)
  AVERAGE WIND SPEED     7.7


SKY COVER
  POSSIBLE SUNSHINE  MM
  AVERAGE SKY COVER 1.0


WEATHER CONDITIONS
 THE FOLLOWING WEATHER WAS RECORDED TODAY.
  LIGHT RAIN
  FOG


RELATIVE HUMIDITY (PERCENT)
 HIGHEST    93          1200 AM
 LOWEST     72           100 PM
 AVERAGE    83

..........................................................


THE TUPELO CLIMATE NORMALS FOR TOMORROW
                         NORMAL    RECORD    YEAR
 MAXIMUM TEMPERATURE (F)   76        90      1965
 MINIMUM TEMPERATURE (F)   53        33      1982


SUNRISE AND SUNSET
APRIL 23 2017.........SUNRISE   614 AM CDT   SUNSET   733 PM CDT
APRIL 24 2017.........SUNRISE   613 AM CDT   SUNSET   734 PM CDT


-  INDICATES NEGATIVE NUMBERS.
R  INDICATES RECORD WAS SET OR TIED.
MM INDICATES DATA IS MISSING.
T  INDICATES TRACE AMOUNT.




$$
