000
CDUS44 KMEG 262148
CLITUP


CLIMATE REPORT
NATIONAL WEATHER SERVICE MEMPHIS TN
448 PM CDT THU MAY 26 2016


...................................

...THE TUPELO CLIMATE SUMMARY FOR MAY 26 2016...
VALID TODAY AS OF 0400 PM LOCAL TIME.

CLIMATE NORMAL PERIOD 1981 TO 2010
CLIMATE RECORD PERIOD 1930 TO 2016


WEATHER ITEM   OBSERVED TIME   RECORD YEAR NORMAL DEPARTURE LAST
                VALUE   (LST)  VALUE       VALUE  FROM      YEAR
                                                  NORMAL
..................................................................
TEMPERATURE (F)
 TODAY
  MAXIMUM         91    337 PM  95    1978  84      7       82
                                      1964
  MINIMUM         68    348 AM  39    1979  63      5       68
  AVERAGE         80                        73      7       75

PRECIPITATION (IN)
  TODAY            0.00          7.89 1991   0.16  -0.16     0.17
  MONTH TO DATE    0.90                      4.74  -3.84     5.64
  SINCE MAR 1     14.64                     14.34   0.30    19.80
  SINCE JAN 1     21.81                     23.78  -1.97    28.96

SNOWFALL (IN)
  TODAY            0.0

DEGREE DAYS
 HEATING
  TODAY            0                         0      0        0
  MONTH TO DATE   21                        23     -2       21
  SINCE MAR 1    345                       524   -179      435
  SINCE JUL 1   2282                      2955   -673     3153

 COOLING
  TODAY           15                         9      6       10
  MONTH TO DATE  124                       154    -30      181
  SINCE MAR 1    214                       228    -14      257
  SINCE JAN 1    214                       230    -16      257
..................................................................


WIND (MPH)
  HIGHEST WIND SPEED    18   HIGHEST WIND DIRECTION    SE (150)
  HIGHEST GUST SPEED    22   HIGHEST GUST DIRECTION    SE (150)
  AVERAGE WIND SPEED     7.0


SKY COVER
  POSSIBLE SUNSHINE  MM
  AVERAGE SKY COVER 0.4


WEATHER CONDITIONS
 THE FOLLOWING WEATHER WAS RECORDED TODAY.
  NO SIGNIFICANT WEATHER WAS OBSERVED.


RELATIVE HUMIDITY (PERCENT)
 HIGHEST    73          1200 AM
 LOWEST     41           300 PM
 AVERAGE    57

..........................................................


THE TUPELO CLIMATE NORMALS FOR TOMORROW
                         NORMAL    RECORD    YEAR
 MAXIMUM TEMPERATURE (F)   85        95      2012
                                             1964
 MINIMUM TEMPERATURE (F)   63        42      1961


SUNRISE AND SUNSET
MAY 26 2016...........SUNRISE   546 AM CDT   SUNSET   758 PM CDT
MAY 27 2016...........SUNRISE   546 AM CDT   SUNSET   759 PM CDT


-  INDICATES NEGATIVE NUMBERS.
R  INDICATES RECORD WAS SET OR TIED.
MM INDICATES DATA IS MISSING.
T  INDICATES TRACE AMOUNT.




$$
