000
CDUS44 KMEG 272248
CLITUP


CLIMATE REPORT
NATIONAL WEATHER SERVICE MEMPHIS TN
447 PM CST SAT DEC 27 2014


...................................

...THE TUPELO CLIMATE SUMMARY FOR DECEMBER 27 2014...
VALID TODAY AS OF 0400 PM LOCAL TIME.

CLIMATE NORMAL PERIOD 1981 TO 2010
CLIMATE RECORD PERIOD 1930 TO 2014


WEATHER ITEM   OBSERVED TIME   RECORD YEAR NORMAL DEPARTURE LAST
                VALUE   (LST)  VALUE       VALUE  FROM      YEAR
                                                  NORMAL
..................................................................
TEMPERATURE (F)
 TODAY
  MAXIMUM         56    259 PM  73    1982  52      4       54
  MINIMUM         49    909 AM  13    1935  33     16       24
  AVERAGE         53                        42     11       39

PRECIPITATION (IN)
  TODAY            0.30          4.63 1942   0.17   0.13     0.00
  MONTH TO DATE    4.33                      5.60  -1.27     5.49
  SINCE DEC 1      4.33                      5.60  -1.27     5.49
  SINCE JAN 1     56.33                     54.33   2.00    52.36

SNOWFALL (IN)
  TODAY            0.0

DEGREE DAYS
 HEATING
  TODAY           12                        23    -11       26
  MONTH TO DATE  467                       559    -92      575
  SINCE DEC 1    467                       559    -92      575
  SINCE JUL 1   1104                      1081     23     1198

 COOLING
  TODAY            0                         0      0        0
  MONTH TO DATE    0                         0      0        9
  SINCE DEC 1      0                         0      0        9
  SINCE JAN 1   1974                      2044    -70     2036
..................................................................


WIND (MPH)
  HIGHEST WIND SPEED    17   HIGHEST WIND DIRECTION     S (200)
  HIGHEST GUST SPEED    22   HIGHEST GUST DIRECTION     S (200)
  AVERAGE WIND SPEED     7.4


SKY COVER
  POSSIBLE SUNSHINE  MM
  AVERAGE SKY COVER 0.9


WEATHER CONDITIONS
 THE FOLLOWING WEATHER WAS RECORDED TODAY.
  RAIN
  LIGHT RAIN
  FOG


RELATIVE HUMIDITY (PERCENT)
 HIGHEST    93           800 AM
 LOWEST     68           500 AM
 AVERAGE    81

..........................................................


THE TUPELO CLIMATE NORMALS FOR TOMORROW
                         NORMAL    RECORD    YEAR
 MAXIMUM TEMPERATURE (F)   52        72      1984
 MINIMUM TEMPERATURE (F)   32        12      1978


SUNRISE AND SUNSET
DECEMBER 27 2014......SUNRISE   700 AM CST   SUNSET   453 PM CST
DECEMBER 28 2014......SUNRISE   700 AM CST   SUNSET   453 PM CST


-  INDICATES NEGATIVE NUMBERS.
R  INDICATES RECORD WAS SET OR TIED.
MM INDICATES DATA IS MISSING.
T  INDICATES TRACE AMOUNT.




$$
