000
CDUS44 KMEG 262256
CLITUP


CLIMATE REPORT
NATIONAL WEATHER SERVICE MEMPHIS TN
456 PM CST THU FEB 26 2015


...................................

...THE TUPELO CLIMATE SUMMARY FOR FEBRUARY 26 2015...
VALID TODAY AS OF 0400 PM LOCAL TIME.

CLIMATE NORMAL PERIOD 1981 TO 2010
CLIMATE RECORD PERIOD 1930 TO 2015


WEATHER ITEM   OBSERVED TIME   RECORD YEAR NORMAL DEPARTURE LAST
                VALUE   (LST)  VALUE       VALUE  FROM      YEAR
                                                  NORMAL
..................................................................
TEMPERATURE (F)
 TODAY
  MAXIMUM         40    332 PM  81    1962  60    -20       41
  MINIMUM         26    443 AM  13    1974  38    -12       25
  AVERAGE         33                        49    -16       33

PRECIPITATION (IN)
  TODAY            0.00          2.48 1944   0.18  -0.18     0.02
  MONTH TO DATE    4.92                      4.58   0.34     4.23
  SINCE DEC 1     14.24                     15.34  -1.10    12.18
  SINCE JAN 1      9.16                      9.06   0.10     6.00

SNOWFALL (IN)
  TODAY            0.0

DEGREE DAYS
 HEATING
  TODAY           32                        16     16       32
  MONTH TO DATE  727                       503    224      568
  SINCE DEC 1   2027                      1877    150     2152
  SINCE JUL 1   2664                      2399    265     2775

 COOLING
  TODAY            0                         0      0        0
  MONTH TO DATE    0                         0      0        0
  SINCE DEC 1      0                         3     -3        9
  SINCE JAN 1      0                         1     -1        0
..................................................................


WIND (MPH)
  HIGHEST WIND SPEED    10   HIGHEST WIND DIRECTION     N (350)
  HIGHEST GUST SPEED    14   HIGHEST GUST DIRECTION    NW (310)
  AVERAGE WIND SPEED     5.2


SKY COVER
  POSSIBLE SUNSHINE  MM
  AVERAGE SKY COVER 0.9


WEATHER CONDITIONS
 THE FOLLOWING WEATHER WAS RECORDED TODAY.
  FOG
  FOG W/VISIBILITY <= 1/4 MILE


RELATIVE HUMIDITY (PERCENT)
 HIGHEST    92           400 AM
 LOWEST     64           300 PM
 AVERAGE    78

..........................................................


THE TUPELO CLIMATE NORMALS FOR TOMORROW
                         NORMAL    RECORD    YEAR
 MAXIMUM TEMPERATURE (F)   60        81      1981
 MINIMUM TEMPERATURE (F)   38        14      1934


SUNRISE AND SUNSET
FEBRUARY 26 2015......SUNRISE   628 AM CST   SUNSET   548 PM CST
FEBRUARY 27 2015......SUNRISE   627 AM CST   SUNSET   549 PM CST


-  INDICATES NEGATIVE NUMBERS.
R  INDICATES RECORD WAS SET OR TIED.
MM INDICATES DATA IS MISSING.
T  INDICATES TRACE AMOUNT.




$$
