000
CDUS45 KTWC 181433
CLITUS

CLIMATE REPORT
NATIONAL WEATHER SERVICE TUCSON AZ
733 AM MST WED OCT 18 2017


...................................

...THE TUCSON AZ CLIMATE SUMMARY FOR OCTOBER 18 2017...
VALID AS OF 0700 AM LOCAL TIME.

CLIMATE NORMAL PERIOD 1981 TO 2010
CLIMATE RECORD PERIOD 1895 TO 2017


WEATHER ITEM   OBSERVED TIME   RECORD YEAR NORMAL DEPARTURE LAST
                VALUE   (LST)  VALUE       VALUE  FROM      YEAR
                                                  NORMAL
..................................................................
TEMPERATURE (F)
 TODAY
  MINIMUM         67    624 AM  35    1904  56     11       60

PRECIPITATION (IN)
  TODAY            0.00          1.01 1972   0.02  -0.02     0.00
  MONTH TO DATE    0.00                      0.59  -0.59     0.10
  SINCE OCT 1      0.00                      0.59  -0.59     0.10
  SINCE JAN 1     10.18                      9.79   0.39    10.23

DEGREE DAYS
 HEATING
  TODAY            0                         1     -1        0

 COOLING
  TODAY            7                         6      1       12
..................................................................


WIND (MPH)
  HIGHEST WIND SPEED    10   HIGHEST WIND DIRECTION    SE (140)
  HIGHEST GUST SPEED    13   HIGHEST GUST DIRECTION     S (190)
  AVERAGE WIND SPEED    MM


SKY COVER
  POSSIBLE SUNSHINE  MM
  AVERAGE SKY COVER  MM


WEATHER CONDITIONS
 THE FOLLOWING WEATHER WAS RECORDED TODAY.
  HAZE


RELATIVE HUMIDITY (PERCENT)
 HIGHEST    MM

..........................................................


THE TUCSON AZ CLIMATE NORMALS FOR TOMORROW
                         NORMAL    RECORD    YEAR
 MAXIMUM TEMPERATURE (F)   84        99      1921
 MINIMUM TEMPERATURE (F)   56        33      1908


SUNRISE AND SUNSET
OCTOBER 18 2017.......SUNRISE   630 AM MST   SUNSET   547 PM MST
OCTOBER 19 2017.......SUNRISE   630 AM MST   SUNSET   546 PM MST


-  INDICATES NEGATIVE NUMBERS.
R  INDICATES RECORD WAS SET OR TIED.
MM INDICATES DATA IS MISSING.
T  INDICATES TRACE AMOUNT.




$$
