000
CDUS45 KTWC 040032
CLITUS

CLIMATE REPORT
NATIONAL WEATHER SERVICE TUCSON AZ
531 PM MST TUE MAY 3 2016


...................................

...THE TUCSON AZ CLIMATE SUMMARY FOR MAY 3 2016...
VALID TODAY AS OF 0500 PM LOCAL TIME.

CLIMATE NORMAL PERIOD 1981 TO 2010
CLIMATE RECORD PERIOD 1895 TO 2016


WEATHER ITEM   OBSERVED TIME   RECORD YEAR NORMAL DEPARTURE LAST
                VALUE   (LST)  VALUE       VALUE  FROM      YEAR
                                                  NORMAL
..................................................................
TEMPERATURE (F)
 TODAY
  MAXIMUM         91    429 PM 105    1947  87      4       90
  MINIMUM         56    540 AM  32    1899  57     -1       62
  AVERAGE         74                        72      2       76

PRECIPITATION (IN)
  TODAY            0.00          0.57 1930   0.01  -0.01      T
  MONTH TO DATE    0.00                      0.02  -0.02      T
  SINCE OCT 1      5.41                      5.25   0.16     7.11
  SINCE JAN 1      2.53                      2.86  -0.33     3.61

DEGREE DAYS
 HEATING
  TODAY            0                         1     -1        0
  MONTH TO DATE    0                         3     -3        0
  SINCE MAR 1     89                       242   -153       60
  SINCE JUL 1   1217                      1509   -292      902

 COOLING
  TODAY            9                         8      1       11
  MONTH TO DATE   13                        22     -9       41
  SINCE MAR 1    228                       172     56      276
  SINCE JAN 1    262                       176     86      284
..................................................................


WIND (MPH)
  HIGHEST WIND SPEED    10   HIGHEST WIND DIRECTION     N (360)
  HIGHEST GUST SPEED    17   HIGHEST GUST DIRECTION     W (250)
  AVERAGE WIND SPEED     5.0


SKY COVER
  POSSIBLE SUNSHINE  MM
  AVERAGE SKY COVER 0.0


WEATHER CONDITIONS
 THE FOLLOWING WEATHER WAS RECORDED TODAY.
  NO SIGNIFICANT WEATHER WAS OBSERVED.


RELATIVE HUMIDITY (PERCENT)
 HIGHEST    33
 LOWEST      8
 AVERAGE    21

..........................................................


THE TUCSON AZ CLIMATE NORMALS FOR TOMORROW
                         NORMAL    RECORD    YEAR
 MAXIMUM TEMPERATURE (F)   88       103      1947
 MINIMUM TEMPERATURE (F)   57        35      1899


SUNRISE AND SUNSET
MAY  3 2016...........SUNRISE   535 AM MST   SUNSET   706 PM MST
MAY  4 2016...........SUNRISE   534 AM MST   SUNSET   707 PM MST


-  INDICATES NEGATIVE NUMBERS.
R  INDICATES RECORD WAS SET OR TIED.
MM INDICATES DATA IS MISSING.
T  INDICATES TRACE AMOUNT.




$$
