000
CDUS45 KTWC 210030
CLITUS

CLIMATE REPORT
NATIONAL WEATHER SERVICE TUCSON AZ
528 PM MST WED AUG 20 2014


...................................

...THE TUCSON AZ CLIMATE SUMMARY FOR AUGUST 20 2014...
VALID TODAY AS OF 0500 PM LOCAL TIME.

CLIMATE NORMAL PERIOD 1981 TO 2010
CLIMATE RECORD PERIOD 1895 TO 2014


WEATHER ITEM   OBSERVED TIME   RECORD YEAR NORMAL DEPARTURE LAST
                VALUE   (LST)  VALUE       VALUE  FROM      YEAR
                                                  NORMAL
..................................................................
TEMPERATURE (F)
 TODAY
  MAXIMUM         92    421 PM 110    1915  98     -6      103
  MINIMUM         71    341 AM  55    1917  73     -2       77
  AVERAGE         82                        85     -3       90

PRECIPITATION (IN)
  TODAY            0.00          0.68 1904   0.08  -0.08     0.02
  MONTH TO DATE    1.88                      1.62   0.26     0.22
  SINCE OCT 1      6.97                      9.53  -2.56     5.80
  SINCE JAN 1      3.92                      7.14  -3.22     4.59

DEGREE DAYS
 HEATING
  TODAY            0                         0      0        0
  MONTH TO DATE    0                         0      0        0
  SINCE JUN 1      0                         0      0        0
  SINCE JUL 1      0                         0      0        0

 COOLING
  TODAY           17                        20     -3       25
  MONTH TO DATE  416                       406     10      474
  SINCE JUN 1   1871                      1683    188     1935
  SINCE JAN 1   2474                      2185    289     2646
..................................................................


WIND (MPH)
  HIGHEST WIND SPEED    20   HIGHEST WIND DIRECTION    SW (220)
  HIGHEST GUST SPEED    24   HIGHEST GUST DIRECTION    SW (220)
  AVERAGE WIND SPEED     6.6


SKY COVER
  POSSIBLE SUNSHINE  MM
  AVERAGE SKY COVER 0.0


WEATHER CONDITIONS
 THE FOLLOWING WEATHER WAS RECORDED TODAY.
  THUNDERSTORM


RELATIVE HUMIDITY (PERCENT)
 HIGHEST    79
 LOWEST     26
 AVERAGE    53

..........................................................


THE TUCSON AZ CLIMATE NORMALS FOR TOMORROW
                         NORMAL    RECORD    YEAR
 MAXIMUM TEMPERATURE (F)   98       108      1930
 MINIMUM TEMPERATURE (F)   73        59      1917


SUNRISE AND SUNSET
AUGUST 20 2014........SUNRISE   551 AM MST   SUNSET   702 PM MST
AUGUST 21 2014........SUNRISE   552 AM MST   SUNSET   701 PM MST


-  INDICATES NEGATIVE NUMBERS.
R  INDICATES RECORD WAS SET OR TIED.
MM INDICATES DATA IS MISSING.
T  INDICATES TRACE AMOUNT.




$$
