000
CDUS45 KTWC 231426
CLITUS

CLIMATE REPORT
NATIONAL WEATHER SERVICE TUCSON AZ
725 AM MST TUE SEP 23 2014


...................................

...THE TUCSON AZ CLIMATE SUMMARY FOR SEPTEMBER 23 2014...
VALID AS OF 0700 AM LOCAL TIME.

CLIMATE NORMAL PERIOD 1981 TO 2010
CLIMATE RECORD PERIOD 1895 TO 2014


WEATHER ITEM   OBSERVED TIME   RECORD YEAR NORMAL DEPARTURE LAST
                VALUE   (LST)  VALUE       VALUE  FROM      YEAR
                                                  NORMAL
..................................................................
TEMPERATURE (F)
 TODAY
  MINIMUM         74    551 AM  48    1941  66      8       62

PRECIPITATION (IN)
  TODAY            0.00          1.32 1929   0.04  -0.04     0.00
  MONTH TO DATE    2.76                      1.05   1.71     0.63
  SINCE OCT 1      9.74                     11.35  -1.61     6.69
  SINCE JAN 1      6.69                      8.96  -2.27     5.48

DEGREE DAYS
 HEATING
  TODAY            0                         0      0        0

 COOLING
  TODAY           13                        15     -2       12
..................................................................


WIND (MPH)
  HIGHEST WIND SPEED     8   HIGHEST WIND DIRECTION     S (170)
  HIGHEST GUST SPEED    10   HIGHEST GUST DIRECTION     S (180)
  AVERAGE WIND SPEED     3.9


SKY COVER
  POSSIBLE SUNSHINE  MM
  AVERAGE SKY COVER 0.0


WEATHER CONDITIONS
 THE FOLLOWING WEATHER WAS RECORDED TODAY.
  NO SIGNIFICANT WEATHER WAS OBSERVED.


RELATIVE HUMIDITY (PERCENT)
 HIGHEST    64           500 AM

..........................................................


THE TUCSON AZ CLIMATE NORMALS FOR TOMORROW
                         NORMAL    RECORD    YEAR
 MAXIMUM TEMPERATURE (F)   92       104      1899
 MINIMUM TEMPERATURE (F)   66        49      1923


SUNRISE AND SUNSET
SEPTEMBER 23 2014.....SUNRISE   613 AM MST   SUNSET   619 PM MST
SEPTEMBER 24 2014.....SUNRISE   613 AM MST   SUNSET   618 PM MST


-  INDICATES NEGATIVE NUMBERS.
R  INDICATES RECORD WAS SET OR TIED.
MM INDICATES DATA IS MISSING.
T  INDICATES TRACE AMOUNT.




$$
