000
CDUS45 KTWC 280733
CLITUS

CLIMATE REPORT
NATIONAL WEATHER SERVICE TUCSON AZ
1233 AM MST SAT MAY 28 2016

...................................

...THE TUCSON AZ CLIMATE SUMMARY FOR MAY 27 2016...

CLIMATE NORMAL PERIOD 1981 TO 2010
CLIMATE RECORD PERIOD 1895 TO 2016


WEATHER ITEM   OBSERVED TIME   RECORD YEAR NORMAL DEPARTURE LAST
                VALUE   (LST)  VALUE       VALUE  FROM      YEAR
                                                  NORMAL
..................................................................
TEMPERATURE (F)
 YESTERDAY
  MAXIMUM         88    456 PM 107    1951  95     -7       96
  MINIMUM         57    536 AM  44    1917  64     -7       63
  AVERAGE         73                        79     -6       80

PRECIPITATION (IN)
  YESTERDAY        0.00          0.44 2005   0.01  -0.01     0.00
  MONTH TO DATE    0.00                      0.20  -0.20     0.09
  SINCE OCT 1      5.41                      5.43  -0.02     7.20
  SINCE JAN 1      2.53                      3.04  -0.51     3.70

DEGREE DAYS
 HEATING
  YESTERDAY        0                         0      0        0
  MONTH TO DATE    0                         3     -3        3
  SINCE MAR 1     89                       242   -153       63
  SINCE JUL 1   1217                      1509   -292      905

 COOLING
  YESTERDAY        8                        14     -6       15
  MONTH TO DATE  265                       287    -22      197
  SINCE MAR 1    480                       437     43      432
  SINCE JAN 1    514                       441     73      440
..................................................................


WIND (MPH)
  HIGHEST WIND SPEED    14   HIGHEST WIND DIRECTION     N (10)
  HIGHEST GUST SPEED    17   HIGHEST GUST DIRECTION     N (360)
  AVERAGE WIND SPEED     5.5


SKY COVER
  POSSIBLE SUNSHINE  MM
  AVERAGE SKY COVER 0.0


WEATHER CONDITIONS
 THE FOLLOWING WEATHER WAS RECORDED YESTERDAY.
  NO SIGNIFICANT WEATHER WAS OBSERVED.


RELATIVE HUMIDITY (PERCENT)
 HIGHEST    29
 LOWEST      9
 AVERAGE    19

..........................................................


THE TUCSON AZ CLIMATE NORMALS FOR TODAY
                         NORMAL    RECORD    YEAR
 MAXIMUM TEMPERATURE (F)   96       107      2000
                                             1958
 MINIMUM TEMPERATURE (F)   64        45      1905


SUNRISE AND SUNSET
MAY 28 2016...........SUNRISE   519 AM MST   SUNSET   723 PM MST
MAY 29 2016...........SUNRISE   519 AM MST   SUNSET   724 PM MST


-  INDICATES NEGATIVE NUMBERS.
R  INDICATES RECORD WAS SET OR TIED.
MM INDICATES DATA IS MISSING.
T  INDICATES TRACE AMOUNT.




$$
