000
CDUS45 KTWC 260739
CLITUS

CLIMATE REPORT
NATIONAL WEATHER SERVICE TUCSON AZ
1238 AM MST FRI MAY 26 2017


...................................

...THE TUCSON AZ CLIMATE SUMMARY FOR MAY 25 2017...

CLIMATE NORMAL PERIOD 1981 TO 2010
CLIMATE RECORD PERIOD 1895 TO 2017


WEATHER ITEM   OBSERVED TIME   RECORD YEAR NORMAL DEPARTURE LAST
                VALUE   (LST)  VALUE       VALUE  FROM      YEAR
                                                  NORMAL
..................................................................
TEMPERATURE (F)
 YESTERDAY
  MAXIMUM         96    319 PM 105    1896  95      1       89
  MINIMUM         76    519 AM  43    1980  63     13       59
  AVERAGE         86                        79      7       74

PRECIPITATION (IN)
  YESTERDAY        0.00          0.08 1967   0.01  -0.01     0.00
  MONTH TO DATE    0.02                      0.18  -0.16     0.00
  SINCE OCT 1      3.29                      5.41  -2.12     5.41
  SINCE JAN 1      1.61                      3.02  -1.41     2.53

DEGREE DAYS
 HEATING
  YESTERDAY        0                         0      0        0
  MONTH TO DATE    8                         3      5        0
  SINCE MAR 1     71                       242   -171       89
  SINCE JUL 1    952                      1509   -557     1217

 COOLING
  YESTERDAY       21                        14      7        9
  MONTH TO DATE  266                       259      7      253
  SINCE MAR 1    616                       409    207      468
  SINCE JAN 1    625                       413    212      502
..................................................................


WIND (MPH)
  HIGHEST WIND SPEED    23   HIGHEST WIND DIRECTION    SW (230)
  HIGHEST GUST SPEED    35   HIGHEST GUST DIRECTION     W (280)
  AVERAGE WIND SPEED    11.7


SKY COVER
  POSSIBLE SUNSHINE  MM
  AVERAGE SKY COVER 0.0


WEATHER CONDITIONS
 THE FOLLOWING WEATHER WAS RECORDED YESTERDAY.
  NO SIGNIFICANT WEATHER WAS OBSERVED.


RELATIVE HUMIDITY (PERCENT)
 HIGHEST    15
 LOWEST      5
 AVERAGE    10

..........................................................


THE TUCSON AZ CLIMATE NORMALS FOR TODAY
                         NORMAL    RECORD    YEAR
 MAXIMUM TEMPERATURE (F)   95       107      1951
 MINIMUM TEMPERATURE (F)   63        44      1916


SUNRISE AND SUNSET
MAY 26 2017...........SUNRISE   520 AM MST   SUNSET   722 PM MST
MAY 27 2017...........SUNRISE   520 AM MST   SUNSET   723 PM MST


-  INDICATES NEGATIVE NUMBERS.
R  INDICATES RECORD WAS SET OR TIED.
MM INDICATES DATA IS MISSING.
T  INDICATES TRACE AMOUNT.




$$
