000
CDUS45 KTWC 250026 RRA
CLITUS

CLIMATE REPORT
NATIONAL WEATHER SERVICE TUCSON AZ
525 PM MST SUN MAY 24 2015


...................................

...THE TUCSON AZ CLIMATE SUMMARY FOR MAY 24 2015...
VALID TODAY AS OF 0500 PM LOCAL TIME.

CLIMATE NORMAL PERIOD 1981 TO 2010
CLIMATE RECORD PERIOD 1895 TO 2015


WEATHER ITEM   OBSERVED TIME   RECORD YEAR NORMAL DEPARTURE LAST
                VALUE   (LST)  VALUE       VALUE  FROM      YEAR
                                                  NORMAL
..................................................................
TEMPERATURE (F)
 TODAY
  MAXIMUM         83    252 PM 104    2001  94    -11       85
                                      1984
                                      1983
  MINIMUM         57    546 AM  42    1909  63     -6       59
  AVERAGE         70                        78     -8       72

PRECIPITATION (IN)
  TODAY            0.00          0.50 1967   0.00   0.00     0.00
  MONTH TO DATE    0.09                      0.17  -0.08     0.00
  SINCE OCT 1      7.20                      5.40   1.80     3.66
  SINCE JAN 1      3.70                      3.01   0.69     0.61

DEGREE DAYS
 HEATING
  TODAY            0                         0      0        0
  MONTH TO DATE    3                         3      0        0
  SINCE MAR 1     63                       242   -179       66
  SINCE JUL 1    905                      1509   -604      899

 COOLING
  TODAY            5                        14     -9        7
  MONTH TO DATE  162                       245    -83      249
  SINCE MAR 1    397                       395      2      437
  SINCE JAN 1    405                       399      6      461
..................................................................


WIND (MPH)
  HIGHEST WIND SPEED    15   HIGHEST WIND DIRECTION    NW (310)
  HIGHEST GUST SPEED    20   HIGHEST GUST DIRECTION     W (280)
  AVERAGE WIND SPEED     6.9


SKY COVER
  POSSIBLE SUNSHINE  MM
  AVERAGE SKY COVER 0.1


WEATHER CONDITIONS
 THE FOLLOWING WEATHER WAS RECORDED TODAY.
  NO SIGNIFICANT WEATHER WAS OBSERVED.


RELATIVE HUMIDITY (PERCENT)
 HIGHEST    43
 LOWEST     15
 AVERAGE    29

..........................................................


THE TUCSON AZ CLIMATE NORMALS FOR TOMORROW
                         NORMAL    RECORD    YEAR
 MAXIMUM TEMPERATURE (F)   95       105      1896
 MINIMUM TEMPERATURE (F)   63        43      1980


SUNRISE AND SUNSET
MAY 24 2015...........SUNRISE   521 AM MST   SUNSET   720 PM MST
MAY 25 2015...........SUNRISE   521 AM MST   SUNSET   721 PM MST


-  INDICATES NEGATIVE NUMBERS.
R  INDICATES RECORD WAS SET OR TIED.
MM INDICATES DATA IS MISSING.
T  INDICATES TRACE AMOUNT.




$$
