000
CDUS45 KTWC 250032
CLITUS

CLIMATE REPORT
NATIONAL WEATHER SERVICE TUCSON AZ
531 PM MST SAT JAN 24 2015


...................................

...THE TUCSON AZ CLIMATE SUMMARY FOR JANUARY 24 2015...
VALID TODAY AS OF 0500 PM LOCAL TIME.

CLIMATE NORMAL PERIOD 1981 TO 2010
CLIMATE RECORD PERIOD 1895 TO 2015


WEATHER ITEM   OBSERVED TIME   RECORD YEAR NORMAL DEPARTURE LAST
                VALUE   (LST)  VALUE       VALUE  FROM      YEAR
                                                  NORMAL
..................................................................
TEMPERATURE (F)
 TODAY
  MAXIMUM         71    349 PM  87    1999  66      5       66
  MINIMUM         45    719 AM  17    1937  40      5       53
  AVERAGE         58                        53      5       60

PRECIPITATION (IN)
  TODAY            0.00          0.48 1962   0.03  -0.03     0.00
  MONTH TO DATE    0.31                      0.72  -0.41     0.00
  SINCE OCT 1      3.81                      3.11   0.70     3.05
  SINCE JAN 1      0.31                      0.72  -0.41     0.00

DEGREE DAYS
 HEATING
  TODAY            7                        12     -5        5
  MONTH TO DATE  253                       302    -49      205
  SINCE DEC 1    585                       707   -122      564
  SINCE JUL 1    721                       913   -192      670

 COOLING
  TODAY            0                         0      0        0
  MONTH TO DATE    0                         0      0        0
  SINCE DEC 1      3                         0      3        0
  SINCE JAN 1      0                         0      0        0
..................................................................


WIND (MPH)
  HIGHEST WIND SPEED    29   HIGHEST WIND DIRECTION    SE (130)
  HIGHEST GUST SPEED    35   HIGHEST GUST DIRECTION    SE (120)
  AVERAGE WIND SPEED    13.7


SKY COVER
  POSSIBLE SUNSHINE  MM
  AVERAGE SKY COVER 0.0


WEATHER CONDITIONS
 THE FOLLOWING WEATHER WAS RECORDED TODAY.
  NO SIGNIFICANT WEATHER WAS OBSERVED.


RELATIVE HUMIDITY (PERCENT)
 HIGHEST    31
 LOWEST      8
 AVERAGE    20

..........................................................


THE TUCSON AZ CLIMATE NORMALS FOR TOMORROW
                         NORMAL    RECORD    YEAR
 MAXIMUM TEMPERATURE (F)   66        82      2000
 MINIMUM TEMPERATURE (F)   40        17      1898


SUNRISE AND SUNSET
JANUARY 24 2015.......SUNRISE   722 AM MST   SUNSET   550 PM MST
JANUARY 25 2015.......SUNRISE   722 AM MST   SUNSET   551 PM MST


-  INDICATES NEGATIVE NUMBERS.
R  INDICATES RECORD WAS SET OR TIED.
MM INDICATES DATA IS MISSING.
T  INDICATES TRACE AMOUNT.




$$
