000
CDUS45 KTWC 250730
CLITUS

CLIMATE REPORT
NATIONAL WEATHER SERVICE TUCSON AZ
1230 AM MST TUE JUL 25 2017


...................................

...THE TUCSON AZ CLIMATE SUMMARY FOR JULY 24 2017...

CLIMATE NORMAL PERIOD 1981 TO 2010
CLIMATE RECORD PERIOD 1895 TO 2017


WEATHER ITEM   OBSERVED TIME   RECORD YEAR NORMAL DEPARTURE LAST
                VALUE   (LST)  VALUE       VALUE  FROM      YEAR
                                                  NORMAL
..................................................................
TEMPERATURE (F)
 YESTERDAY
  MAXIMUM         88    115 PM 109    1987  98    -10      103
  MINIMUM         74    445 AM  62    1913  75     -1       82
  AVERAGE         81                        86     -5       93

PRECIPITATION (IN)
  YESTERDAY        0.49          1.87 1948   0.09   0.40      T
  MONTH TO DATE    4.54                      1.59   2.95     1.20
  SINCE OCT 1      7.83                      7.25   0.58     8.20
  SINCE JAN 1      6.15                      4.86   1.29     5.32

DEGREE DAYS
 HEATING
  YESTERDAY        0                         0      0        0
  MONTH TO DATE    0                         0      0        0
  SINCE JUN 1      0                         0      0        0
  SINCE JUL 1      0                         0      0        0

 COOLING
  YESTERDAY       16                        21     -5       28
  MONTH TO DATE  565                       539     26      625
  SINCE JUN 1   1315                      1133    182     1335
  SINCE JAN 1   2048                      1635    413     1902
..................................................................


WIND (MPH)
  HIGHEST WIND SPEED    18   HIGHEST WIND DIRECTION     W (270)
  HIGHEST GUST SPEED    25   HIGHEST GUST DIRECTION     W (280)
  AVERAGE WIND SPEED     5.7


SKY COVER
  POSSIBLE SUNSHINE  MM
  AVERAGE SKY COVER 0.3


WEATHER CONDITIONS
 THE FOLLOWING WEATHER WAS RECORDED YESTERDAY.
  HEAVY RAIN
  LIGHT RAIN
  FOG


RELATIVE HUMIDITY (PERCENT)
 HIGHEST    87
 LOWEST     51
 AVERAGE    69

..........................................................


THE TUCSON AZ CLIMATE NORMALS FOR TODAY
                         NORMAL    RECORD    YEAR
 MAXIMUM TEMPERATURE (F)   98       109      1943
 MINIMUM TEMPERATURE (F)   75        65      1913


SUNRISE AND SUNSET
JULY 25 2017..........SUNRISE   534 AM MST   SUNSET   726 PM MST
JULY 26 2017..........SUNRISE   535 AM MST   SUNSET   725 PM MST


-  INDICATES NEGATIVE NUMBERS.
R  INDICATES RECORD WAS SET OR TIED.
MM INDICATES DATA IS MISSING.
T  INDICATES TRACE AMOUNT.




$$
