000
CDUS43 KAPX 040540
CLITVC


CLIMATE REPORT
NATIONAL WEATHER SERVICE GAYLORD MI
139 AM EDT WED MAY 4 2016


...................................

...THE TRAVERSE CITY MI CLIMATE SUMMARY FOR MAY 3 2016...

CLIMATE NORMAL PERIOD 1981 TO 2010
CLIMATE RECORD PERIOD 1896 TO 2016


WEATHER ITEM   OBSERVED TIME   RECORD YEAR NORMAL DEPARTURE LAST
                VALUE   (LST)  VALUE       VALUE  FROM      YEAR
                                                  NORMAL
..................................................................
TEMPERATURE (F)
 YESTERDAY
  MAXIMUM         70    123 PM  88    1955  61      9       81
  MINIMUM         34    458 AM  22    1967  37     -3       58
  AVERAGE         52                        49      3       70

PRECIPITATION (IN)
  YESTERDAY        T             1.59 2012   0.08  -0.08     0.00
  MONTH TO DATE    0.05                      0.24  -0.19     0.00
  SINCE MAR 1      5.61                      4.88   0.73     1.93
  SINCE JAN 1      8.40                      9.20  -0.80     2.71

DEGREE DAYS
 HEATING
  YESTERDAY       13                        16     -3        0
  MONTH TO DATE   47                        49     -2       23
  SINCE MAR 1   1606                      1776   -170     1756
  SINCE JUL 1   5916                      7116  -1200     7488

 COOLING
  YESTERDAY        0                         0      0        5
  MONTH TO DATE    0                         0      0        5
  SINCE MAR 1      0                         3     -3        5
  SINCE JAN 1      0                         3     -3        5
..................................................................


WIND (MPH)
  HIGHEST WIND SPEED    21   HIGHEST WIND DIRECTION     W (280)
  HIGHEST GUST SPEED    26   HIGHEST GUST DIRECTION    NW (320)
  AVERAGE WIND SPEED     6.6




RELATIVE HUMIDITY (PERCENT)
 HIGHEST    89
 LOWEST     25
 AVERAGE    57

..........................................................


THE TRAVERSE CITY MI CLIMATE NORMALS FOR TODAY
                         NORMAL    RECORD    YEAR
 MAXIMUM TEMPERATURE (F)   62        85      1938
 MINIMUM TEMPERATURE (F)   38        20      1966


SUNRISE AND SUNSET
MAY  4 2016...........SUNRISE   627 AM EDT   SUNSET   852 PM EDT
MAY  5 2016...........SUNRISE   626 AM EDT   SUNSET   853 PM EDT


-  INDICATES NEGATIVE NUMBERS.
R  INDICATES RECORD WAS SET OR TIED.
MM INDICATES DATA IS MISSING.
T  INDICATES TRACE AMOUNT.




$$
