000
CDUS43 KAPX 250536
CLITVC


CLIMATE REPORT
NATIONAL WEATHER SERVICE GAYLORD MI
1234 AM EST SAT NOV 25 2017


...................................

...THE TRAVERSE CITY MI CLIMATE SUMMARY FOR NOVEMBER 24 2017...

CLIMATE NORMAL PERIOD 1981 TO 2010
CLIMATE RECORD PERIOD 1896 TO 2017


WEATHER ITEM   OBSERVED TIME   RECORD YEAR NORMAL DEPARTURE LAST
                VALUE   (LST)  VALUE       VALUE  FROM      YEAR
                                                  NORMAL
..................................................................
TEMPERATURE (F)
 YESTERDAY
  MAXIMUM         64R   242 PM  64    1931  40     24       43
  MINIMUM         33   1206 AM  -5    1950  28      5       34
  AVERAGE         49                        34     15       39

PRECIPITATION (IN)
  YESTERDAY        0.02          0.74 2014   0.09  -0.07     0.03
  MONTH TO DATE    1.44                      2.20  -0.76     0.19
  SINCE SEP 1     10.88                      8.95   1.93     6.79
  SINCE JAN 1     31.25                     30.06   1.19    24.53

DEGREE DAYS
 HEATING
  YESTERDAY       16                        31    -15       26
  MONTH TO DATE  686                       637     49      435
  SINCE SEP 1   1103                      1355   -252      822
  SINCE JUL 1   1137                      1424   -287      831
..................................................................


WIND (MPH)
  HIGHEST WIND SPEED    20   HIGHEST WIND DIRECTION     W (280)
  HIGHEST GUST SPEED    32   HIGHEST GUST DIRECTION    SW (220)
  AVERAGE WIND SPEED    10.7




RELATIVE HUMIDITY (PERCENT)
 HIGHEST    75
 LOWEST     39
 AVERAGE    57

..........................................................


THE TRAVERSE CITY MI CLIMATE NORMALS FOR TODAY
                         NORMAL    RECORD    YEAR
 MAXIMUM TEMPERATURE (F)   40        60      1913
 MINIMUM TEMPERATURE (F)   28        -5      1950


SUNRISE AND SUNSET
NOVEMBER 25 2017......SUNRISE   753 AM EST   SUNSET   506 PM EST
NOVEMBER 26 2017......SUNRISE   754 AM EST   SUNSET   505 PM EST


-  INDICATES NEGATIVE NUMBERS.
R  INDICATES RECORD WAS SET OR TIED.
MM INDICATES DATA IS MISSING.
T  INDICATES TRACE AMOUNT.




$$
