000
CDUS43 KAPX 290527
CLITVC


CLIMATE REPORT
NATIONAL WEATHER SERVICE GAYLORD MI
126 AM EDT FRI JUL 29 2016


...................................

...THE TRAVERSE CITY MI CLIMATE SUMMARY FOR JULY 28 2016...

CLIMATE NORMAL PERIOD 1981 TO 2010
CLIMATE RECORD PERIOD 1896 TO 2016


WEATHER ITEM   OBSERVED TIME   RECORD YEAR NORMAL DEPARTURE LAST
                VALUE   (LST)  VALUE       VALUE  FROM      YEAR
                                                  NORMAL
..................................................................
TEMPERATURE (F)
 YESTERDAY
  MAXIMUM         79    355 PM  98    1941  80     -1       93
  MINIMUM         65    812 AM  43    1978  58      7       62
  AVERAGE         72                        69      3       78

PRECIPITATION (IN)
  YESTERDAY        0.01          1.46 1969   0.10  -0.09     0.00
  MONTH TO DATE    2.09                      2.70  -0.61     1.07
  SINCE JUN 1      4.16                      5.86  -1.70     3.09
  SINCE JAN 1     14.02                     17.41  -3.39     9.57

DEGREE DAYS
 HEATING
  YESTERDAY        0                         1     -1        0
  MONTH TO DATE    9                        29    -20       28
  SINCE JUN 1     73                       141    -68      116
  SINCE JUL 1      9                        29    -20       28

 COOLING
  YESTERDAY        7                         5      2       13
  MONTH TO DATE  235                       140     95      160
  SINCE JUN 1    325                       221    104      184
  SINCE JAN 1    375                       241    134      219
..................................................................


WIND (MPH)
  HIGHEST WIND SPEED    17   HIGHEST WIND DIRECTION    NE (30)
  HIGHEST GUST SPEED    25   HIGHEST GUST DIRECTION    NE (40)
  AVERAGE WIND SPEED     7.6




RELATIVE HUMIDITY (PERCENT)
 HIGHEST    84
 LOWEST     54
 AVERAGE    69

..........................................................


THE TRAVERSE CITY MI CLIMATE NORMALS FOR TODAY
                         NORMAL    RECORD    YEAR
 MAXIMUM TEMPERATURE (F)   80       100      1941
 MINIMUM TEMPERATURE (F)   58        43      1956


SUNRISE AND SUNSET
JULY 29 2016..........SUNRISE   626 AM EDT   SUNSET   911 PM EDT
JULY 30 2016..........SUNRISE   627 AM EDT   SUNSET   910 PM EDT


-  INDICATES NEGATIVE NUMBERS.
R  INDICATES RECORD WAS SET OR TIED.
MM INDICATES DATA IS MISSING.
T  INDICATES TRACE AMOUNT.




$$
