000
CDUS43 KAPX 240531
CLITVC


CLIMATE REPORT
NATIONAL WEATHER SERVICE GAYLORD MI
1230 AM EST TUE JAN 24 2017


...................................

...THE TRAVERSE CITY MI CLIMATE SUMMARY FOR JANUARY 23 2017...

CLIMATE NORMAL PERIOD 1981 TO 2010
CLIMATE RECORD PERIOD 1896 TO 2017


WEATHER ITEM   OBSERVED TIME   RECORD YEAR NORMAL DEPARTURE LAST
                VALUE   (LST)  VALUE       VALUE  FROM      YEAR
                                                  NORMAL
..................................................................
TEMPERATURE (F)
 YESTERDAY
  MAXIMUM         41    346 PM  48    1967  28     13       30
  MINIMUM         36    709 AM -12    2005  15     21       23
                                      1948
  AVERAGE         39                        21     18       27

PRECIPITATION (IN)
  YESTERDAY        0.03          0.90 1996   0.09  -0.06     0.00
  MONTH TO DATE    1.07                      2.19  -1.12     1.17
  SINCE DEC 1      2.30                      4.68  -2.38     4.16
  SINCE JAN 1      1.07                      2.19  -1.12     1.17

DEGREE DAYS
 HEATING
  YESTERDAY       26                        44    -18       38
  MONTH TO DATE  872                       997   -125      961
  SINCE DEC 1   1992                      2186   -194     1782
  SINCE JUL 1   2951                      3805   -854     2962
..................................................................


WIND (MPH)
  HIGHEST WIND SPEED     6   HIGHEST WIND DIRECTION    NE (30)
  HIGHEST GUST SPEED     7   HIGHEST GUST DIRECTION    NE (30)
  AVERAGE WIND SPEED     0.9




RELATIVE HUMIDITY (PERCENT)
 HIGHEST   100
 LOWEST     86
 AVERAGE    93

..........................................................


THE TRAVERSE CITY MI CLIMATE NORMALS FOR TODAY
                         NORMAL    RECORD    YEAR
 MAXIMUM TEMPERATURE (F)   28        54      1950
 MINIMUM TEMPERATURE (F)   14       -10      1963


SUNRISE AND SUNSET
JANUARY 24 2017.......SUNRISE   809 AM EST   SUNSET   540 PM EST
JANUARY 25 2017.......SUNRISE   808 AM EST   SUNSET   541 PM EST


-  INDICATES NEGATIVE NUMBERS.
R  INDICATES RECORD WAS SET OR TIED.
MM INDICATES DATA IS MISSING.
T  INDICATES TRACE AMOUNT.




$$
