000
CDUS43 KAPX 200535
CLITVC


CLIMATE REPORT
NATIONAL WEATHER SERVICE GAYLORD MI
1235 AM EST TUE FEB 20 2018


...................................

...THE TRAVERSE CITY MI CLIMATE SUMMARY FOR FEBRUARY 19 2018...

CLIMATE NORMAL PERIOD 1981 TO 2010
CLIMATE RECORD PERIOD 1896 TO 2018


WEATHER ITEM   OBSERVED TIME   RECORD YEAR NORMAL DEPARTURE LAST
                VALUE   (LST)  VALUE       VALUE  FROM      YEAR
                                                  NORMAL
..................................................................
TEMPERATURE (F)
 YESTERDAY
  MAXIMUM         42   1240 PM  57    2016  31     11       49
  MINIMUM         33    215 AM -20    1979  15     18       29
  AVERAGE         38                        23     15       39

PRECIPITATION (IN)
  YESTERDAY        0.16          0.69 1971   0.05   0.11     0.00
  MONTH TO DATE    0.39                      1.02  -0.63     0.61
  SINCE DEC 1      2.80                      6.33  -3.53     3.65
  SINCE JAN 1      1.48                      3.84  -2.36     2.42

DEGREE DAYS
 HEATING
  YESTERDAY       27                        42    -15       26
  MONTH TO DATE  837                       819     18      701
  SINCE DEC 1   3365                      3356      9     2977
  SINCE JUL 1   4659                      4975   -316     3936
..................................................................


WIND (MPH)
  HIGHEST WIND SPEED    12   HIGHEST WIND DIRECTION     E (110)
  HIGHEST GUST SPEED    16   HIGHEST GUST DIRECTION    SW (210)
  AVERAGE WIND SPEED     3.4




RELATIVE HUMIDITY (PERCENT)
 HIGHEST   100
 LOWEST     56
 AVERAGE    78

..........................................................


THE TRAVERSE CITY MI CLIMATE NORMALS FOR TODAY
                         NORMAL    RECORD    YEAR
 MAXIMUM TEMPERATURE (F)   32        57      1983
 MINIMUM TEMPERATURE (F)   15       -22      2015


SUNRISE AND SUNSET
FEBRUARY 20 2018......SUNRISE   735 AM EST   SUNSET   618 PM EST
FEBRUARY 21 2018......SUNRISE   733 AM EST   SUNSET   619 PM EST


-  INDICATES NEGATIVE NUMBERS.
R  INDICATES RECORD WAS SET OR TIED.
MM INDICATES DATA IS MISSING.
T  INDICATES TRACE AMOUNT.




$$
