000
CDUS43 KAPX 300537
CLITVC


CLIMATE REPORT
NATIONAL WEATHER SERVICE GAYLORD MI
137 AM EDT SAT MAY 30 2015


...................................

...THE TRAVERSE CITY MI CLIMATE SUMMARY FOR MAY 29 2015...

CLIMATE NORMAL PERIOD 1981 TO 2010
CLIMATE RECORD PERIOD 1896 TO 2015


WEATHER ITEM   OBSERVED TIME   RECORD YEAR NORMAL DEPARTURE LAST
                VALUE   (LST)  VALUE       VALUE  FROM      YEAR
                                                  NORMAL
..................................................................
TEMPERATURE (F)
 YESTERDAY
  MAXIMUM         80    600 PM  93    2006  70     10       70
  MINIMUM         56    127 AM  31    1964  46     10       44
  AVERAGE         68                        58     10       57

PRECIPITATION (IN)
  YESTERDAY        0.56          4.18 1942   0.09   0.47     0.00
  MONTH TO DATE    3.38                      2.42   0.96     3.18
  SINCE MAR 1      5.31                      7.06  -1.75     8.26
  SINCE JAN 1      6.09                     11.38  -5.29     9.68

DEGREE DAYS
 HEATING
  YESTERDAY        0                         8     -8        8
  MONTH TO DATE  249                       355   -106      326
  SINCE MAR 1   1982                      2082   -100     2358
  SINCE JUL 1   7714                      7422    292     8080

 COOLING
  YESTERDAY        3                         1      2        0
  MONTH TO DATE   35                        12     23        4
  SINCE MAR 1     35                        15     20        4
  SINCE JAN 1     35                        15     20        4
..................................................................


WIND (MPH)
  HIGHEST WIND SPEED    22   HIGHEST WIND DIRECTION     W (260)
  HIGHEST GUST SPEED    29   HIGHEST GUST DIRECTION     W (260)
  AVERAGE WIND SPEED     4.0




RELATIVE HUMIDITY (PERCENT)
 HIGHEST    90
 LOWEST     58
 AVERAGE    74

..........................................................


THE TRAVERSE CITY MI CLIMATE NORMALS FOR TODAY
                         NORMAL    RECORD    YEAR
 MAXIMUM TEMPERATURE (F)   70        92      1937
 MINIMUM TEMPERATURE (F)   47        28      1961


SUNRISE AND SUNSET
MAY 30 2015...........SUNRISE   601 AM EDT   SUNSET   919 PM EDT
MAY 31 2015...........SUNRISE   601 AM EDT   SUNSET   920 PM EDT


-  INDICATES NEGATIVE NUMBERS.
R  INDICATES RECORD WAS SET OR TIED.
MM INDICATES DATA IS MISSING.
T  INDICATES TRACE AMOUNT.




$$
