000
CDUS43 KAPX 010538
CLITVC


CLIMATE REPORT
NATIONAL WEATHER SERVICE GAYLORD MI
137 AM EDT WED JUL 1 2015


...................................

...THE TRAVERSE CITY MI CLIMATE SUMMARY FOR JUNE 30 2015...

CLIMATE NORMAL PERIOD 1981 TO 2010
CLIMATE RECORD PERIOD 1896 TO 2015


WEATHER ITEM   OBSERVED TIME   RECORD YEAR NORMAL DEPARTURE LAST
                VALUE   (LST)  VALUE       VALUE  FROM      YEAR
                                                  NORMAL
..................................................................
TEMPERATURE (F)
 YESTERDAY
  MAXIMUM         72   1218 PM  99    1931  79     -7       85
  MINIMUM         53   1159 PM  40    1943  56     -3       69
  AVERAGE         63                        68     -5       77

PRECIPITATION (IN)
  YESTERDAY        0.01          2.27 1953   0.11  -0.10     0.09
  MONTH TO DATE    2.02                      3.16  -1.14     2.67
  SINCE JUN 1      2.02                      3.16  -1.14     2.67
  SINCE JAN 1      8.50                     14.71  -6.21    12.35

DEGREE DAYS
 HEATING
  YESTERDAY        2                         2      0        0
  MONTH TO DATE   88                       114    -26       72
  SINCE JUN 1     88                       112    -24       72
  SINCE JUL 1   7824                      7548    276     8152

 COOLING
  YESTERDAY        0                         4     -4       12
  MONTH TO DATE   24                        81    -57      107
  SINCE JUN 1     24                        81    -57      107
  SINCE JAN 1     59                       101    -42      116
..................................................................


WIND (MPH)
  HIGHEST WIND SPEED    15   HIGHEST WIND DIRECTION    NW (310)
  HIGHEST GUST SPEED    19   HIGHEST GUST DIRECTION    NW (330)
  AVERAGE WIND SPEED     5.3




RELATIVE HUMIDITY (PERCENT)
 HIGHEST    90
 LOWEST     68
 AVERAGE    79

..........................................................


THE TRAVERSE CITY MI CLIMATE NORMALS FOR TODAY
                         NORMAL    RECORD    YEAR
 MAXIMUM TEMPERATURE (F)   80       103      1931
 MINIMUM TEMPERATURE (F)   57        35      1965


SUNRISE AND SUNSET
JULY  1 2015..........SUNRISE   600 AM EDT   SUNSET   932 PM EDT
JULY  2 2015..........SUNRISE   601 AM EDT   SUNSET   931 PM EDT


-  INDICATES NEGATIVE NUMBERS.
R  INDICATES RECORD WAS SET OR TIED.
MM INDICATES DATA IS MISSING.
T  INDICATES TRACE AMOUNT.




$$
