000
CDUS43 KAPX 270704
CLITVC


CLIMATE REPORT
NATIONAL WEATHER SERVICE GAYLORD MI
152 AM EST FRI FEB 27 2015


...................................

...THE TRAVERSE CITY MI CLIMATE SUMMARY FOR FEBRUARY 26 2015...

CLIMATE NORMAL PERIOD 1981 TO 2010
CLIMATE RECORD PERIOD 1896 TO 2015


WEATHER ITEM   OBSERVED TIME   RECORD YEAR NORMAL DEPARTURE LAST
                VALUE   (LST)  VALUE       VALUE  FROM      YEAR
                                                  NORMAL
..................................................................
TEMPERATURE (F)
 YESTERDAY
  MAXIMUM          6    301 PM  65    2000  33    -27       14
  MINIMUM        -17    808 AM -24    1963  16    -33       -2
  AVERAGE         -5                        25    -30        6

PRECIPITATION (IN)
  YESTERDAY        T             0.72 1943   0.05  -0.05     0.01
  MONTH TO DATE    0.10                      1.39  -1.29     0.41
  SINCE DEC 1      1.84                      6.70  -4.86     2.39
  SINCE JAN 1      0.78                      4.21  -3.43     1.40

DEGREE DAYS
 HEATING
  YESTERDAY       70                        40     30       59
  MONTH TO DATE 1426                      1105    321     1286
  SINCE DEC 1   3933                      3642    291     4099
  SINCE JUL 1   5612                      5261    351     5590
..................................................................


WIND (MPH)
  HIGHEST WIND SPEED    13   HIGHEST WIND DIRECTION     N (20)
  HIGHEST GUST SPEED    16   HIGHEST GUST DIRECTION     N (20)
  AVERAGE WIND SPEED     2.8




RELATIVE HUMIDITY (PERCENT)
 HIGHEST    95
 LOWEST     49
 AVERAGE    72

..........................................................


THE TRAVERSE CITY MI CLIMATE NORMALS FOR TODAY
                         NORMAL    RECORD    YEAR
 MAXIMUM TEMPERATURE (F)   34        52      1902
 MINIMUM TEMPERATURE (F)   17       -16      1994


SUNRISE AND SUNSET
FEBRUARY 27 2015......SUNRISE   724 AM EST   SUNSET   627 PM EST
FEBRUARY 28 2015......SUNRISE   722 AM EST   SUNSET   628 PM EST


-  INDICATES NEGATIVE NUMBERS.
R  INDICATES RECORD WAS SET OR TIED.
MM INDICATES DATA IS MISSING.
T  INDICATES TRACE AMOUNT.




$$
