000
CDUS44 KJAN 290717
CLITVR


CLIMATE REPORT
NATIONAL WEATHER SERVICE JACKSON MS
214 AM CDT WED JUL 29 2015


...................................

...THE VICKSBURG CLIMATE SUMMARY FOR JULY 28 2015...

CLIMATE NORMAL PERIOD 1981 TO 2010
CLIMATE RECORD PERIOD 1948 TO 2015


WEATHER ITEM   OBSERVED TIME   RECORD YEAR NORMAL DEPARTURE LAST
                VALUE   (LST)  VALUE       VALUE  FROM      YEAR
                                                  NORMAL
..................................................................
TEMPERATURE (F)
 YESTERDAY
  MAXIMUM         97    255 PM 102    2008  93      4       93
  MINIMUM         75    518 AM  63    2004  71      4       72
                                      1994
  AVERAGE         86                        82      4       83

PRECIPITATION (IN)
  YESTERDAY        0.00          0.75 1983   0.11  -0.11     0.03
  MONTH TO DATE    1.72                      3.30  -1.58     2.90
  SINCE JUN 1      6.97                      7.29  -0.32     9.45
  SINCE JAN 1     37.24                     32.59   4.65    37.78

SNOWFALL (IN)
  YESTERDAY        0.0

DEGREE DAYS
 HEATING
  YESTERDAY        0                         0      0        0
  MONTH TO DATE    0                         0      0        0
  SINCE JUN 1      0                         0      0        0
  SINCE JUL 1      0                         0      0        0

 COOLING
  YESTERDAY       21                        17      4       18
  MONTH TO DATE  529                       462     67      378
  SINCE JUN 1   1013                       880    133      802
  SINCE JAN 1   1459                      1250    209     1152
..................................................................


WIND (MPH)
  HIGHEST WIND SPEED     9   HIGHEST WIND DIRECTION     S (180)
  HIGHEST GUST SPEED    11   HIGHEST GUST DIRECTION     S (190)
  AVERAGE WIND SPEED     1.2


SKY COVER
  POSSIBLE SUNSHINE  MM
  AVERAGE SKY COVER 0.0


WEATHER CONDITIONS
 THE FOLLOWING WEATHER WAS RECORDED YESTERDAY.
  FOG


RELATIVE HUMIDITY (PERCENT)
 HIGHEST    94           200 AM
 LOWEST     40           100 PM
 AVERAGE    67

..........................................................


THE VICKSBURG CLIMATE NORMALS FOR TODAY
                         NORMAL    RECORD    YEAR
 MAXIMUM TEMPERATURE (F)   93       100      2008
                                             1986
 MINIMUM TEMPERATURE (F)   71        61      2014


SUNRISE AND SUNSET
JULY 29 2015..........SUNRISE   617 AM CDT   SUNSET   804 PM CDT
JULY 30 2015..........SUNRISE   617 AM CDT   SUNSET   803 PM CDT


-  INDICATES NEGATIVE NUMBERS.
R  INDICATES RECORD WAS SET OR TIED.
MM INDICATES DATA IS MISSING.
T  INDICATES TRACE AMOUNT.




$$
