000
CDUS44 KJAN 030706
CLITVR


CLIMATE REPORT
NATIONAL WEATHER SERVICE JACKSON MS
105 AM CST TUE MAR 3 2015


...................................

...THE VICKSBURG CLIMATE SUMMARY FOR MARCH 2 2015...

CLIMATE NORMAL PERIOD 1981 TO 2010
CLIMATE RECORD PERIOD 1948 TO 2015


WEATHER ITEM   OBSERVED TIME   RECORD YEAR NORMAL DEPARTURE LAST
                VALUE   (LST)  VALUE       VALUE  FROM      YEAR
                                                  NORMAL
..................................................................
TEMPERATURE (F)
 YESTERDAY
  MAXIMUM         47    254 AM  83    2012  65    -18       80
                                      1955
  MINIMUM         42    641 AM  20    1980  43     -1       37
  AVERAGE         45                        54     -9       59

PRECIPITATION (IN)
  YESTERDAY        0.04          4.46 1964   0.19  -0.15     0.24
  MONTH TO DATE    0.39                      0.38   0.01     0.24
  SINCE MAR 1      0.39                      0.38   0.01     0.24
  SINCE JAN 1     11.64                     10.72   0.92     5.66

SNOWFALL (IN)
  YESTERDAY        0.0

DEGREE DAYS
 HEATING
  YESTERDAY       20                        12      8        6
  MONTH TO DATE   35                        24     11        6
  SINCE MAR 1     35                        24     11        6
  SINCE JUL 1   2293                      2000    293     2415

 COOLING
  YESTERDAY        0                         0      0        0
  MONTH TO DATE    0                         0      0        2
  SINCE MAR 1      0                         0      0        2
  SINCE JAN 1      0                         9     -9        9
..................................................................


WIND (MPH)
  HIGHEST WIND SPEED    16   HIGHEST WIND DIRECTION     N (10)
  HIGHEST GUST SPEED    19   HIGHEST GUST DIRECTION     N (360)
  AVERAGE WIND SPEED     7.6


SKY COVER
  POSSIBLE SUNSHINE  MM
  AVERAGE SKY COVER 1.0


WEATHER CONDITIONS
 THE FOLLOWING WEATHER WAS RECORDED YESTERDAY.
  RAIN
  LIGHT RAIN
  FOG


RELATIVE HUMIDITY (PERCENT)
 HIGHEST   100          1200 AM
 LOWEST     92           500 AM
 AVERAGE    96

..........................................................


THE VICKSBURG CLIMATE NORMALS FOR TODAY
                         NORMAL    RECORD    YEAR
 MAXIMUM TEMPERATURE (F)   65        83      1953
 MINIMUM TEMPERATURE (F)   43        11      1980


SUNRISE AND SUNSET
MARCH  3 2015.........SUNRISE   630 AM CST   SUNSET   603 PM CST
MARCH  4 2015.........SUNRISE   628 AM CST   SUNSET   604 PM CST


-  INDICATES NEGATIVE NUMBERS.
R  INDICATES RECORD WAS SET OR TIED.
MM INDICATES DATA IS MISSING.
T  INDICATES TRACE AMOUNT.




$$
