000
CDUS44 KJAN 190753
CLITVR


CLIMATE REPORT
NATIONAL WEATHER SERVICE JACKSON MS
250 AM CDT THU OCT 19 2017


...................................

...THE VICKSBURG CLIMATE SUMMARY FOR OCTOBER 18 2017...

CLIMATE NORMAL PERIOD 1981 TO 2010
CLIMATE RECORD PERIOD 1948 TO 2017


WEATHER ITEM   OBSERVED TIME   RECORD YEAR NORMAL DEPARTURE LAST
                VALUE   (LST)  VALUE       VALUE  FROM      YEAR
                                                  NORMAL
..................................................................
TEMPERATURE (F)
 YESTERDAY
  MAXIMUM         79    242 PM  91    2006  78      1       89
                                      1953
  MINIMUM         44    605 AM  28    1948  52     -8       65
  AVERAGE         62                        65     -3       77

PRECIPITATION (IN)
  YESTERDAY        0.00          1.63 1980   0.17  -0.17     0.00
  MONTH TO DATE    0.57                      2.71  -2.14     0.00
  SINCE SEP 1      2.30                      5.60  -3.30     0.12
  SINCE JAN 1     51.72                     42.17   9.55    51.67

SNOWFALL (IN)
  YESTERDAY        0.0

DEGREE DAYS
 HEATING
  YESTERDAY        3                         3      0        0
  MONTH TO DATE   11                        33    -22        0
  SINCE SEP 1     15                        38    -23        0
  SINCE JUL 1     15                        38    -23        0

 COOLING
  YESTERDAY        0                         3     -3       12
  MONTH TO DATE  160                        80     80      136
  SINCE SEP 1    506                       388    118      606
  SINCE JAN 1   2428                      2177    251     2853
..................................................................


WIND (MPH)
  HIGHEST WIND SPEED    10   HIGHEST WIND DIRECTION     E (80)
  HIGHEST GUST SPEED    16   HIGHEST GUST DIRECTION    SE (130)
  AVERAGE WIND SPEED     3.7


SKY COVER
  POSSIBLE SUNSHINE  MM
  AVERAGE SKY COVER 0.0


WEATHER CONDITIONS
 THE FOLLOWING WEATHER WAS RECORDED YESTERDAY.
  FOG


RELATIVE HUMIDITY (PERCENT)
 HIGHEST   100           200 AM
 LOWEST     39           300 PM
 AVERAGE    70

..........................................................


THE VICKSBURG CLIMATE NORMALS FOR TODAY
                         NORMAL    RECORD    YEAR
 MAXIMUM TEMPERATURE (F)   78        88      2005
                                             1972
                                             1963
 MINIMUM TEMPERATURE (F)   51        26      1948


SUNRISE AND SUNSET
OCTOBER 19 2017.......SUNRISE   711 AM CDT   SUNSET   627 PM CDT
OCTOBER 20 2017.......SUNRISE   712 AM CDT   SUNSET   625 PM CDT


-  INDICATES NEGATIVE NUMBERS.
R  INDICATES RECORD WAS SET OR TIED.
MM INDICATES DATA IS MISSING.
T  INDICATES TRACE AMOUNT.




$$
