000
CDUS44 KJAN 062206
CLITVR


CLIMATE REPORT
NATIONAL WEATHER SERVICE JACKSON MS
405 PM CST SAT FEB 6 2016


...................................

...THE VICKSBURG CLIMATE SUMMARY FOR FEBRUARY 6 2016...
VALID TODAY AS OF 0400 PM LOCAL TIME.

CLIMATE NORMAL PERIOD 1981 TO 2010
CLIMATE RECORD PERIOD 1948 TO 2016


WEATHER ITEM   OBSERVED TIME   RECORD YEAR NORMAL DEPARTURE LAST
                VALUE   (LST)  VALUE       VALUE  FROM      YEAR
                                                  NORMAL
..................................................................
TEMPERATURE (F)
 TODAY
  MAXIMUM         58    222 PM  78    1957  58      0       57
  MINIMUM         39    702 AM  13    1996  38      1       21
  AVERAGE         49                        48      1       39

PRECIPITATION (IN)
  TODAY            0.00          1.55 1983   0.16  -0.16     0.00
  MONTH TO DATE    0.28                      1.01  -0.73     0.43
  SINCE DEC 1     11.53                     11.69  -0.16    10.59
  SINCE JAN 1      5.98                      6.08  -0.10     6.00

SNOWFALL (IN)
  TODAY            0.0

DEGREE DAYS
 HEATING
  TODAY           16                        17     -1       26
  MONTH TO DATE   75                       107    -32      137
  SINCE DEC 1    938                      1249   -311     1226
  SINCE JUL 1   1127                      1651   -524     1764

 COOLING
  TODAY            0                         0      0        0
  MONTH TO DATE    5                         0      5        0
  SINCE DEC 1     68                         9     59        4
  SINCE JAN 1      6                         3      3        0
..................................................................


WIND (MPH)
  HIGHEST WIND SPEED    13   HIGHEST WIND DIRECTION     N (10)
  HIGHEST GUST SPEED    17   HIGHEST GUST DIRECTION     N (10)
  AVERAGE WIND SPEED     3.1


SKY COVER
  POSSIBLE SUNSHINE  MM
  AVERAGE SKY COVER 0.0


WEATHER CONDITIONS
 THE FOLLOWING WEATHER WAS RECORDED TODAY.
  NO SIGNIFICANT WEATHER WAS OBSERVED.


RELATIVE HUMIDITY (PERCENT)
 HIGHEST    85           300 AM
 LOWEST     25           200 PM
 AVERAGE    55

..........................................................


THE VICKSBURG CLIMATE NORMALS FOR TOMORROW
                         NORMAL    RECORD    YEAR
 MAXIMUM TEMPERATURE (F)   58        76      2009
 MINIMUM TEMPERATURE (F)   38        15      1988


SUNRISE AND SUNSET
FEBRUARY  6 2016......SUNRISE   655 AM CST   SUNSET   542 PM CST
FEBRUARY  7 2016......SUNRISE   654 AM CST   SUNSET   543 PM CST


-  INDICATES NEGATIVE NUMBERS.
R  INDICATES RECORD WAS SET OR TIED.
MM INDICATES DATA IS MISSING.
T  INDICATES TRACE AMOUNT.




$$
