000
CDUS44 KJAN 090627
CLITVR


CLIMATE REPORT
NATIONAL WEATHER SERVICE JACKSON MS
1225 AM CST FRI DEC 9 2016


...................................

...THE VICKSBURG CLIMATE SUMMARY FOR DECEMBER 8 2016...

CLIMATE NORMAL PERIOD 1981 TO 2010
CLIMATE RECORD PERIOD 1948 TO 2016


WEATHER ITEM   OBSERVED TIME   RECORD YEAR NORMAL DEPARTURE LAST
                VALUE   (LST)  VALUE       VALUE  FROM      YEAR
                                                  NORMAL
..................................................................
TEMPERATURE (F)
 YESTERDAY
  MAXIMUM         48   1225 AM  82    2007  60    -12       68
                                      1978
  MINIMUM         32   1159 PM  19    1965  39     -7       37
  AVERAGE         40                        49     -9       53

PRECIPITATION (IN)
  YESTERDAY        0.00          1.81 2009   0.20  -0.20     0.00
  MONTH TO DATE    3.43                      1.60   1.83     0.26
  SINCE DEC 1      3.43                      1.60   1.83     0.26
  SINCE JAN 1     58.25                     50.73   7.52    58.48

SNOWFALL (IN)
  YESTERDAY        0.0

DEGREE DAYS
 HEATING
  YESTERDAY       25                        16      9       12
  MONTH TO DATE  135                       122     13      110
  SINCE DEC 1    135                       122     13      110
  SINCE JUL 1    412                       524   -112      299

 COOLING
  YESTERDAY        0                         0      0        0
  MONTH TO DATE    0                         0      0        0
  SINCE DEC 1      0                         0      0        0
  SINCE JAN 1   2919                      2225    694     2603
..................................................................


WIND (MPH)
  HIGHEST WIND SPEED    22   HIGHEST WIND DIRECTION     N (10)
  HIGHEST GUST SPEED    27   HIGHEST GUST DIRECTION     N (10)
  AVERAGE WIND SPEED    14.1


SKY COVER
  POSSIBLE SUNSHINE  MM
  AVERAGE SKY COVER 0.6


WEATHER CONDITIONS
 THE FOLLOWING WEATHER WAS RECORDED YESTERDAY.
  NO SIGNIFICANT WEATHER WAS OBSERVED.


RELATIVE HUMIDITY (PERCENT)
 HIGHEST    86           100 AM
 LOWEST     53           300 PM
 AVERAGE    70

..........................................................


THE VICKSBURG CLIMATE NORMALS FOR TODAY
                         NORMAL    RECORD    YEAR
 MAXIMUM TEMPERATURE (F)   60        81      2007
 MINIMUM TEMPERATURE (F)   38        20      2010
                                             2006


SUNRISE AND SUNSET
DECEMBER  9 2016......SUNRISE   654 AM CST   SUNSET   459 PM CST
DECEMBER 10 2016......SUNRISE   655 AM CST   SUNSET   459 PM CST


-  INDICATES NEGATIVE NUMBERS.
R  INDICATES RECORD WAS SET OR TIED.
MM INDICATES DATA IS MISSING.
T  INDICATES TRACE AMOUNT.




$$
