000
CDUS44 KJAN 231041
CLITVR


CLIMATE REPORT
NATIONAL WEATHER SERVICE JACKSON MS
436 AM CST TUE JAN 23 2018


...................................

...THE VICKSBURG CLIMATE SUMMARY FOR JANUARY 22 2018...

CLIMATE NORMAL PERIOD 1981 TO 2010
CLIMATE RECORD PERIOD 1948 TO 2018


WEATHER ITEM   OBSERVED TIME   RECORD YEAR NORMAL DEPARTURE LAST
                VALUE   (LST)  VALUE       VALUE  FROM      YEAR
                                                  NORMAL
..................................................................
TEMPERATURE (F)
 YESTERDAY
  MAXIMUM         71    124 PM  81    1999  56     15       67
  MINIMUM         43   1159 PM  10    1985  35      8       53
  AVERAGE         57                        46     11       60

PRECIPITATION (IN)
  YESTERDAY        0.49          2.61 1998   0.16   0.33     0.37
  MONTH TO DATE    2.48                      3.45  -0.97     4.14
  SINCE DEC 1      4.89                      9.06  -4.17    10.41
  SINCE JAN 1      2.48                      3.45  -0.97     4.14

SNOWFALL (IN)
  YESTERDAY        0.0

DEGREE DAYS
 HEATING
  YESTERDAY        8                        20    -12        5
  MONTH TO DATE  571                       439    132      215
  SINCE DEC 1   1127                       974    153      675
  SINCE JUL 1   1484                      1376    108      952

 COOLING
  YESTERDAY        0                         0      0        0
  MONTH TO DATE    0                         0      0       14
  SINCE DEC 1      6                         6      0       42
  SINCE JAN 1      0                         0      0       14
..................................................................


WIND (MPH)
  HIGHEST WIND SPEED    22   HIGHEST WIND DIRECTION    SE (150)
  HIGHEST GUST SPEED    26   HIGHEST GUST DIRECTION     W (260)
  AVERAGE WIND SPEED     9.0


SKY COVER
  POSSIBLE SUNSHINE  MM
  AVERAGE SKY COVER 0.4


WEATHER CONDITIONS
 THE FOLLOWING WEATHER WAS RECORDED YESTERDAY.
  THUNDERSTORM
  HEAVY RAIN
  RAIN
  LIGHT RAIN
  FOG


RELATIVE HUMIDITY (PERCENT)
 HIGHEST   100           700 AM
 LOWEST     29           100 PM
 AVERAGE    65

..........................................................


THE VICKSBURG CLIMATE NORMALS FOR TODAY
                         NORMAL    RECORD    YEAR
 MAXIMUM TEMPERATURE (F)   56        82      2002
 MINIMUM TEMPERATURE (F)   35        18      1948


SUNRISE AND SUNSET
JANUARY 23 2018.......SUNRISE   703 AM CST   SUNSET   529 PM CST
JANUARY 24 2018.......SUNRISE   703 AM CST   SUNSET   530 PM CST


-  INDICATES NEGATIVE NUMBERS.
R  INDICATES RECORD WAS SET OR TIED.
MM INDICATES DATA IS MISSING.
T  INDICATES TRACE AMOUNT.




$$
