000
CDUS44 KJAN 260653
CLITVR


CLIMATE REPORT
NATIONAL WEATHER SERVICE JACKSON MS
150 AM CDT MON SEP 26 2016


...................................

...THE VICKSBURG CLIMATE SUMMARY FOR SEPTEMBER 25 2016...

CLIMATE NORMAL PERIOD 1981 TO 2010
CLIMATE RECORD PERIOD 1948 TO 2016


WEATHER ITEM   OBSERVED TIME   RECORD YEAR NORMAL DEPARTURE LAST
                VALUE   (LST)  VALUE       VALUE  FROM      YEAR
                                                  NORMAL
..................................................................
TEMPERATURE (F)
 YESTERDAY
  MAXIMUM         97R   222 PM  94    2010  85     12       92
                                      1993
  MINIMUM         68    615 AM  43    1949  60      8       63
  AVERAGE         83                        72     11       78

PRECIPITATION (IN)
  YESTERDAY        0.00          2.63 2000   0.07  -0.07     0.00
  MONTH TO DATE    0.12                      2.41  -2.29     0.52
  SINCE SEP 1      0.12                      2.41  -2.29     0.52
  SINCE JAN 1     51.67                     38.98  12.69    40.97

SNOWFALL (IN)
  YESTERDAY        0.0

DEGREE DAYS
 HEATING
  YESTERDAY        0                         0      0        0
  MONTH TO DATE    0                         0      0        0
  SINCE SEP 1      0                         0      0        0
  SINCE JUL 1      0                         0      0        0

 COOLING
  YESTERDAY       18                         8     10       13
  MONTH TO DATE  440                       272    168      320
  SINCE SEP 1    440                       272    168      320
  SINCE JAN 1   2687                      2061    626     2374
..................................................................


WIND (MPH)
  HIGHEST WIND SPEED     9   HIGHEST WIND DIRECTION     E (80)
  HIGHEST GUST SPEED    11   HIGHEST GUST DIRECTION     E (80)
  AVERAGE WIND SPEED     3.0


SKY COVER
  POSSIBLE SUNSHINE  MM
  AVERAGE SKY COVER 0.1


WEATHER CONDITIONS
 THE FOLLOWING WEATHER WAS RECORDED YESTERDAY.
  FOG


RELATIVE HUMIDITY (PERCENT)
 HIGHEST   100          1200 AM
 LOWEST     36           300 PM
 AVERAGE    68

..........................................................


THE VICKSBURG CLIMATE NORMALS FOR TODAY
                         NORMAL    RECORD    YEAR
 MAXIMUM TEMPERATURE (F)   84        94      1993
                                             1954
 MINIMUM TEMPERATURE (F)   60        43      1975


SUNRISE AND SUNSET
SEPTEMBER 26 2016.....SUNRISE   655 AM CDT   SUNSET   655 PM CDT
SEPTEMBER 27 2016.....SUNRISE   656 AM CDT   SUNSET   653 PM CDT


-  INDICATES NEGATIVE NUMBERS.
R  INDICATES RECORD WAS SET OR TIED.
MM INDICATES DATA IS MISSING.
T  INDICATES TRACE AMOUNT.




$$
