000
CDUS45 KBOI 230932
CLITWF


CLIMATE REPORT
NATIONAL WEATHER SERVICE BOISE ID
332 AM MDT WED APR 23 2014


...................................

...THE TWIN FALLS ID CLIMATE SUMMARY FOR APRIL 22 2014...

CLIMATE NORMAL PERIOD 1981 TO 2010
CLIMATE RECORD PERIOD 9999 TO 9999


WEATHER ITEM   OBSERVED TIME   NORMAL DEPARTURE LAST
                VALUE   (LST)  VALUE  FROM      YEAR
                                      NORMAL
......................................................
TEMPERATURE (F)
 YESTERDAY
  MAXIMUM         60   1055 AM  62     -2       55
  MINIMUM         35    729 PM  36     -1       33
  AVERAGE         48

PRECIPITATION (IN)
  YESTERDAY        0.20          0.03   0.17     0.00
  MONTH TO DATE    0.39          0.80  -0.41     0.94
  SINCE OCT 1      4.99          6.88  -1.89     5.68
  SINCE JAN 1      4.52          3.63   0.89     2.50

DEGREE DAYS
 HEATING
  YESTERDAY       17            16      1       21
  MONTH TO DATE  320           394    -74      402
  SINCE MAR 1    926          1116   -190     1058
  SINCE JUL 1   5179          5683   -504     5350

 COOLING
  YESTERDAY        0             0      0        0
  MONTH TO DATE    0             0      0        0
  SINCE MAR 1      0             0      0        0
  SINCE JAN 1      0             0      0        0
......................................................


WIND (MPH)
  HIGHEST WIND SPEED    41   HIGHEST WIND DIRECTION     W (270)
  HIGHEST GUST SPEED    48   HIGHEST GUST DIRECTION     W (280)
  AVERAGE WIND SPEED    17.2


SKY COVER
  AVERAGE SKY COVER 0.6


WEATHER CONDITIONS
 THE FOLLOWING WEATHER WAS RECORDED YESTERDAY.
  HEAVY RAIN
  RAIN
  LIGHT RAIN
  FOG


RELATIVE HUMIDITY (PERCENT)
 HIGHEST    82           400 PM
 LOWEST     35           800 AM
 AVERAGE    59

..........................................................




SUNRISE AND SUNSET
APRIL 23 2014.........SUNRISE   644 AM MDT   SUNSET   829 PM MDT
APRIL 24 2014.........SUNRISE   643 AM MDT   SUNSET   830 PM MDT


-  INDICATES NEGATIVE NUMBERS.
R  INDICATES RECORD WAS SET OR TIED.
MM INDICATES DATA IS MISSING.
T  INDICATES TRACE AMOUNT.




$$
