000
CDUS45 KBOI 040931
CLITWF


CLIMATE REPORT
NATIONAL WEATHER SERVICE BOISE ID
231 AM MST WED MAR 4 2015


...................................

...THE TWIN FALLS ID CLIMATE SUMMARY FOR MARCH 3 2015...

CLIMATE NORMAL PERIOD 1981 TO 2010
CLIMATE RECORD PERIOD 9999 TO 9999


WEATHER ITEM   OBSERVED TIME   NORMAL DEPARTURE LAST
                VALUE   (LST)  VALUE  FROM      YEAR
                                      NORMAL
......................................................
TEMPERATURE (F)
 YESTERDAY
  MAXIMUM         44    254 PM  49     -5       53
  MINIMUM         28    837 AM  27      1       43
  AVERAGE         36

PRECIPITATION (IN)
  YESTERDAY        0.00          0.02  -0.02      T
  MONTH TO DATE    0.00          0.07  -0.07     0.44
  SINCE OCT 1      4.39          5.11  -0.72     3.15
  SINCE JAN 1      1.39          1.86  -0.47     2.68

DEGREE DAYS
 HEATING
  YESTERDAY       29            27      2       17
  MONTH TO DATE   91            82      9       57
  SINCE MAR 1     91            82      9       57
  SINCE JUL 1   3784          4649   -865     4310

 COOLING
  YESTERDAY        0             0      0        0
  MONTH TO DATE    0             0      0        0
  SINCE MAR 1      0             0      0        0
  SINCE JAN 1      0             0      0        0
......................................................


WIND (MPH)
  HIGHEST WIND SPEED    33   HIGHEST WIND DIRECTION     W (260)
  HIGHEST GUST SPEED    41   HIGHEST GUST DIRECTION     W (260)
  AVERAGE WIND SPEED    20.9


SKY COVER
  AVERAGE SKY COVER 0.6


WEATHER CONDITIONS
 THE FOLLOWING WEATHER WAS RECORDED YESTERDAY.
  NO SIGNIFICANT WEATHER WAS OBSERVED.


RELATIVE HUMIDITY (PERCENT)
 HIGHEST    69           200 AM
 LOWEST     33           300 PM
 AVERAGE    51

..........................................................




SUNRISE AND SUNSET
MARCH  4 2015.........SUNRISE   709 AM MST   SUNSET   631 PM MST
MARCH  5 2015.........SUNRISE   707 AM MST   SUNSET   632 PM MST


-  INDICATES NEGATIVE NUMBERS.
R  INDICATES RECORD WAS SET OR TIED.
MM INDICATES DATA IS MISSING.
T  INDICATES TRACE AMOUNT.




$$
