000
CDUS45 KBOI 270931
CLITWF


CLIMATE REPORT
NATIONAL WEATHER SERVICE BOISE ID
331 AM MDT SAT MAY 27 2017


...................................

...THE TWIN FALLS ID CLIMATE SUMMARY FOR MAY 26 2017...

CLIMATE NORMAL PERIOD 1981 TO 2010
CLIMATE RECORD PERIOD 9999 TO 9999


WEATHER ITEM   OBSERVED TIME   NORMAL DEPARTURE LAST
                VALUE   (LST)  VALUE  FROM      YEAR
                                      NORMAL
......................................................
TEMPERATURE (F)
 YESTERDAY
  MAXIMUM         60    405 PM  73    -13       71
  MINIMUM         41    956 PM  45     -4       46
  AVERAGE         51

PRECIPITATION (IN)
  YESTERDAY        0.37          0.04   0.33     0.00
  MONTH TO DATE    1.12          1.15  -0.03     1.85
  SINCE OCT 1     10.87          8.37   2.50    10.52
  SINCE JAN 1      6.37          5.12   1.25     6.14

DEGREE DAYS
 HEATING
  YESTERDAY       14             7      7        6
  MONTH TO DATE  301           256     45      256
  SINCE MAR 1   1502          1487     15     1334
  SINCE JUL 1   6282          6054    228     5620

 COOLING
  YESTERDAY        0             1     -1        0
  MONTH TO DATE    1            14    -13        3
  SINCE MAR 1      1            15    -14        3
  SINCE JAN 1      1            15    -14        3
......................................................


WIND (MPH)
  HIGHEST WIND SPEED    21   HIGHEST WIND DIRECTION     W (260)
  HIGHEST GUST SPEED    25   HIGHEST GUST DIRECTION     W (270)
  AVERAGE WIND SPEED     8.9


SKY COVER
  AVERAGE SKY COVER 0.8


WEATHER CONDITIONS
 THE FOLLOWING WEATHER WAS RECORDED YESTERDAY.
  RAIN
  LIGHT RAIN
  FOG


RELATIVE HUMIDITY (PERCENT)
 HIGHEST   100           400 AM
 LOWEST     53           500 PM
 AVERAGE    77

..........................................................




SUNRISE AND SUNSET
MAY 27 2017...........SUNRISE   606 AM MDT   SUNSET   905 PM MDT
MAY 28 2017...........SUNRISE   605 AM MDT   SUNSET   906 PM MDT


-  INDICATES NEGATIVE NUMBERS.
R  INDICATES RECORD WAS SET OR TIED.
MM INDICATES DATA IS MISSING.
T  INDICATES TRACE AMOUNT.




$$
