000
CDUS45 KBOI 230931
CLITWF


CLIMATE REPORT
NATIONAL WEATHER SERVICE BOISE ID
330 AM MDT SUN JUL 23 2017


...................................

...THE TWIN FALLS ID CLIMATE SUMMARY FOR JULY 22 2017...

CLIMATE NORMAL PERIOD 1981 TO 2010
CLIMATE RECORD PERIOD 9999 TO 9999


WEATHER ITEM   OBSERVED TIME   NORMAL DEPARTURE LAST
                VALUE   (LST)  VALUE  FROM      YEAR
                                      NORMAL
......................................................
TEMPERATURE (F)
 YESTERDAY
  MAXIMUM         91    410 PM  91      0       90
  MINIMUM         60    613 AM  59      1       65
  AVERAGE         76

PRECIPITATION (IN)
  YESTERDAY        0.00          0.01  -0.01     0.00
  MONTH TO DATE    0.16          0.22  -0.06     0.15
  SINCE OCT 1     11.85          9.73   2.12    10.96
  SINCE JAN 1      7.35          6.48   0.87     6.58

DEGREE DAYS
 HEATING
  YESTERDAY        0             0      0        0
  MONTH TO DATE    0             3     -3       21
  SINCE JUN 1     74            90    -16       74
  SINCE JUL 1      0             3     -3       21

 COOLING
  YESTERDAY       11            10      1       13
  MONTH TO DATE  279           186     93      142
  SINCE JUN 1    379           273    106      283
  SINCE JAN 1    388           295     93      286
......................................................


WIND (MPH)
  HIGHEST WIND SPEED    16   HIGHEST WIND DIRECTION     S (200)
  HIGHEST GUST SPEED    20   HIGHEST GUST DIRECTION    SW (210)
  AVERAGE WIND SPEED    10.0


SKY COVER
  AVERAGE SKY COVER 0.0


WEATHER CONDITIONS
 THE FOLLOWING WEATHER WAS RECORDED YESTERDAY.
  NO SIGNIFICANT WEATHER WAS OBSERVED.


RELATIVE HUMIDITY (PERCENT)
 HIGHEST    39           600 AM
 LOWEST     14           300 PM
 AVERAGE    27

..........................................................




SUNRISE AND SUNSET
JULY 23 2017..........SUNRISE   622 AM MDT   SUNSET   907 PM MDT
JULY 24 2017..........SUNRISE   623 AM MDT   SUNSET   906 PM MDT


-  INDICATES NEGATIVE NUMBERS.
R  INDICATES RECORD WAS SET OR TIED.
MM INDICATES DATA IS MISSING.
T  INDICATES TRACE AMOUNT.




$$
