000
CDUS45 KBOI 200932
CLITWF


CLIMATE REPORT
NATIONAL WEATHER SERVICE BOISE ID
332 AM MDT WED SEP 20 2017


...................................

...THE TWIN FALLS ID CLIMATE SUMMARY FOR SEPTEMBER 19 2017...

CLIMATE NORMAL PERIOD 1981 TO 2010
CLIMATE RECORD PERIOD 9999 TO 9999


WEATHER ITEM   OBSERVED TIME   NORMAL DEPARTURE LAST
                VALUE   (LST)  VALUE  FROM      YEAR
                                      NORMAL
......................................................
TEMPERATURE (F)
 YESTERDAY
  MAXIMUM         55    205 PM  76    -21       81
  MINIMUM         39    842 PM  46     -7       55
  AVERAGE         47

PRECIPITATION (IN)
  YESTERDAY        0.13          0.02   0.11     0.00
  MONTH TO DATE    0.23          0.31  -0.08     0.34
  SINCE OCT 1     12.17         10.44   1.73    11.31
  SINCE JAN 1      7.67          7.19   0.48     6.93

DEGREE DAYS
 HEATING
  YESTERDAY       18             5     13        0
  MONTH TO DATE   66            61      5      111
  SINCE SEP 1     66            61      5      111
  SINCE JUL 1     68            82    -14      135

 COOLING
  YESTERDAY        0             1     -1        3
  MONTH TO DATE  119            53     66       18
  SINCE SEP 1    119            53     66       18
  SINCE JAN 1    871           670    201      634
......................................................


WIND (MPH)
  HIGHEST WIND SPEED    28   HIGHEST WIND DIRECTION     W (280)
  HIGHEST GUST SPEED    37   HIGHEST GUST DIRECTION     W (270)
  AVERAGE WIND SPEED    11.3


SKY COVER
  AVERAGE SKY COVER 0.5


WEATHER CONDITIONS
 THE FOLLOWING WEATHER WAS RECORDED YESTERDAY.
  THUNDERSTORM
  RAIN
  LIGHT RAIN
  FOG


RELATIVE HUMIDITY (PERCENT)
 HIGHEST   100           100 AM
 LOWEST     54          1200 PM
 AVERAGE    77

..........................................................




SUNRISE AND SUNSET
SEPTEMBER 20 2017.....SUNRISE   723 AM MDT   SUNSET   738 PM MDT
SEPTEMBER 21 2017.....SUNRISE   725 AM MDT   SUNSET   736 PM MDT


-  INDICATES NEGATIVE NUMBERS.
R  INDICATES RECORD WAS SET OR TIED.
MM INDICATES DATA IS MISSING.
T  INDICATES TRACE AMOUNT.




$$
