000
CDUS44 KSHV 230849
CLITXK


CLIMATE REPORT
NATIONAL WEATHER SERVICE SHREVEPORT, LA
249 AM CST THU FEB 23 2017


...................................

...THE TEXARKANA CLIMATE SUMMARY FOR FEBRUARY 22 2017...

CLIMATE NORMAL PERIOD 1981 TO 2010
CLIMATE RECORD PERIOD 1896 TO 2017


WEATHER ITEM   OBSERVED TIME   RECORD YEAR NORMAL DEPARTURE LAST
                VALUE   (LST)  VALUE       VALUE  FROM      YEAR
                                                  NORMAL
..................................................................
TEMPERATURE (F)
 YESTERDAY
  MAXIMUM         71    304 PM  84    1996  61     10       63
  MINIMUM         50    549 AM  13    1978  39     11       49
  AVERAGE         61                        50     11       56

PRECIPITATION (IN)
  YESTERDAY        0.00          2.36 1991   0.15  -0.15     0.87
  MONTH TO DATE    2.56                      3.07  -0.51     2.95
  SINCE DEC 1     13.25                     11.52   1.73    10.88
  SINCE JAN 1      6.83                      6.47   0.36     4.90

SNOWFALL (IN)
  YESTERDAY        0.0
  MONTH TO DATE    0.0
  SINCE DEC 1      0.1
  SINCE JUL 1      0.1
  SNOW DEPTH       0

DEGREE DAYS
 HEATING
  YESTERDAY        4                        15    -11        9
  MONTH TO DATE  218                       387   -169      271
  SINCE DEC 1   1163                      1651   -488     1272
  SINCE JUL 1   1397                      2109   -712     1556

 COOLING
  YESTERDAY        0                         0      0        0
  MONTH TO DATE   11                         0     11        5
  SINCE DEC 1     32                         4     28       19
  SINCE JAN 1     25                         1     24        6
..................................................................


WIND (MPH)
  HIGHEST WIND SPEED    12   HIGHEST WIND DIRECTION     S (160)
  HIGHEST GUST SPEED    16   HIGHEST GUST DIRECTION     S (160)
  AVERAGE WIND SPEED     4.2


SKY COVER
  POSSIBLE SUNSHINE  MM
  AVERAGE SKY COVER 0.3


WEATHER CONDITIONS
 THE FOLLOWING WEATHER WAS RECORDED YESTERDAY.
  FOG


RELATIVE HUMIDITY (PERCENT)
 HIGHEST   100           500 AM
 LOWEST     61           500 PM
 AVERAGE    81

..........................................................


THE TEXARKANA CLIMATE NORMALS FOR TODAY
                         NORMAL    RECORD    YEAR
 MAXIMUM TEMPERATURE (F)   61        83      1996
 MINIMUM TEMPERATURE (F)   40        13      1899


SUNRISE AND SUNSET
FEBRUARY 23 2017......SUNRISE   651 AM CST   SUNSET   608 PM CST
FEBRUARY 24 2017......SUNRISE   650 AM CST   SUNSET   609 PM CST


-  INDICATES NEGATIVE NUMBERS.
R  INDICATES RECORD WAS SET OR TIED.
MM INDICATES DATA IS MISSING.
T  INDICATES TRACE AMOUNT.




$$
