000
CDUS44 KSHV 222235
CLITXK


CLIMATE REPORT
NATIONAL WEATHER SERVICE SHREVEPORT, LA
434 PM CST MON JAN 22 2018


...................................

...THE TEXARKANA CLIMATE SUMMARY FOR JANUARY 22 2018...
VALID TODAY AS OF 0400 PM LOCAL TIME.

CLIMATE NORMAL PERIOD 1981 TO 2010
CLIMATE RECORD PERIOD 1896 TO 2018


WEATHER ITEM   OBSERVED TIME   RECORD YEAR NORMAL DEPARTURE LAST
                VALUE   (LST)  VALUE       VALUE  FROM      YEAR
                                                  NORMAL
..................................................................
TEMPERATURE (F)
 TODAY
  MAXIMUM         64   1249 AM  79    1909  54     10       57
  MINIMUM         46    742 AM  -1    1930  34     12       49
  AVERAGE         55                        44     11       53

PRECIPITATION (IN)
  TODAY            0.23          2.97 2006   0.11   0.12     0.09
  MONTH TO DATE    2.36                      2.40  -0.04     4.27
  SINCE DEC 1      8.95                      7.45   1.50    10.69
  SINCE JAN 1      2.36                      2.40  -0.04     4.27

SNOWFALL (IN)
  TODAY            0.0
  MONTH TO DATE    T
  SINCE DEC 1      T
  SINCE JUL 1      T
  SNOW DEPTH       0

DEGREE DAYS
 HEATING
  TODAY           10                        21    -11       12
  MONTH TO DATE  590                       475    115      308
  SINCE DEC 1   1184                      1084    100      813
  SINCE JUL 1   1540                      1542     -2     1047

 COOLING
  TODAY            0                         0      0        0
  MONTH TO DATE    0                         0      0       14
  SINCE DEC 1      2                         3     -1       21
  SINCE JAN 1      0                         0      0       14
..................................................................


WIND (MPH)
  HIGHEST WIND SPEED    30   HIGHEST WIND DIRECTION     W (290)
  HIGHEST GUST SPEED    36   HIGHEST GUST DIRECTION     W (280)
  AVERAGE WIND SPEED    16.2


SKY COVER
  POSSIBLE SUNSHINE  MM
  AVERAGE SKY COVER 0.1


WEATHER CONDITIONS
 THE FOLLOWING WEATHER WAS RECORDED TODAY.
  THUNDERSTORM
  HEAVY RAIN
  RAIN
  LIGHT RAIN
  FOG


RELATIVE HUMIDITY (PERCENT)
 HIGHEST    83           300 AM
 LOWEST     32           300 PM
 AVERAGE    58

..........................................................


THE TEXARKANA CLIMATE NORMALS FOR TOMORROW
                         NORMAL    RECORD    YEAR
 MAXIMUM TEMPERATURE (F)   54        83      1943
 MINIMUM TEMPERATURE (F)   34         2      1930


SUNRISE AND SUNSET
JANUARY 22 2018.......SUNRISE   718 AM CST   SUNSET   538 PM CST
JANUARY 23 2018.......SUNRISE   717 AM CST   SUNSET   539 PM CST


-  INDICATES NEGATIVE NUMBERS.
R  INDICATES RECORD WAS SET OR TIED.
MM INDICATES DATA IS MISSING.
T  INDICATES TRACE AMOUNT.




$$
