000
CDUS44 KSHV 280843
CLITXK


CLIMATE REPORT
NATIONAL WEATHER SERVICE SHREVEPORT, LA
243 AM CST FRI NOV 28 2014


...................................

...THE TEXARKANA CLIMATE SUMMARY FOR NOVEMBER 27 2014...

CLIMATE NORMAL PERIOD 1981 TO 2010
CLIMATE RECORD PERIOD 1896 TO 2014


WEATHER ITEM   OBSERVED TIME   RECORD YEAR NORMAL DEPARTURE LAST
                VALUE   (LST)  VALUE       VALUE  FROM      YEAR
                                                  NORMAL
..................................................................
TEMPERATURE (F)
 YESTERDAY
  MAXIMUM         53    314 PM  83    1927  60     -7       44
  MINIMUM         37    723 AM  19    1938  40     -3       28
  AVERAGE         45                        50     -5       36

PRECIPITATION (IN)
  YESTERDAY        0.00          2.90 1982   0.17  -0.17     0.00
  MONTH TO DATE    3.12                      4.26  -1.14     3.58
  SINCE DEC 1     38.39                     49.09 -10.70    43.97
  SINCE JAN 1     32.56                     44.04 -11.48    39.51

SNOWFALL (IN)
  YESTERDAY        0.0
  MONTH TO DATE    T
  SINCE SEP 1      T
  SINCE JUL 1      T
  SNOW DEPTH       0

DEGREE DAYS
 HEATING
  YESTERDAY       20                        15      5       29
  MONTH TO DATE  446                       291    155      366
  SINCE SEP 1    494                       409     85      458
  SINCE JUL 1    494                       409     85      458

 COOLING
  YESTERDAY        0                         0      0        0
  MONTH TO DATE    2                        14    -12        6
  SINCE SEP 1    477                       414     63      537
  SINCE JAN 1   2128                      2202    -74     2352
..................................................................


WIND (MPH)
  HIGHEST WIND SPEED    14   HIGHEST WIND DIRECTION    NW (310)
  HIGHEST GUST SPEED    20   HIGHEST GUST DIRECTION    NW (310)
  AVERAGE WIND SPEED     6.2


SKY COVER
  POSSIBLE SUNSHINE  MM
  AVERAGE SKY COVER 0.0


WEATHER CONDITIONS
 THE FOLLOWING WEATHER WAS RECORDED YESTERDAY.
  NO SIGNIFICANT WEATHER WAS OBSERVED.


RELATIVE HUMIDITY (PERCENT)
 HIGHEST    70           600 AM
 LOWEST     38           300 PM
 AVERAGE    54

..........................................................


THE TEXARKANA CLIMATE NORMALS FOR TODAY
                         NORMAL    RECORD    YEAR
 MAXIMUM TEMPERATURE (F)   60        83      1949
 MINIMUM TEMPERATURE (F)   40        18      1912


SUNRISE AND SUNSET
NOVEMBER 28 2014......SUNRISE   659 AM CST   SUNSET   508 PM CST
NOVEMBER 29 2014......SUNRISE   700 AM CST   SUNSET   508 PM CST


-  INDICATES NEGATIVE NUMBERS.
R  INDICATES RECORD WAS SET OR TIED.
MM INDICATES DATA IS MISSING.
T  INDICATES TRACE AMOUNT.




$$
