000
CDUS44 KSHV 010750
CLITXK


CLIMATE REPORT
NATIONAL WEATHER SERVICE SHREVEPORT, LA
247 AM CDT FRI AUG 1 2014


...................................

...THE TEXARKANA CLIMATE SUMMARY FOR JULY 31 2014...

CLIMATE NORMAL PERIOD 1981 TO 2010
CLIMATE RECORD PERIOD 1896 TO 2014


WEATHER ITEM   OBSERVED TIME   RECORD YEAR NORMAL DEPARTURE LAST
                VALUE   (LST)  VALUE       VALUE  FROM      YEAR
                                                  NORMAL
..................................................................
TEMPERATURE (F)
 YESTERDAY
  MAXIMUM         70    545 PM 106    1986  94    -24       94
  MINIMUM         66    622 AM  60    1965  72     -6       75
  AVERAGE         68                        83    -15       85

PRECIPITATION (IN)
  YESTERDAY        0.78          1.26 1948   0.10   0.68     0.09
  MONTH TO DATE    3.10                      3.44  -0.34     2.90
  SINCE DEC 1     28.43                     33.56  -5.13    23.77
  SINCE JAN 1     22.60                     28.51  -5.91    19.31

SNOWFALL (IN)
  YESTERDAY        0.0
  MONTH TO DATE    0.0
  SINCE JUN 1      0.0
  SINCE JUL 1      0.0
  SNOW DEPTH       0

DEGREE DAYS
 HEATING
  YESTERDAY        0                         0      0        0
  MONTH TO DATE    0                         0      0        0
  SINCE JUN 1      0                         0      0        0
  SINCE JUL 1      0                         0      0        0

 COOLING
  YESTERDAY        3                        18    -15       20
  MONTH TO DATE  418                       535   -117      498
  SINCE JUN 1    847                       940    -93      949
  SINCE JAN 1   1141                      1260   -119     1247
..................................................................


WIND (MPH)
  HIGHEST WIND SPEED    10   HIGHEST WIND DIRECTION    NE (60)
  HIGHEST GUST SPEED    15   HIGHEST GUST DIRECTION    NE (60)
  AVERAGE WIND SPEED     5.6


SKY COVER
  POSSIBLE SUNSHINE  MM
  AVERAGE SKY COVER 1.0


WEATHER CONDITIONS
 THE FOLLOWING WEATHER WAS RECORDED YESTERDAY.
  HEAVY RAIN
  RAIN
  LIGHT RAIN
  FOG


RELATIVE HUMIDITY (PERCENT)
 HIGHEST   100           600 AM
 LOWEST     93          1000 AM
 AVERAGE    97

..........................................................


THE TEXARKANA CLIMATE NORMALS FOR TODAY
                         NORMAL    RECORD    YEAR
 MAXIMUM TEMPERATURE (F)   94       106      2011
 MINIMUM TEMPERATURE (F)   72        58      1971


SUNRISE AND SUNSET
AUGUST  1 2014........SUNRISE   629 AM CDT   SUNSET   816 PM CDT
AUGUST  2 2014........SUNRISE   629 AM CDT   SUNSET   815 PM CDT


-  INDICATES NEGATIVE NUMBERS.
R  INDICATES RECORD WAS SET OR TIED.
MM INDICATES DATA IS MISSING.
T  INDICATES TRACE AMOUNT.




$$
