000
CDUS44 KSHV 220742
CLITXK


CLIMATE REPORT
NATIONAL WEATHER SERVICE SHREVEPORT, LA
241 AM CDT SUN OCT 22 2017


...................................

...THE TEXARKANA CLIMATE SUMMARY FOR OCTOBER 21 2017...

CLIMATE NORMAL PERIOD 1981 TO 2010
CLIMATE RECORD PERIOD 1896 TO 2017


WEATHER ITEM   OBSERVED TIME   RECORD YEAR NORMAL DEPARTURE LAST
                VALUE   (LST)  VALUE       VALUE  FROM      YEAR
                                                  NORMAL
..................................................................
TEMPERATURE (F)
 YESTERDAY
  MAXIMUM         86    248 PM  97    1927  75     11       71
  MINIMUM         64    202 AM  30    1917  52     12       47
  AVERAGE         75                        63     12       59

PRECIPITATION (IN)
  YESTERDAY        T             5.19 1996   0.19  -0.19     0.00
  MONTH TO DATE    0.08                      3.30  -3.22     0.24
  SINCE DEC 1     46.65                     43.20   3.45    45.48
  SINCE JAN 1     40.23                     38.15   2.08    39.50

SNOWFALL (IN)
  YESTERDAY        0.0
  MONTH TO DATE    0.0
  SINCE SEP 1      0.0
  SINCE JUL 1      0.0
  SNOW DEPTH       0

DEGREE DAYS
 HEATING
  YESTERDAY        0                         4     -4        6
  MONTH TO DATE   22                        52    -30       10
  SINCE SEP 1     22                        63    -41       10
  SINCE JUL 1     22                        63    -41       10

 COOLING
  YESTERDAY       10                         2      8        0
  MONTH TO DATE  137                        78     59      156
  SINCE SEP 1    446                       384     62      561
  SINCE JAN 1   2150                      2172    -22     2501
..................................................................


WIND (MPH)
  HIGHEST WIND SPEED    17   HIGHEST WIND DIRECTION    SE (150)
  HIGHEST GUST SPEED    26   HIGHEST GUST DIRECTION    SE (140)
  AVERAGE WIND SPEED     9.2


SKY COVER
  POSSIBLE SUNSHINE  MM
  AVERAGE SKY COVER 0.6


WEATHER CONDITIONS
 THE FOLLOWING WEATHER WAS RECORDED YESTERDAY.
  LIGHT RAIN


RELATIVE HUMIDITY (PERCENT)
 HIGHEST    97           700 AM
 LOWEST     55           200 PM
 AVERAGE    76

..........................................................


THE TEXARKANA CLIMATE NORMALS FOR TODAY
                         NORMAL    RECORD    YEAR
 MAXIMUM TEMPERATURE (F)   74        96      1939
 MINIMUM TEMPERATURE (F)   51        32      1898


SUNRISE AND SUNSET
OCTOBER 22 2017.......SUNRISE   726 AM CDT   SUNSET   634 PM CDT
OCTOBER 23 2017.......SUNRISE   727 AM CDT   SUNSET   633 PM CDT


-  INDICATES NEGATIVE NUMBERS.
R  INDICATES RECORD WAS SET OR TIED.
MM INDICATES DATA IS MISSING.
T  INDICATES TRACE AMOUNT.




$$
