000
CDUS44 KSHV 210839
CLITYR


CLIMATE REPORT
NATIONAL WEATHER SERVICE SHREVEPORT, LA
239 AM CST SUN JAN 21 2018


...................................

...THE TYLER CLIMATE SUMMARY FOR JANUARY 20 2018...

CLIMATE NORMAL PERIOD 1981 TO 2010
CLIMATE RECORD PERIOD 1896 TO 2018


WEATHER ITEM   OBSERVED TIME   RECORD YEAR NORMAL DEPARTURE LAST
                VALUE   (LST)  VALUE       VALUE  FROM      YEAR
                                                  NORMAL
..................................................................
TEMPERATURE (F)
 YESTERDAY
  MAXIMUM         65   1159 PM  80    1986  56      9       73
  MINIMUM         53    859 AM   9    1985  37     16       54
  AVERAGE         59                        46     13       64

PRECIPITATION (IN)
  YESTERDAY        T             1.66 1979   0.09  -0.09     0.00
  MONTH TO DATE    1.12                      1.95  -0.83     5.51
  SINCE DEC 1      6.41                      6.19   0.22     8.16
  SINCE JAN 1      1.12                      1.95  -0.83     5.51

SNOWFALL (IN)
  YESTERDAY        0.0
  MONTH TO DATE    1.3
  SINCE DEC 1      1.3
  SINCE JUL 1      1.3
  SNOW DEPTH       0

DEGREE DAYS
 HEATING
  YESTERDAY        6                        19    -13        1
  MONTH TO DATE  510                       380    130      247
  SINCE DEC 1   1026                       907    119      659
  SINCE JUL 1   1298                      1281     17      790

 COOLING
  YESTERDAY        0                         0      0        0
  MONTH TO DATE    0                         0      0       19
  SINCE DEC 1      6                         6      0       41
  SINCE JAN 1      0                         0      0       19
..................................................................


WIND (MPH)
  HIGHEST WIND SPEED    18   HIGHEST WIND DIRECTION     S (180)
  HIGHEST GUST SPEED    24   HIGHEST GUST DIRECTION     S (170)
  AVERAGE WIND SPEED    12.5


SKY COVER
  POSSIBLE SUNSHINE  MM
  AVERAGE SKY COVER 1.0


WEATHER CONDITIONS
 THE FOLLOWING WEATHER WAS RECORDED YESTERDAY.
  FOG


RELATIVE HUMIDITY (PERCENT)
 HIGHEST   100           400 AM
 LOWEST     83          1200 AM
 AVERAGE    92

..........................................................


THE TYLER CLIMATE NORMALS FOR TODAY
                         NORMAL    RECORD    YEAR
 MAXIMUM TEMPERATURE (F)   56        81      1986
 MINIMUM TEMPERATURE (F)   37        11      1985


SUNRISE AND SUNSET
JANUARY 21 2018.......SUNRISE   721 AM CST   SUNSET   545 PM CST
JANUARY 22 2018.......SUNRISE   721 AM CST   SUNSET   546 PM CST


-  INDICATES NEGATIVE NUMBERS.
R  INDICATES RECORD WAS SET OR TIED.
MM INDICATES DATA IS MISSING.
T  INDICATES TRACE AMOUNT.




$$
