000
CDUS44 KSHV 250742
CLITYR


CLIMATE REPORT
NATIONAL WEATHER SERVICE SHREVEPORT, LA
241 AM CDT FRI JUL 25 2014


...................................

...THE TYLER CLIMATE SUMMARY FOR JULY 24 2014...

CLIMATE NORMAL PERIOD 1981 TO 2010
CLIMATE RECORD PERIOD 1896 TO 2014


WEATHER ITEM   OBSERVED TIME   RECORD YEAR NORMAL DEPARTURE LAST
                VALUE   (LST)  VALUE       VALUE  FROM      YEAR
                                                  NORMAL
..................................................................
TEMPERATURE (F)
 YESTERDAY
  MAXIMUM         91    314 PM 105    1943  94     -3       91
  MINIMUM         68    559 AM  58    1915  74     -6       74
  AVERAGE         80                        84     -4       83

PRECIPITATION (IN)
  YESTERDAY        0.00          2.46 1927   0.05  -0.05     0.02
  MONTH TO DATE    1.36                      2.24  -0.88     3.36
  SINCE DEC 1     21.24                     30.24  -9.00    22.26
  SINCE JAN 1     18.22                     26.00  -7.78    19.37

SNOWFALL (IN)
  YESTERDAY        0.0
  MONTH TO DATE    0.0
  SINCE JUN 1      0.0
  SINCE JUL 1      0.0
  SNOW DEPTH       0

DEGREE DAYS
 HEATING
  YESTERDAY        0                         0      0        0
  MONTH TO DATE    0                         0      0        0
  SINCE JUN 1      0                         0      0        0
  SINCE JUL 1      0                         0      0        0

 COOLING
  YESTERDAY       15                        19     -4       18
  MONTH TO DATE  389                       425    -36      422
  SINCE JUN 1    857                       858     -1      934
  SINCE JAN 1   1250                      1227     23     1331
..................................................................


WIND (MPH)
  HIGHEST WIND SPEED     9   HIGHEST WIND DIRECTION     E (80)
  HIGHEST GUST SPEED    15   HIGHEST GUST DIRECTION     N (20)
  AVERAGE WIND SPEED     3.0


SKY COVER
  POSSIBLE SUNSHINE  MM
  AVERAGE SKY COVER 0.1


WEATHER CONDITIONS
 THE FOLLOWING WEATHER WAS RECORDED YESTERDAY.
  FOG


RELATIVE HUMIDITY (PERCENT)
 HIGHEST    97           100 AM
 LOWEST     50           100 PM
 AVERAGE    74

..........................................................


THE TYLER CLIMATE NORMALS FOR TODAY
                         NORMAL    RECORD    YEAR
 MAXIMUM TEMPERATURE (F)   94       108      1954
 MINIMUM TEMPERATURE (F)   74        61      1947


SUNRISE AND SUNSET
JULY 25 2014..........SUNRISE   632 AM CDT   SUNSET   824 PM CDT
JULY 26 2014..........SUNRISE   632 AM CDT   SUNSET   824 PM CDT


-  INDICATES NEGATIVE NUMBERS.
R  INDICATES RECORD WAS SET OR TIED.
MM INDICATES DATA IS MISSING.
T  INDICATES TRACE AMOUNT.




$$
