000
CDUS44 KSHV 190755
CLITYR


CLIMATE REPORT
NATIONAL WEATHER SERVICE SHREVEPORT, LA
255 AM CDT THU OCT 19 2017


...................................

...THE TYLER CLIMATE SUMMARY FOR OCTOBER 18 2017...

CLIMATE NORMAL PERIOD 1981 TO 2010
CLIMATE RECORD PERIOD 1896 TO 2017


WEATHER ITEM   OBSERVED TIME   RECORD YEAR NORMAL DEPARTURE LAST
                VALUE   (LST)  VALUE       VALUE  FROM      YEAR
                                                  NORMAL
..................................................................
TEMPERATURE (F)
 YESTERDAY
  MAXIMUM         81    412 PM  92    1972  77      4       88
  MINIMUM         46    607 AM  34    1976  56    -10       73
  AVERAGE         64                        66     -2       81

PRECIPITATION (IN)
  YESTERDAY        0.00          2.03 1915   0.18  -0.18     0.00
  MONTH TO DATE    0.27                      2.64  -2.37     0.95
  SINCE DEC 1     34.77                     39.48  -4.71    42.32
  SINCE JAN 1     32.12                     35.24  -3.12    32.55

SNOWFALL (IN)
  YESTERDAY        0.0
  MONTH TO DATE    0.0
  SINCE SEP 1      0.0
  SINCE JUL 1      0.0
  SNOW DEPTH       0

DEGREE DAYS
 HEATING
  YESTERDAY        1                         2     -1        0
  MONTH TO DATE    8                        23    -15        0
  SINCE SEP 1      8                        28    -20        0
  SINCE JUL 1      8                        28    -20        0

 COOLING
  YESTERDAY        0                         4     -4       16
  MONTH TO DATE  159                        94     65      184
  SINCE SEP 1    539                       436    103      662
  SINCE JAN 1   2673                      2358    315     2961
..................................................................


WIND (MPH)
  HIGHEST WIND SPEED    14   HIGHEST WIND DIRECTION     S (180)
  HIGHEST GUST SPEED    18   HIGHEST GUST DIRECTION     S (180)
  AVERAGE WIND SPEED     5.1


SKY COVER
  POSSIBLE SUNSHINE  MM
  AVERAGE SKY COVER 0.0


WEATHER CONDITIONS
 THE FOLLOWING WEATHER WAS RECORDED YESTERDAY.
  NO SIGNIFICANT WEATHER WAS OBSERVED.


RELATIVE HUMIDITY (PERCENT)
 HIGHEST    86           500 AM
 LOWEST     26           400 PM
 AVERAGE    56

..........................................................


THE TYLER CLIMATE NORMALS FOR TODAY
                         NORMAL    RECORD    YEAR
 MAXIMUM TEMPERATURE (F)   77        94      1921
 MINIMUM TEMPERATURE (F)   55        34      1989


SUNRISE AND SUNSET
OCTOBER 19 2017.......SUNRISE   729 AM CDT   SUNSET   644 PM CDT
OCTOBER 20 2017.......SUNRISE   729 AM CDT   SUNSET   643 PM CDT


-  INDICATES NEGATIVE NUMBERS.
R  INDICATES RECORD WAS SET OR TIED.
MM INDICATES DATA IS MISSING.
T  INDICATES TRACE AMOUNT.




$$
