000
CDUS44 KSHV 282245
CLITYR


CLIMATE REPORT
NATIONAL WEATHER SERVICE SHREVEPORT, LA
545 PM CDT SAT MAR 28 2015


...................................

...THE TYLER CLIMATE SUMMARY FOR MARCH 28 2015...
VALID TODAY AS OF 0500 PM LOCAL TIME.

CLIMATE NORMAL PERIOD 1981 TO 2010
CLIMATE RECORD PERIOD 1896 TO 2015


WEATHER ITEM   OBSERVED TIME   RECORD YEAR NORMAL DEPARTURE LAST
                VALUE   (LST)  VALUE       VALUE  FROM      YEAR
                                                  NORMAL
..................................................................
TEMPERATURE (F)
 TODAY
  MAXIMUM         82    356 PM  87    1989  70     12       83
  MINIMUM         45    333 AM  24    1955  49     -4       54
  AVERAGE         64                        59      5       69

PRECIPITATION (IN)
  TODAY            0.00          1.83 1921   0.11  -0.11     0.65
  MONTH TO DATE    6.65                      3.79   2.86     2.30
  SINCE DEC 1     15.44                     14.90   0.54     9.32
  SINCE JAN 1     13.97                     10.66   3.31     6.30

SNOWFALL (IN)
  TODAY            0.0
  MONTH TO DATE    0.5
  SINCE MAR 1      0.5
  SINCE JUL 1      2.1
  SNOW DEPTH       0

DEGREE DAYS
 HEATING
  TODAY            1                         7     -6        0
  MONTH TO DATE  265                       254     11      340
  SINCE MAR 1    265                       254     11      340
  SINCE JUL 1   2152                      2146      6     2404

 COOLING
  TODAY            0                         1     -1        4
  MONTH TO DATE   19                        16      3       12
  SINCE MAR 1     19                        16      3       12
  SINCE JAN 1     19                        28     -9       15
..................................................................


WIND (MPH)
  HIGHEST WIND SPEED    17   HIGHEST WIND DIRECTION     S (180)
  HIGHEST GUST SPEED    21   HIGHEST GUST DIRECTION     S (180)
  AVERAGE WIND SPEED     8.0


SKY COVER
  POSSIBLE SUNSHINE  MM
  AVERAGE SKY COVER 0.0


WEATHER CONDITIONS
 THE FOLLOWING WEATHER WAS RECORDED TODAY.
  NO SIGNIFICANT WEATHER WAS OBSERVED.


RELATIVE HUMIDITY (PERCENT)
 HIGHEST    66           100 AM
 LOWEST     28           200 PM
 AVERAGE    47

..........................................................


THE TYLER CLIMATE NORMALS FOR TOMORROW
                         NORMAL    RECORD    YEAR
 MAXIMUM TEMPERATURE (F)   70        88      1967
 MINIMUM TEMPERATURE (F)   50        26      1955


SUNRISE AND SUNSET
MARCH 28 2015.........SUNRISE   715 AM CDT   SUNSET   739 PM CDT
MARCH 29 2015.........SUNRISE   714 AM CDT   SUNSET   739 PM CDT


-  INDICATES NEGATIVE NUMBERS.
R  INDICATES RECORD WAS SET OR TIED.
MM INDICATES DATA IS MISSING.
T  INDICATES TRACE AMOUNT.




$$
